{"id":6724,"date":"2025-06-28T18:02:37","date_gmt":"2025-06-28T16:02:37","guid":{"rendered":"https:\/\/uj.adatbank.ro\/lexikon\/termek\/demeter-robert-szemeriai\/"},"modified":"2025-06-28T18:02:37","modified_gmt":"2025-06-28T16:02:37","slug":"demeter-robert-szemeriai","status":"publish","type":"product","link":"https:\/\/uj.adatbank.ro\/lexikon\/termek\/demeter-robert-szemeriai\/","title":{"rendered":"DEMETER R\u00f3bert, szemeriai"},"content":{"rendered":"<p>Magyar\u00f3, 1876. jan. 31., \u2020\u00a0Gyergy\u00f3szentmikl\u00f3s, 1930. j\u00fal. 1.: fest\u0151m\u0171v\u00e9sz, rajztan\u00e1r, m\u00fazeumigazgat\u00f3. \u2013 D. S\u00e1muel \u00e9s fegyverneki Fegyverneky Berta fia. Feles\u00e9ge: V\u00e1k\u00e1r Ilona. \u2013 M\u0171v\u00e9szeti tanulm\u00e1nyait a bp.-i K\u00e9pz\u0151m\u0171v\u00e9szeti F\u0151iskol\u00e1n v\u00e9gezte Sz\u00e9kely Bertalan, Lotz K\u00e1roly \u00e9s Ball\u00f3 Ede n\u00f6vend\u00e9kek\u00e9nt (1893\u201398), tagja volt a Bencz\u00far mesteriskol\u00e1nak is. El\u0151sz\u00f6r portr\u00e9kkal jelentkezett a bp.-i M\u0171csarnok ki\u00e1ll\u00edt\u00e1sain. Mv.-re k\u00f6lt\u00f6z\u00f6tt \u00e9s rajztan\u00e1rk\u00e9nt dolgozott (1902\u2013), helyettes tan\u00e1r a Ref. Koll. (1915\u201316). R\u00f3zsaffy Dezs\u0151vel egy\u00fctt rendezt\u00e9k a mv.-i K\u00e9pt\u00e1rat Bern\u00e1dy Gy\u00f6rgy polg\u00e1rmester megb\u00edz\u00e1s\u00e1b\u00f3l, majd \u0151 lett a mv.-i Kult\u00farpalota gondnoka \u00e9s els\u0151 igazgat\u00f3ja (1913\u201325). Az erd\u00e9lyi m. t\u00e1rsas\u00e1g kedvenc arck\u00e9pfest\u0151je volt, \u00e9letk\u00e9peket, t\u00e1jk\u00e9peket \u00e9s \u00e1llatokat is festett. A Ref. Koll. sz\u00e1m\u00e1ra megfestette br. B\u00e1nffy Dezs\u0151 arck\u00e9p\u00e9t (1912). K\u00e9t arck\u00e9p\u00e9t bev\u00e1logatta az Orsz\u00e1gos M. K\u00e9pz\u0151m\u0171v\u00e9szeti T\u00e1rsulat az orsz\u00e1gos m\u0171v\u00e9szeti t\u00e1rlatra (1913). Bern\u00e1dy Gy\u00f6rgy megv\u00e1s\u00e1rolta Lakodalmas menet c. k\u00e9p\u00e9t (1921). Gyergy\u00f3szentmikl\u00f3son volt m\u0171terme (1928\u2013). \u00d6narck\u00e9pe a mv.-i M\u00fazeum tulajdon\u00e1ban van, a M\u0171csarnok elfogadta az 1926-os t\u00e1rlatra. A KZST tagja (1920\u2013), sz\u00e9kfoglal\u00f3ja Petelei Istv\u00e1n portr\u00e9ja (1926). Ki\u00e1ll\u00edtott N\u00fcrnbergben (1895). Bp.-en, Buk.-ben \u00e9s Mv.-en. A KZST \u00fcl\u00e9s\u00e9n Guly\u00e1s K\u00e1roly eml\u00e9kezett meg munk\u00e1ss\u00e1g\u00e1r\u00f3l (1930. szept.). \u2013 <strong>F. ki\u00e1ll.:<\/strong> Mv., \u00e9s Bp.-en a M\u0171csarnokban (1917), Buk (1920), Mv (1920, 1921). <br \/><strong>Irod.:<\/strong> Banner; Ciupe Aurel: Catalogul Pinacotecii Mun. Tg. M. (Tg. M., 1934, 1939); \u00c9ber; Gy\u00e1szjelent\u0151; Id\u0151t\u00e1r 2; Id\u0151t\u00e1r 3\u00a0; MMA; Moln\u00e1r; Molter 1.; Mv. t\u00f6rt. 2.; Mv.-i Kult\u00farpalota 2013; R\u00daL; Szab\u00f3\u2013K\u00e1llai; Todea 2013; \u00dcnnepi k\u00f6nyv<\/br><\/p>\n","protected":false},"excerpt":{"rendered":"<p>Magyar\u00f3, 1876. jan. 31., \u2020\u00a0Gyergy\u00f3szentmikl\u00f3s, 1930. j\u00fal. 1.: fest\u0151m\u0171v\u00e9sz, rajztan\u00e1r, m\u00fazeumigazgat\u00f3. \u2013 D. S\u00e1muel \u00e9s fegyverneki Fegyverneky Berta fia. Feles\u00e9ge: V\u00e1k\u00e1r Ilona. \u2013 M\u0171v\u00e9szeti tanulm\u00e1nyait a bp.-i K\u00e9pz\u0151m\u0171v\u00e9szeti F\u0151iskol\u00e1n v\u00e9gezte Sz\u00e9kely Bertalan, Lotz K\u00e1roly \u00e9s Ball\u00f3 Ede n\u00f6vend\u00e9kek\u00e9nt (1893\u201398), tagja volt a Bencz\u00far mesteriskol\u00e1nak is. El\u0151sz\u00f6r portr\u00e9kkal jelentkezett a bp.-i M\u0171csarnok ki\u00e1ll\u00edt\u00e1sain. Mv.-re k\u00f6lt\u00f6z\u00f6tt \u00e9s [&hellip;]<\/p>\n","protected":false},"featured_media":0,"comment_status":"open","ping_status":"closed","template":"","meta":[],"product_brand":[],"product_cat":[137],"product_tag":[],"class_list":{"0":"post-6724","1":"product","2":"type-product","3":"status-publish","5":"product_cat-maros-megyei-eletrajzi-lexikon","7":"first","8":"instock","9":"shipping-taxable","10":"product-type-simple"},"_links":{"self":[{"href":"https:\/\/uj.adatbank.ro\/lexikon\/wp-json\/wp\/v2\/product\/6724","targetHints":{"allow":["GET"]}}],"collection":[{"href":"https:\/\/uj.adatbank.ro\/lexikon\/wp-json\/wp\/v2\/product"}],"about":[{"href":"https:\/\/uj.adatbank.ro\/lexikon\/wp-json\/wp\/v2\/types\/product"}],"replies":[{"embeddable":true,"href":"https:\/\/uj.adatbank.ro\/lexikon\/wp-json\/wp\/v2\/comments?post=6724"}],"wp:attachment":[{"href":"https:\/\/uj.adatbank.ro\/lexikon\/wp-json\/wp\/v2\/media?parent=6724"}],"wp:term":[{"taxonomy":"product_brand","embeddable":true,"href":"https:\/\/uj.adatbank.ro\/lexikon\/wp-json\/wp\/v2\/product_brand?post=6724"},{"taxonomy":"product_cat","embeddable":true,"href":"https:\/\/uj.adatbank.ro\/lexikon\/wp-json\/wp\/v2\/product_cat?post=6724"},{"taxonomy":"product_tag","embeddable":true,"href":"https:\/\/uj.adatbank.ro\/lexikon\/wp-json\/wp\/v2\/product_tag?post=6724"}],"curies":[{"name":"wp","href":"https:\/\/api.w.org\/{rel}","templated":true}]}}