{"id":6742,"date":"2025-06-28T18:03:17","date_gmt":"2025-06-28T16:03:17","guid":{"rendered":"https:\/\/uj.adatbank.ro\/lexikon\/termek\/denes-david\/"},"modified":"2025-06-28T18:03:17","modified_gmt":"2025-06-28T16:03:17","slug":"denes-david","status":"publish","type":"product","link":"https:\/\/uj.adatbank.ro\/lexikon\/termek\/denes-david\/","title":{"rendered":"D\u00c9NES D\u00e1vid"},"content":{"rendered":"<p>Gyergy\u00f3\u00fajfalu, 1924. dec. 30., \u2020\u00a0Gyergy\u00f3szentmikl\u00f3s, 2001. \u00e1pr. 16.: r. k. pap. \u2013 Gyergy\u00f3szentmikl\u00f3son \u00e9s Gyulafeh\u00e9rv\u00e1ron tanult. Papp\u00e1 szentelt\u00e9k Sz\u00e1szv\u00e1rosban (1951. m\u00e1j. 4.). Lelk\u00e9sz volt H\u00e1tszegen (1951), beb\u00f6rt\u00f6n\u00f6zt\u00e9k (1957\u201364). Pl\u00e9b\u00e1nos Imecsfalv\u00e1n (1966), Eheden (1980\u2013). <br \/><strong>Irod.:<\/strong> Ferenczi S\u00e1ndor 2009; Ferenczi S\u00e1ndor 2012<\/br><\/p>\n","protected":false},"excerpt":{"rendered":"<p>Gyergy\u00f3\u00fajfalu, 1924. dec. 30., \u2020\u00a0Gyergy\u00f3szentmikl\u00f3s, 2001. \u00e1pr. 16.: r. k. pap. \u2013 Gyergy\u00f3szentmikl\u00f3son \u00e9s Gyulafeh\u00e9rv\u00e1ron tanult. Papp\u00e1 szentelt\u00e9k Sz\u00e1szv\u00e1rosban (1951. m\u00e1j. 4.). Lelk\u00e9sz volt H\u00e1tszegen (1951), beb\u00f6rt\u00f6n\u00f6zt\u00e9k (1957\u201364). Pl\u00e9b\u00e1nos Imecsfalv\u00e1n (1966), Eheden (1980\u2013). Irod.: Ferenczi S\u00e1ndor 2009; Ferenczi S\u00e1ndor 2012<\/p>\n","protected":false},"featured_media":0,"comment_status":"open","ping_status":"closed","template":"","meta":[],"product_brand":[],"product_cat":[137],"product_tag":[],"class_list":{"0":"post-6742","1":"product","2":"type-product","3":"status-publish","5":"product_cat-maros-megyei-eletrajzi-lexikon","7":"first","8":"instock","9":"shipping-taxable","10":"product-type-simple"},"_links":{"self":[{"href":"https:\/\/uj.adatbank.ro\/lexikon\/wp-json\/wp\/v2\/product\/6742","targetHints":{"allow":["GET"]}}],"collection":[{"href":"https:\/\/uj.adatbank.ro\/lexikon\/wp-json\/wp\/v2\/product"}],"about":[{"href":"https:\/\/uj.adatbank.ro\/lexikon\/wp-json\/wp\/v2\/types\/product"}],"replies":[{"embeddable":true,"href":"https:\/\/uj.adatbank.ro\/lexikon\/wp-json\/wp\/v2\/comments?post=6742"}],"wp:attachment":[{"href":"https:\/\/uj.adatbank.ro\/lexikon\/wp-json\/wp\/v2\/media?parent=6742"}],"wp:term":[{"taxonomy":"product_brand","embeddable":true,"href":"https:\/\/uj.adatbank.ro\/lexikon\/wp-json\/wp\/v2\/product_brand?post=6742"},{"taxonomy":"product_cat","embeddable":true,"href":"https:\/\/uj.adatbank.ro\/lexikon\/wp-json\/wp\/v2\/product_cat?post=6742"},{"taxonomy":"product_tag","embeddable":true,"href":"https:\/\/uj.adatbank.ro\/lexikon\/wp-json\/wp\/v2\/product_tag?post=6742"}],"curies":[{"name":"wp","href":"https:\/\/api.w.org\/{rel}","templated":true}]}}