{"id":6744,"date":"2025-06-28T18:03:20","date_gmt":"2025-06-28T16:03:20","guid":{"rendered":"https:\/\/uj.adatbank.ro\/lexikon\/termek\/denes-geza\/"},"modified":"2025-06-28T18:03:20","modified_gmt":"2025-06-28T16:03:20","slug":"denes-geza","status":"publish","type":"product","link":"https:\/\/uj.adatbank.ro\/lexikon\/termek\/denes-geza\/","title":{"rendered":"D\u00c9NES G\u00e9za"},"content":{"rendered":"<p>? \u2020\u00a0?: szerkeszt\u0151. \u2013 F\u0151szerk. -e a sz\u00e1szr\u00e9geni A Jelen (1910) c. lapnak \u00e9s Mv.-en a Sz\u00e1lka. Kurzus c. lapnak (1925). <br \/><strong>Irod.:<\/strong> B\u00edr\u00f3 Don\u00e1t; Popt\u0103ma\u015f\u2013M\u00f3zes<\/br><\/p>\n","protected":false},"excerpt":{"rendered":"<p>? \u2020\u00a0?: szerkeszt\u0151. \u2013 F\u0151szerk. -e a sz\u00e1szr\u00e9geni A Jelen (1910) c. lapnak \u00e9s Mv.-en a Sz\u00e1lka. Kurzus c. lapnak (1925). Irod.: B\u00edr\u00f3 Don\u00e1t; Popt\u0103ma\u015f\u2013M\u00f3zes<\/p>\n","protected":false},"featured_media":0,"comment_status":"open","ping_status":"closed","template":"","meta":[],"product_brand":[],"product_cat":[137],"product_tag":[],"class_list":{"0":"post-6744","1":"product","2":"type-product","3":"status-publish","5":"product_cat-maros-megyei-eletrajzi-lexikon","7":"first","8":"instock","9":"shipping-taxable","10":"product-type-simple"},"_links":{"self":[{"href":"https:\/\/uj.adatbank.ro\/lexikon\/wp-json\/wp\/v2\/product\/6744","targetHints":{"allow":["GET"]}}],"collection":[{"href":"https:\/\/uj.adatbank.ro\/lexikon\/wp-json\/wp\/v2\/product"}],"about":[{"href":"https:\/\/uj.adatbank.ro\/lexikon\/wp-json\/wp\/v2\/types\/product"}],"replies":[{"embeddable":true,"href":"https:\/\/uj.adatbank.ro\/lexikon\/wp-json\/wp\/v2\/comments?post=6744"}],"wp:attachment":[{"href":"https:\/\/uj.adatbank.ro\/lexikon\/wp-json\/wp\/v2\/media?parent=6744"}],"wp:term":[{"taxonomy":"product_brand","embeddable":true,"href":"https:\/\/uj.adatbank.ro\/lexikon\/wp-json\/wp\/v2\/product_brand?post=6744"},{"taxonomy":"product_cat","embeddable":true,"href":"https:\/\/uj.adatbank.ro\/lexikon\/wp-json\/wp\/v2\/product_cat?post=6744"},{"taxonomy":"product_tag","embeddable":true,"href":"https:\/\/uj.adatbank.ro\/lexikon\/wp-json\/wp\/v2\/product_tag?post=6744"}],"curies":[{"name":"wp","href":"https:\/\/api.w.org\/{rel}","templated":true}]}}