{"id":6750,"date":"2025-06-28T18:03:30","date_gmt":"2025-06-28T16:03:30","guid":{"rendered":"https:\/\/uj.adatbank.ro\/lexikon\/termek\/dengel-geza\/"},"modified":"2025-06-28T18:03:30","modified_gmt":"2025-06-28T16:03:30","slug":"dengel-geza","status":"publish","type":"product","link":"https:\/\/uj.adatbank.ro\/lexikon\/termek\/dengel-geza\/","title":{"rendered":"DENGEL G\u00e9za"},"content":{"rendered":"<p>Ny\u00e1r\u00e1dszereda, 1883. m\u00e1j. 18., \u2020\u00a0Ny\u00e1r\u00e1dszereda, 1917. ref-. lelk\u00e9sz. \u2013 Feles\u00e9ge Nagy Ir\u00e9n. Fia: Ede ref. pap. \u2013 Ny\u00e1r\u00e1dmagyar\u00f3son volt (1906\u201314), ahonnan Ny\u00e1r\u00e1dszered\u00e1ba ment lelk\u00e9sznek (1914\u2013). <br \/><strong>Irod.:<\/strong> Ny\u00e1r\u00e1dmagyar\u00f3s le\u00e1nydombjai<\/br><\/p>\n","protected":false},"excerpt":{"rendered":"<p>Ny\u00e1r\u00e1dszereda, 1883. m\u00e1j. 18., \u2020\u00a0Ny\u00e1r\u00e1dszereda, 1917. ref-. lelk\u00e9sz. \u2013 Feles\u00e9ge Nagy Ir\u00e9n. Fia: Ede ref. pap. \u2013 Ny\u00e1r\u00e1dmagyar\u00f3son volt (1906\u201314), ahonnan Ny\u00e1r\u00e1dszered\u00e1ba ment lelk\u00e9sznek (1914\u2013). Irod.: Ny\u00e1r\u00e1dmagyar\u00f3s le\u00e1nydombjai<\/p>\n","protected":false},"featured_media":0,"comment_status":"open","ping_status":"closed","template":"","meta":[],"product_brand":[],"product_cat":[137],"product_tag":[],"class_list":{"0":"post-6750","1":"product","2":"type-product","3":"status-publish","5":"product_cat-maros-megyei-eletrajzi-lexikon","7":"first","8":"instock","9":"shipping-taxable","10":"product-type-simple"},"_links":{"self":[{"href":"https:\/\/uj.adatbank.ro\/lexikon\/wp-json\/wp\/v2\/product\/6750","targetHints":{"allow":["GET"]}}],"collection":[{"href":"https:\/\/uj.adatbank.ro\/lexikon\/wp-json\/wp\/v2\/product"}],"about":[{"href":"https:\/\/uj.adatbank.ro\/lexikon\/wp-json\/wp\/v2\/types\/product"}],"replies":[{"embeddable":true,"href":"https:\/\/uj.adatbank.ro\/lexikon\/wp-json\/wp\/v2\/comments?post=6750"}],"wp:attachment":[{"href":"https:\/\/uj.adatbank.ro\/lexikon\/wp-json\/wp\/v2\/media?parent=6750"}],"wp:term":[{"taxonomy":"product_brand","embeddable":true,"href":"https:\/\/uj.adatbank.ro\/lexikon\/wp-json\/wp\/v2\/product_brand?post=6750"},{"taxonomy":"product_cat","embeddable":true,"href":"https:\/\/uj.adatbank.ro\/lexikon\/wp-json\/wp\/v2\/product_cat?post=6750"},{"taxonomy":"product_tag","embeddable":true,"href":"https:\/\/uj.adatbank.ro\/lexikon\/wp-json\/wp\/v2\/product_tag?post=6750"}],"curies":[{"name":"wp","href":"https:\/\/api.w.org\/{rel}","templated":true}]}}