{"id":6767,"date":"2025-06-28T18:04:00","date_gmt":"2025-06-28T16:04:00","guid":{"rendered":"https:\/\/uj.adatbank.ro\/lexikon\/termek\/dersi-pal\/"},"modified":"2025-06-28T18:04:00","modified_gmt":"2025-06-28T16:04:00","slug":"dersi-pal","status":"publish","type":"product","link":"https:\/\/uj.adatbank.ro\/lexikon\/termek\/dersi-pal\/","title":{"rendered":"DERSI P\u00e1l"},"content":{"rendered":"<p>? \u2020\u00a0?: unit. lelk\u00e9sz. \u2013 A kiss\u00e1rosi zsinaton tett\u00e9k meg (1687. j\u00fan. 1.), a Marosi Unit egyh\u00e1zk\u00f6r esperes\u00e9nek majd Tord\u00e1n esperes (1693\u2013). <br \/><strong>Irod.:<\/strong> K\u00e9nosi-Uzoni 2.; Zov\u00e1nyi<\/br><\/p>\n","protected":false},"excerpt":{"rendered":"<p>? \u2020\u00a0?: unit. lelk\u00e9sz. \u2013 A kiss\u00e1rosi zsinaton tett\u00e9k meg (1687. j\u00fan. 1.), a Marosi Unit egyh\u00e1zk\u00f6r esperes\u00e9nek majd Tord\u00e1n esperes (1693\u2013). Irod.: K\u00e9nosi-Uzoni 2.; Zov\u00e1nyi<\/p>\n","protected":false},"featured_media":0,"comment_status":"open","ping_status":"closed","template":"","meta":[],"product_brand":[],"product_cat":[137],"product_tag":[],"class_list":{"0":"post-6767","1":"product","2":"type-product","3":"status-publish","5":"product_cat-maros-megyei-eletrajzi-lexikon","7":"first","8":"instock","9":"shipping-taxable","10":"product-type-simple"},"_links":{"self":[{"href":"https:\/\/uj.adatbank.ro\/lexikon\/wp-json\/wp\/v2\/product\/6767","targetHints":{"allow":["GET"]}}],"collection":[{"href":"https:\/\/uj.adatbank.ro\/lexikon\/wp-json\/wp\/v2\/product"}],"about":[{"href":"https:\/\/uj.adatbank.ro\/lexikon\/wp-json\/wp\/v2\/types\/product"}],"replies":[{"embeddable":true,"href":"https:\/\/uj.adatbank.ro\/lexikon\/wp-json\/wp\/v2\/comments?post=6767"}],"wp:attachment":[{"href":"https:\/\/uj.adatbank.ro\/lexikon\/wp-json\/wp\/v2\/media?parent=6767"}],"wp:term":[{"taxonomy":"product_brand","embeddable":true,"href":"https:\/\/uj.adatbank.ro\/lexikon\/wp-json\/wp\/v2\/product_brand?post=6767"},{"taxonomy":"product_cat","embeddable":true,"href":"https:\/\/uj.adatbank.ro\/lexikon\/wp-json\/wp\/v2\/product_cat?post=6767"},{"taxonomy":"product_tag","embeddable":true,"href":"https:\/\/uj.adatbank.ro\/lexikon\/wp-json\/wp\/v2\/product_tag?post=6767"}],"curies":[{"name":"wp","href":"https:\/\/api.w.org\/{rel}","templated":true}]}}