{"id":6771,"date":"2025-06-28T18:04:06","date_gmt":"2025-06-28T16:04:06","guid":{"rendered":"https:\/\/uj.adatbank.ro\/lexikon\/termek\/derzsi-albert\/"},"modified":"2025-06-28T18:04:06","modified_gmt":"2025-06-28T16:04:06","slug":"derzsi-albert","status":"publish","type":"product","link":"https:\/\/uj.adatbank.ro\/lexikon\/termek\/derzsi-albert\/","title":{"rendered":"DERZSI Albert"},"content":{"rendered":"<p>K\u00e1ny\u00e1d, 1844. szept. 8., \u2020 Fintah\u00e1za, 1917. nov. 28. : k\u00e1ntortan\u00edt\u00f3. \u2013 Az elemiiskol\u00e1t K\u00e1ny\u00e1don, a tan\u00edt\u00f3k\u00e9pz\u0151t Nagyenyeden v\u00e9gezte. Torboszl\u00f3n (1869\u201371), majd Fintah\u00e1z\u00e1n volt ref. k\u00e1ntortan\u00edt\u00f3 (1871\u20131917). A ref. templom cinterm\u00e9ben faragott kopjaf\u00e1t \u00e1ll\u00edtottak eml\u00e9k\u00e9re (1999). <br \/><strong>Irod.:<\/strong> Derzsi; Sepsisz\u00e9ki<\/br><\/p>\n","protected":false},"excerpt":{"rendered":"<p>K\u00e1ny\u00e1d, 1844. szept. 8., \u2020 Fintah\u00e1za, 1917. nov. 28. : k\u00e1ntortan\u00edt\u00f3. \u2013 Az elemiiskol\u00e1t K\u00e1ny\u00e1don, a tan\u00edt\u00f3k\u00e9pz\u0151t Nagyenyeden v\u00e9gezte. Torboszl\u00f3n (1869\u201371), majd Fintah\u00e1z\u00e1n volt ref. k\u00e1ntortan\u00edt\u00f3 (1871\u20131917). A ref. templom cinterm\u00e9ben faragott kopjaf\u00e1t \u00e1ll\u00edtottak eml\u00e9k\u00e9re (1999). Irod.: Derzsi; Sepsisz\u00e9ki<\/p>\n","protected":false},"featured_media":0,"comment_status":"open","ping_status":"closed","template":"","meta":[],"product_brand":[],"product_cat":[137],"product_tag":[],"class_list":{"0":"post-6771","1":"product","2":"type-product","3":"status-publish","5":"product_cat-maros-megyei-eletrajzi-lexikon","7":"first","8":"instock","9":"shipping-taxable","10":"product-type-simple"},"_links":{"self":[{"href":"https:\/\/uj.adatbank.ro\/lexikon\/wp-json\/wp\/v2\/product\/6771","targetHints":{"allow":["GET"]}}],"collection":[{"href":"https:\/\/uj.adatbank.ro\/lexikon\/wp-json\/wp\/v2\/product"}],"about":[{"href":"https:\/\/uj.adatbank.ro\/lexikon\/wp-json\/wp\/v2\/types\/product"}],"replies":[{"embeddable":true,"href":"https:\/\/uj.adatbank.ro\/lexikon\/wp-json\/wp\/v2\/comments?post=6771"}],"wp:attachment":[{"href":"https:\/\/uj.adatbank.ro\/lexikon\/wp-json\/wp\/v2\/media?parent=6771"}],"wp:term":[{"taxonomy":"product_brand","embeddable":true,"href":"https:\/\/uj.adatbank.ro\/lexikon\/wp-json\/wp\/v2\/product_brand?post=6771"},{"taxonomy":"product_cat","embeddable":true,"href":"https:\/\/uj.adatbank.ro\/lexikon\/wp-json\/wp\/v2\/product_cat?post=6771"},{"taxonomy":"product_tag","embeddable":true,"href":"https:\/\/uj.adatbank.ro\/lexikon\/wp-json\/wp\/v2\/product_tag?post=6771"}],"curies":[{"name":"wp","href":"https:\/\/api.w.org\/{rel}","templated":true}]}}