{"id":6780,"date":"2025-06-28T18:04:23","date_gmt":"2025-06-28T16:04:23","guid":{"rendered":"https:\/\/uj.adatbank.ro\/lexikon\/termek\/derzsi-istvan-2\/"},"modified":"2025-06-28T18:04:23","modified_gmt":"2025-06-28T16:04:23","slug":"derzsi-istvan-2","status":"publish","type":"product","link":"https:\/\/uj.adatbank.ro\/lexikon\/termek\/derzsi-istvan-2\/","title":{"rendered":"DERZSI Istv\u00e1n"},"content":{"rendered":"<p>Segesv\u00e1r, 1930. m\u00e1j. 11., \u2020 1987: gazd\u00e1lkod\u00f3. -Nagysolymoson lakott. Letart\u00f3ztatt\u00e1k (1959. jan. 14.). A v\u00e1d ellene a mez\u0151gazdas\u00e1g szocialista \u00e1talak\u00edt\u00e1s\u00e1nak al\u00e1akn\u00e1z\u00e1sa volt. Falust\u00e1rsait arra b\u00edztatta, hogy ne l\u00e9pjenek be a t\u00e1rsasba. <br \/><strong>Irod.:<\/strong> 1956 Erd\u00e9lyben; \u00c1ldozatok<\/br><\/p>\n","protected":false},"excerpt":{"rendered":"<p>Segesv\u00e1r, 1930. m\u00e1j. 11., \u2020 1987: gazd\u00e1lkod\u00f3. -Nagysolymoson lakott. Letart\u00f3ztatt\u00e1k (1959. jan. 14.). A v\u00e1d ellene a mez\u0151gazdas\u00e1g szocialista \u00e1talak\u00edt\u00e1s\u00e1nak al\u00e1akn\u00e1z\u00e1sa volt. Falust\u00e1rsait arra b\u00edztatta, hogy ne l\u00e9pjenek be a t\u00e1rsasba. Irod.: 1956 Erd\u00e9lyben; \u00c1ldozatok<\/p>\n","protected":false},"featured_media":0,"comment_status":"open","ping_status":"closed","template":"","meta":[],"product_brand":[],"product_cat":[137],"product_tag":[],"class_list":{"0":"post-6780","1":"product","2":"type-product","3":"status-publish","5":"product_cat-maros-megyei-eletrajzi-lexikon","7":"first","8":"instock","9":"shipping-taxable","10":"product-type-simple"},"_links":{"self":[{"href":"https:\/\/uj.adatbank.ro\/lexikon\/wp-json\/wp\/v2\/product\/6780","targetHints":{"allow":["GET"]}}],"collection":[{"href":"https:\/\/uj.adatbank.ro\/lexikon\/wp-json\/wp\/v2\/product"}],"about":[{"href":"https:\/\/uj.adatbank.ro\/lexikon\/wp-json\/wp\/v2\/types\/product"}],"replies":[{"embeddable":true,"href":"https:\/\/uj.adatbank.ro\/lexikon\/wp-json\/wp\/v2\/comments?post=6780"}],"wp:attachment":[{"href":"https:\/\/uj.adatbank.ro\/lexikon\/wp-json\/wp\/v2\/media?parent=6780"}],"wp:term":[{"taxonomy":"product_brand","embeddable":true,"href":"https:\/\/uj.adatbank.ro\/lexikon\/wp-json\/wp\/v2\/product_brand?post=6780"},{"taxonomy":"product_cat","embeddable":true,"href":"https:\/\/uj.adatbank.ro\/lexikon\/wp-json\/wp\/v2\/product_cat?post=6780"},{"taxonomy":"product_tag","embeddable":true,"href":"https:\/\/uj.adatbank.ro\/lexikon\/wp-json\/wp\/v2\/product_tag?post=6780"}],"curies":[{"name":"wp","href":"https:\/\/api.w.org\/{rel}","templated":true}]}}