{"id":6795,"date":"2025-06-28T18:04:53","date_gmt":"2025-06-28T16:04:53","guid":{"rendered":"https:\/\/uj.adatbank.ro\/lexikon\/termek\/desi-gabor\/"},"modified":"2025-06-28T18:04:53","modified_gmt":"2025-06-28T16:04:53","slug":"desi-gabor","status":"publish","type":"product","link":"https:\/\/uj.adatbank.ro\/lexikon\/termek\/desi-gabor\/","title":{"rendered":"D\u00c9SI G\u00e1bor"},"content":{"rendered":"<p>? \u2020\u00a0?: a megalakul\u00f3 marossz\u00e9ki folytonos t\u00e1bla not\u00e1riusa (jegyz\u0151je) (1763. dec. 16.), mv-i f\u0151b\u00edr\u00f3 ( 1787 k.). <br \/><strong>Irod.:<\/strong> Fogarasi; P\u00e1l-Antal 2002<\/br><\/p>\n","protected":false},"excerpt":{"rendered":"<p>? \u2020\u00a0?: a megalakul\u00f3 marossz\u00e9ki folytonos t\u00e1bla not\u00e1riusa (jegyz\u0151je) (1763. dec. 16.), mv-i f\u0151b\u00edr\u00f3 ( 1787 k.). Irod.: Fogarasi; P\u00e1l-Antal 2002<\/p>\n","protected":false},"featured_media":0,"comment_status":"open","ping_status":"closed","template":"","meta":[],"product_brand":[],"product_cat":[137],"product_tag":[],"class_list":{"0":"post-6795","1":"product","2":"type-product","3":"status-publish","5":"product_cat-maros-megyei-eletrajzi-lexikon","7":"first","8":"instock","9":"shipping-taxable","10":"product-type-simple"},"_links":{"self":[{"href":"https:\/\/uj.adatbank.ro\/lexikon\/wp-json\/wp\/v2\/product\/6795","targetHints":{"allow":["GET"]}}],"collection":[{"href":"https:\/\/uj.adatbank.ro\/lexikon\/wp-json\/wp\/v2\/product"}],"about":[{"href":"https:\/\/uj.adatbank.ro\/lexikon\/wp-json\/wp\/v2\/types\/product"}],"replies":[{"embeddable":true,"href":"https:\/\/uj.adatbank.ro\/lexikon\/wp-json\/wp\/v2\/comments?post=6795"}],"wp:attachment":[{"href":"https:\/\/uj.adatbank.ro\/lexikon\/wp-json\/wp\/v2\/media?parent=6795"}],"wp:term":[{"taxonomy":"product_brand","embeddable":true,"href":"https:\/\/uj.adatbank.ro\/lexikon\/wp-json\/wp\/v2\/product_brand?post=6795"},{"taxonomy":"product_cat","embeddable":true,"href":"https:\/\/uj.adatbank.ro\/lexikon\/wp-json\/wp\/v2\/product_cat?post=6795"},{"taxonomy":"product_tag","embeddable":true,"href":"https:\/\/uj.adatbank.ro\/lexikon\/wp-json\/wp\/v2\/product_tag?post=6795"}],"curies":[{"name":"wp","href":"https:\/\/api.w.org\/{rel}","templated":true}]}}