{"id":6800,"date":"2025-06-28T18:05:01","date_gmt":"2025-06-28T16:05:01","guid":{"rendered":"https:\/\/uj.adatbank.ro\/lexikon\/termek\/desi-jozsef-2\/"},"modified":"2025-06-28T18:05:01","modified_gmt":"2025-06-28T16:05:01","slug":"desi-jozsef-2","status":"publish","type":"product","link":"https:\/\/uj.adatbank.ro\/lexikon\/termek\/desi-jozsef-2\/","title":{"rendered":"D\u00c9SI J\u00f3zsef"},"content":{"rendered":"<p>1781 \u2020 1843. jan. 1.: f\u0151hadnagy. \u2013 Hal\u00e1l\u00e1r\u00f3l 62 \u00e9ves kor\u00e1ban eml\u00e9kezik meg, egy az\u00e9vi Sz\u00e9kely Napt\u00e1r \u00edrott bejegyz\u00e9se. <br \/><strong>Irod.:<\/strong> Kr\u00f3n. F\u00fcz. (1939. 4\/7)<\/br><\/p>\n","protected":false},"excerpt":{"rendered":"<p>1781 \u2020 1843. jan. 1.: f\u0151hadnagy. \u2013 Hal\u00e1l\u00e1r\u00f3l 62 \u00e9ves kor\u00e1ban eml\u00e9kezik meg, egy az\u00e9vi Sz\u00e9kely Napt\u00e1r \u00edrott bejegyz\u00e9se. Irod.: Kr\u00f3n. F\u00fcz. (1939. 4\/7)<\/p>\n","protected":false},"featured_media":0,"comment_status":"open","ping_status":"closed","template":"","meta":[],"product_brand":[],"product_cat":[137],"product_tag":[],"class_list":{"0":"post-6800","1":"product","2":"type-product","3":"status-publish","5":"product_cat-maros-megyei-eletrajzi-lexikon","7":"first","8":"instock","9":"shipping-taxable","10":"product-type-simple"},"_links":{"self":[{"href":"https:\/\/uj.adatbank.ro\/lexikon\/wp-json\/wp\/v2\/product\/6800","targetHints":{"allow":["GET"]}}],"collection":[{"href":"https:\/\/uj.adatbank.ro\/lexikon\/wp-json\/wp\/v2\/product"}],"about":[{"href":"https:\/\/uj.adatbank.ro\/lexikon\/wp-json\/wp\/v2\/types\/product"}],"replies":[{"embeddable":true,"href":"https:\/\/uj.adatbank.ro\/lexikon\/wp-json\/wp\/v2\/comments?post=6800"}],"wp:attachment":[{"href":"https:\/\/uj.adatbank.ro\/lexikon\/wp-json\/wp\/v2\/media?parent=6800"}],"wp:term":[{"taxonomy":"product_brand","embeddable":true,"href":"https:\/\/uj.adatbank.ro\/lexikon\/wp-json\/wp\/v2\/product_brand?post=6800"},{"taxonomy":"product_cat","embeddable":true,"href":"https:\/\/uj.adatbank.ro\/lexikon\/wp-json\/wp\/v2\/product_cat?post=6800"},{"taxonomy":"product_tag","embeddable":true,"href":"https:\/\/uj.adatbank.ro\/lexikon\/wp-json\/wp\/v2\/product_tag?post=6800"}],"curies":[{"name":"wp","href":"https:\/\/api.w.org\/{rel}","templated":true}]}}