{"id":6809,"date":"2025-06-28T18:05:19","date_gmt":"2025-06-28T16:05:19","guid":{"rendered":"https:\/\/uj.adatbank.ro\/lexikon\/termek\/detsei-samuel-decsei-samuel\/"},"modified":"2025-06-28T18:05:19","modified_gmt":"2025-06-28T16:05:19","slug":"detsei-samuel-decsei-samuel","status":"publish","type":"product","link":"https:\/\/uj.adatbank.ro\/lexikon\/termek\/detsei-samuel-decsei-samuel\/","title":{"rendered":"D\u00c9TSEI S\u00e1muel, D\u00e9csei S\u00e1muel"},"content":{"rendered":"<p>Fogaras, 1703., \u2020\u00a0Vaja, 1761. jan. 25.: ref. lelk\u00e9sz, eml\u00e9k\u00edr\u00f3. \u2013 D. J\u00e1nos fogarasi pr\u00e9dik\u00e1tor fia. \u2013 Nagyenyedi, sz\u00e9kelyudvarhelyi, mv.-i iskol\u00e1z\u00e1s ut\u00e1n a marburgi egyetemet l\u00e1togatta, ahol Christian Wolf tan\u00edtv\u00e1nya volt (1679\u20131754). Album amicorarum\u00e1ban profeszorai \u00e9s di\u00e1kt\u00e1rsai mellett megtal\u00e1lhat\u00f3 Lomonoszov j\u00f3kiv\u00e1ns\u00e1ga is. Teleki S\u00e1ndor udvari papja lett (1738), majd k\u00fcl\u00f6nb\u00f6z\u0151 erd\u00e9lyi falvakban, v\u00e1rosokban lelk\u00e9sz. Mez\u0151s\u00e1msondon szolg\u00e1lt (1747\u201349). \u00c9let\u00e9nek fontosabb esem\u00e9nyeit eml\u00e9kk\u00f6nyve bevezet\u0151j\u00e9ben \u00f6r\u00f6k\u00edtette meg. Fennmaradt kartezianus-coccejanus szerz\u0151k munk\u00e1it tartalmaz\u00f3 k\u00f6nyvjelz\u0151je. \u2013 <strong>F. m.:<\/strong> D\u00e9tsi S\u00e1muel eml\u00e9kk\u00f6nyve (1990). <br \/><strong>Irod.:<\/strong> MAM\u0170L; M\u00c9L; Mez\u0151s\u00e1msond<\/br><\/p>\n","protected":false},"excerpt":{"rendered":"<p>Fogaras, 1703., \u2020\u00a0Vaja, 1761. jan. 25.: ref. lelk\u00e9sz, eml\u00e9k\u00edr\u00f3. \u2013 D. J\u00e1nos fogarasi pr\u00e9dik\u00e1tor fia. \u2013 Nagyenyedi, sz\u00e9kelyudvarhelyi, mv.-i iskol\u00e1z\u00e1s ut\u00e1n a marburgi egyetemet l\u00e1togatta, ahol Christian Wolf tan\u00edtv\u00e1nya volt (1679\u20131754). Album amicorarum\u00e1ban profeszorai \u00e9s di\u00e1kt\u00e1rsai mellett megtal\u00e1lhat\u00f3 Lomonoszov j\u00f3kiv\u00e1ns\u00e1ga is. Teleki S\u00e1ndor udvari papja lett (1738), majd k\u00fcl\u00f6nb\u00f6z\u0151 erd\u00e9lyi falvakban, v\u00e1rosokban lelk\u00e9sz. Mez\u0151s\u00e1msondon szolg\u00e1lt [&hellip;]<\/p>\n","protected":false},"featured_media":0,"comment_status":"open","ping_status":"closed","template":"","meta":[],"product_brand":[],"product_cat":[137],"product_tag":[],"class_list":{"0":"post-6809","1":"product","2":"type-product","3":"status-publish","5":"product_cat-maros-megyei-eletrajzi-lexikon","7":"first","8":"instock","9":"shipping-taxable","10":"product-type-simple"},"_links":{"self":[{"href":"https:\/\/uj.adatbank.ro\/lexikon\/wp-json\/wp\/v2\/product\/6809","targetHints":{"allow":["GET"]}}],"collection":[{"href":"https:\/\/uj.adatbank.ro\/lexikon\/wp-json\/wp\/v2\/product"}],"about":[{"href":"https:\/\/uj.adatbank.ro\/lexikon\/wp-json\/wp\/v2\/types\/product"}],"replies":[{"embeddable":true,"href":"https:\/\/uj.adatbank.ro\/lexikon\/wp-json\/wp\/v2\/comments?post=6809"}],"wp:attachment":[{"href":"https:\/\/uj.adatbank.ro\/lexikon\/wp-json\/wp\/v2\/media?parent=6809"}],"wp:term":[{"taxonomy":"product_brand","embeddable":true,"href":"https:\/\/uj.adatbank.ro\/lexikon\/wp-json\/wp\/v2\/product_brand?post=6809"},{"taxonomy":"product_cat","embeddable":true,"href":"https:\/\/uj.adatbank.ro\/lexikon\/wp-json\/wp\/v2\/product_cat?post=6809"},{"taxonomy":"product_tag","embeddable":true,"href":"https:\/\/uj.adatbank.ro\/lexikon\/wp-json\/wp\/v2\/product_tag?post=6809"}],"curies":[{"name":"wp","href":"https:\/\/api.w.org\/{rel}","templated":true}]}}