{"id":6812,"date":"2025-06-28T18:05:24","date_gmt":"2025-06-28T16:05:24","guid":{"rendered":"https:\/\/uj.adatbank.ro\/lexikon\/termek\/deutsch-hermann-%c2%a7\/"},"modified":"2025-06-28T18:05:24","modified_gmt":"2025-06-28T16:05:24","slug":"deutsch-hermann-%c2%a7","status":"publish","type":"product","link":"https:\/\/uj.adatbank.ro\/lexikon\/termek\/deutsch-hermann-%c2%a7\/","title":{"rendered":"DEUTSCH Hermann \u00a7"},"content":{"rendered":"<p>? \u2020\u00a0?: keresked\u0151. \u2013 Sz\u00e1szr\u00e9genben volt keresked\u0151 alkalmazott. Tizedes az I. vh.-ban (1915. \u2013) az 5. , majd 139. h. t\u0171z\u00e9rekn\u00e9l. Leszerelt \u00e9s az ezredt\u00f6rzsn\u00e9l teljes\u00edtett szolg\u00e1latot. Kit\u00fcntet\u00e9se K\u00e1roly cs. ker. ig. a. Mv.-en megv\u00e1s\u00e1rolta Ign\u00e1c Mih\u00e1lyt\u00f3l a v\u00e1ros legr\u00e9gibb k\u00e1v\u00e9h\u00e1z\u00e1t, az Eur\u00f3p\u00e1t (1920. jan.). <br \/><strong>Irod.:<\/strong> Id\u0151t\u00e1r 3.; M. hadviselt zsid\u00f3k<\/br><\/p>\n","protected":false},"excerpt":{"rendered":"<p>? \u2020\u00a0?: keresked\u0151. \u2013 Sz\u00e1szr\u00e9genben volt keresked\u0151 alkalmazott. Tizedes az I. vh.-ban (1915. \u2013) az 5. , majd 139. h. t\u0171z\u00e9rekn\u00e9l. Leszerelt \u00e9s az ezredt\u00f6rzsn\u00e9l teljes\u00edtett szolg\u00e1latot. Kit\u00fcntet\u00e9se K\u00e1roly cs. ker. ig. a. Mv.-en megv\u00e1s\u00e1rolta Ign\u00e1c Mih\u00e1lyt\u00f3l a v\u00e1ros legr\u00e9gibb k\u00e1v\u00e9h\u00e1z\u00e1t, az Eur\u00f3p\u00e1t (1920. jan.). Irod.: Id\u0151t\u00e1r 3.; M. hadviselt zsid\u00f3k<\/p>\n","protected":false},"featured_media":0,"comment_status":"open","ping_status":"closed","template":"","meta":[],"product_brand":[],"product_cat":[137],"product_tag":[],"class_list":{"0":"post-6812","1":"product","2":"type-product","3":"status-publish","5":"product_cat-maros-megyei-eletrajzi-lexikon","7":"first","8":"instock","9":"shipping-taxable","10":"product-type-simple"},"_links":{"self":[{"href":"https:\/\/uj.adatbank.ro\/lexikon\/wp-json\/wp\/v2\/product\/6812","targetHints":{"allow":["GET"]}}],"collection":[{"href":"https:\/\/uj.adatbank.ro\/lexikon\/wp-json\/wp\/v2\/product"}],"about":[{"href":"https:\/\/uj.adatbank.ro\/lexikon\/wp-json\/wp\/v2\/types\/product"}],"replies":[{"embeddable":true,"href":"https:\/\/uj.adatbank.ro\/lexikon\/wp-json\/wp\/v2\/comments?post=6812"}],"wp:attachment":[{"href":"https:\/\/uj.adatbank.ro\/lexikon\/wp-json\/wp\/v2\/media?parent=6812"}],"wp:term":[{"taxonomy":"product_brand","embeddable":true,"href":"https:\/\/uj.adatbank.ro\/lexikon\/wp-json\/wp\/v2\/product_brand?post=6812"},{"taxonomy":"product_cat","embeddable":true,"href":"https:\/\/uj.adatbank.ro\/lexikon\/wp-json\/wp\/v2\/product_cat?post=6812"},{"taxonomy":"product_tag","embeddable":true,"href":"https:\/\/uj.adatbank.ro\/lexikon\/wp-json\/wp\/v2\/product_tag?post=6812"}],"curies":[{"name":"wp","href":"https:\/\/api.w.org\/{rel}","templated":true}]}}