{"id":6815,"date":"2025-06-28T18:05:31","date_gmt":"2025-06-28T16:05:31","guid":{"rendered":"https:\/\/uj.adatbank.ro\/lexikon\/termek\/deutsch-vilmos-dezso-istvan-dezso-textikereskedo\/"},"modified":"2025-06-28T18:05:31","modified_gmt":"2025-06-28T16:05:31","slug":"deutsch-vilmos-dezso-istvan-dezso-textikereskedo","status":"publish","type":"product","link":"https:\/\/uj.adatbank.ro\/lexikon\/termek\/deutsch-vilmos-dezso-istvan-dezso-textikereskedo\/","title":{"rendered":"DEUTSCH Vilmos Dezs\u0151 Istv\u00e1n = Dezs\u0151 textikeresked\u0151"},"content":{"rendered":"<p>Mv.-en a Deutsch \u00e9s Braun c\u00e9g tulajdonosa,. &#8211; alap\u00edt\u00e1si \u00e9v 1922. Mv.-en, t\u00f6bb milli\u00f3 \u00e9rt\u00e9k\u0171 \u00e1r\u00farakt\u00e1rral dolgoztak, bel- \u00e9s k\u00fclf\u00f6ldi sz\u00f6vet \u00e9s poszt\u00f3\u00e1r\u00fak nagyban val\u00f3 elad\u00e1s\u00e1val foglalkoztak. <br \/><strong>Irod.:<\/strong> EBKL<\/br><\/p>\n","protected":false},"excerpt":{"rendered":"<p>Mv.-en a Deutsch \u00e9s Braun c\u00e9g tulajdonosa,. &#8211; alap\u00edt\u00e1si \u00e9v 1922. Mv.-en, t\u00f6bb milli\u00f3 \u00e9rt\u00e9k\u0171 \u00e1r\u00farakt\u00e1rral dolgoztak, bel- \u00e9s k\u00fclf\u00f6ldi sz\u00f6vet \u00e9s poszt\u00f3\u00e1r\u00fak nagyban val\u00f3 elad\u00e1s\u00e1val foglalkoztak. Irod.: EBKL<\/p>\n","protected":false},"featured_media":0,"comment_status":"open","ping_status":"closed","template":"","meta":[],"product_brand":[],"product_cat":[137],"product_tag":[],"class_list":{"0":"post-6815","1":"product","2":"type-product","3":"status-publish","5":"product_cat-maros-megyei-eletrajzi-lexikon","7":"first","8":"instock","9":"shipping-taxable","10":"product-type-simple"},"_links":{"self":[{"href":"https:\/\/uj.adatbank.ro\/lexikon\/wp-json\/wp\/v2\/product\/6815","targetHints":{"allow":["GET"]}}],"collection":[{"href":"https:\/\/uj.adatbank.ro\/lexikon\/wp-json\/wp\/v2\/product"}],"about":[{"href":"https:\/\/uj.adatbank.ro\/lexikon\/wp-json\/wp\/v2\/types\/product"}],"replies":[{"embeddable":true,"href":"https:\/\/uj.adatbank.ro\/lexikon\/wp-json\/wp\/v2\/comments?post=6815"}],"wp:attachment":[{"href":"https:\/\/uj.adatbank.ro\/lexikon\/wp-json\/wp\/v2\/media?parent=6815"}],"wp:term":[{"taxonomy":"product_brand","embeddable":true,"href":"https:\/\/uj.adatbank.ro\/lexikon\/wp-json\/wp\/v2\/product_brand?post=6815"},{"taxonomy":"product_cat","embeddable":true,"href":"https:\/\/uj.adatbank.ro\/lexikon\/wp-json\/wp\/v2\/product_cat?post=6815"},{"taxonomy":"product_tag","embeddable":true,"href":"https:\/\/uj.adatbank.ro\/lexikon\/wp-json\/wp\/v2\/product_tag?post=6815"}],"curies":[{"name":"wp","href":"https:\/\/api.w.org\/{rel}","templated":true}]}}