{"id":6816,"date":"2025-06-28T18:05:33","date_gmt":"2025-06-28T16:05:33","guid":{"rendered":"https:\/\/uj.adatbank.ro\/lexikon\/termek\/deutsek-pasztai-geza\/"},"modified":"2025-06-28T18:05:33","modified_gmt":"2025-06-28T16:05:33","slug":"deutsek-pasztai-geza","status":"publish","type":"product","link":"https:\/\/uj.adatbank.ro\/lexikon\/termek\/deutsek-pasztai-geza\/","title":{"rendered":"DEUTSEK-P\u00c1SZTAI G\u00e9za"},"content":{"rendered":"<p>G\u00f6rg\u00e9nyszentimre, 1892. okt. 30., \u2020 Kv., 1971. m\u00e1rc. 22.: jog\u00e1sz, k\u00f6lt\u0151, \u00fajs\u00e1g\u00edr\u00f3. \u2013 Mv.-en a Ref. F\u0151gimn.-ban tanult, Kv.-on az \u00c1llam- \u00e9s Jogtudom\u00e1nyi karon, ahol doktor\u00e1tust szerzett, \u00fcgyv\u00e9di vizsg\u00e1t tett (1922). Gyakorl\u00f3 \u00fcgyv\u00e9d B\u00e1nffyhunyadon (1922\u201328), ez id\u0151 alatt r\u00e9szt vett a kalotaszegi m. politikai mozgalmakban. Kv.-ra k\u00f6lt\u00f6z\u00f6tt (1928\u2013)\u00a0\u00e9s a M. N\u00e9pp\u00e1rt \u00fajj\u00e1szervez\u00e9s\u00e9n dolgozott, annak titk\u00e1ra, amikor a p\u00e1rt megsz\u00fcnt a Szoci\u00e1ldem. P\u00e1rtba l\u00e9pett, ahol vezet\u0151s\u00e9gi tag volt (1930). Politikai cikkeivel a napi sajt\u00f3ban, n\u00e9h\u00e1ny verssel a Zord Id\u0151 has\u00e1bjain szerepelt. Tornya Gyula \u00fcgyv\u00e9ddel egy\u00fctt elk\u00e9sz\u00edtett\u00e9k a N\u00e9pkisebbs\u00e9gi T\u00f6rv\u00e9ny tervezetet (1928). Szakszervezeti jogtan\u00e1csos, a Mag\u00e1n- alkalmazottak \u00e9s Mag\u00e1ntisztvisel\u0151k Orsz\u00e1gos Egyes\u00fclet\u00e9nek erd\u00e9lyi eln\u00f6ke, az SZDP egyik vezet\u0151je (1930\u2013), r\u00e9szt vett az antifasiszta ellen\u00e1ll\u00e1sban. A munkajog tan\u00e1ra a BTE-en (1945\u201348); a szoci\u00e1lista t\u00f6rv\u00e9nyess\u00e9g megs\u00e9rt\u00e9se c\u00edmen beb\u00f6rt\u00f6n\u00f6zt\u00e9k (1949), majd rehabilit\u00e1lt\u00e1k (1960). &#8211; <strong>F. m.:<\/strong> A n\u00e9pkisebbs\u00e9gi t\u00f6rv\u00e9ny tervezete. Tornya Gyul\u00e1val (Kv., 1928). <br \/><strong>Irod.:<\/strong> EM; Molter 2.; RMIL; T\u00f3falvi 5.; \u00daM\u00c9L<\/br><\/p>\n","protected":false},"excerpt":{"rendered":"<p>G\u00f6rg\u00e9nyszentimre, 1892. okt. 30., \u2020 Kv., 1971. m\u00e1rc. 22.: jog\u00e1sz, k\u00f6lt\u0151, \u00fajs\u00e1g\u00edr\u00f3. \u2013 Mv.-en a Ref. F\u0151gimn.-ban tanult, Kv.-on az \u00c1llam- \u00e9s Jogtudom\u00e1nyi karon, ahol doktor\u00e1tust szerzett, \u00fcgyv\u00e9di vizsg\u00e1t tett (1922). Gyakorl\u00f3 \u00fcgyv\u00e9d B\u00e1nffyhunyadon (1922\u201328), ez id\u0151 alatt r\u00e9szt vett a kalotaszegi m. politikai mozgalmakban. Kv.-ra k\u00f6lt\u00f6z\u00f6tt (1928\u2013)\u00a0\u00e9s a M. N\u00e9pp\u00e1rt \u00fajj\u00e1szervez\u00e9s\u00e9n dolgozott, annak titk\u00e1ra, [&hellip;]<\/p>\n","protected":false},"featured_media":0,"comment_status":"open","ping_status":"closed","template":"","meta":[],"product_brand":[],"product_cat":[137],"product_tag":[],"class_list":{"0":"post-6816","1":"product","2":"type-product","3":"status-publish","5":"product_cat-maros-megyei-eletrajzi-lexikon","7":"first","8":"instock","9":"shipping-taxable","10":"product-type-simple"},"_links":{"self":[{"href":"https:\/\/uj.adatbank.ro\/lexikon\/wp-json\/wp\/v2\/product\/6816","targetHints":{"allow":["GET"]}}],"collection":[{"href":"https:\/\/uj.adatbank.ro\/lexikon\/wp-json\/wp\/v2\/product"}],"about":[{"href":"https:\/\/uj.adatbank.ro\/lexikon\/wp-json\/wp\/v2\/types\/product"}],"replies":[{"embeddable":true,"href":"https:\/\/uj.adatbank.ro\/lexikon\/wp-json\/wp\/v2\/comments?post=6816"}],"wp:attachment":[{"href":"https:\/\/uj.adatbank.ro\/lexikon\/wp-json\/wp\/v2\/media?parent=6816"}],"wp:term":[{"taxonomy":"product_brand","embeddable":true,"href":"https:\/\/uj.adatbank.ro\/lexikon\/wp-json\/wp\/v2\/product_brand?post=6816"},{"taxonomy":"product_cat","embeddable":true,"href":"https:\/\/uj.adatbank.ro\/lexikon\/wp-json\/wp\/v2\/product_cat?post=6816"},{"taxonomy":"product_tag","embeddable":true,"href":"https:\/\/uj.adatbank.ro\/lexikon\/wp-json\/wp\/v2\/product_tag?post=6816"}],"curies":[{"name":"wp","href":"https:\/\/api.w.org\/{rel}","templated":true}]}}

DEUTSEK-PÁSZTAI Géza

<p>Görgényszentimre, 1892. okt. 30., † Kv., 1971. márc. 22.: jogász, költő, újságíró. – Mv.-en a Ref. Főgimn.-ban tanult, Kv.-on az Állam- és Jogtudományi karon, ahol doktorátust szerzett, ügyvédi vizsgát tett (1922). Gyakorló ügyvéd Bánffyhunyadon (1922–28), ez idő alatt részt vett a kalotaszegi m. politikai mozgalmakban. Kv.-ra költözött (1928–) és a M. Néppárt újjászervezésén dolgozott, annak titkára, amikor a párt megszünt a Szociáldem. Pártba lépett, ahol vezetőségi tag volt (1930). Politikai cikkeivel a napi sajtóban, néhány verssel a Zord Idő hasábjain szerepelt. Tornya Gyula ügyvéddel együtt elkészítették a Népkisebbségi Törvény tervezetet (1928). Szakszervezeti jogtanácsos, a Magán- alkalmazottak és Magántisztviselők Országos Egyesületének erdélyi elnöke, az SZDP egyik vezetője (1930–), részt vett az antifasiszta ellenállásban. A munkajog tanára a BTE-en (1945–48); a szociálista törvényesség megsértése címen bebörtönözték (1949), majd rehabilitálták (1960). &#8211; <strong>F. m.:</strong> A népkisebbségi törvény tervezete. Tornya Gyulával (Kv., 1928). <br /><strong>Irod.:</strong> EM; Molter 2.; RMIL; Tófalvi 5.; ÚMÉL</br></p>

<p>Görgényszentimre, 1892. okt. 30., † Kv., 1971. márc. 22.: jogász, költő, újságíró. – Mv.-en a Ref. Főgimn.-ban tanult, Kv.-on az Állam- és Jogtudományi karon, ahol doktorátust szerzett, ügyvédi vizsgát tett (1922). Gyakorló ügyvéd Bánffyhunyadon (1922–28), ez idő alatt részt vett a kalotaszegi m. politikai mozgalmakban. Kv.-ra költözött (1928–) és a M. Néppárt újjászervezésén dolgozott, annak titkára, [&hellip;]</p>
