{"id":6822,"date":"2025-06-28T18:05:44","date_gmt":"2025-06-28T16:05:44","guid":{"rendered":"https:\/\/uj.adatbank.ro\/lexikon\/termek\/dezsi-ferenc-%c2%a7\/"},"modified":"2025-06-28T18:05:44","modified_gmt":"2025-06-28T16:05:44","slug":"dezsi-ferenc-%c2%a7","status":"publish","type":"product","link":"https:\/\/uj.adatbank.ro\/lexikon\/termek\/dezsi-ferenc-%c2%a7\/","title":{"rendered":"D\u00c9ZSI Ferenc \u00a7"},"content":{"rendered":"<p>Sz\u00e1szcs\u00e1v\u00e1s, 1950. m\u00e1rc. 5., \u2020 Sz\u00e1szcs\u00e1v\u00e1s, 2002. aug. 22.: zenetan\u00e1r, k\u00f3rusvezet\u0151. \u2013 Sz\u00e1szcs\u00e1v\u00e1si M\u00e9der Istv\u00e1n unok\u00e1ja. \u2013 Zenetan\u00e1r. A cs\u00e1v\u00e1si vegyes kar vezet\u0151je (1973\u20132002). A cs\u00e1v\u00e1si k\u00f3rus sz\u00fclet\u00e9s\u00e9nek 150. \u00e9vfordul\u00f3j\u00e1n vezet\u00e9s\u00e9vel sz\u00f3lalt meg a jubil\u00e1l\u00f3 templomi harm\u00f3nia \u00e9s a nevezetes vegyeskar (1987. okt. 4.). Nev\u00e9hez f\u0171z\u0151dik a k\u00f3rus n\u00e9gy orsz\u00e1gos arany\u00e9rem\u00e9nek megszerz\u00e9se. <br \/><strong>Irod.:<\/strong> B\u00f6l\u00f6ni Domokos: Eln\u00e9mul a sz\u00e1szcs\u00e1v\u00e1si dal\u00e1rda? (N\u00fa., 2003. j\u00fal. 30.); Cs\u00e1v\u00e1si eml\u00e9kk\u00f6nyv; [Nekrol\u00f3g] (N\u00fa., 2002. aug.?); Sz\u00e9pr\u00e9ti Lilla: \u201eNy\u00edlik az \u00e9gnek ragyog\u00f3 sugara\u201d (\u00daj \u00c9let, 8. sz., 1988)<\/br><\/p>\n","protected":false},"excerpt":{"rendered":"<p>Sz\u00e1szcs\u00e1v\u00e1s, 1950. m\u00e1rc. 5., \u2020 Sz\u00e1szcs\u00e1v\u00e1s, 2002. aug. 22.: zenetan\u00e1r, k\u00f3rusvezet\u0151. \u2013 Sz\u00e1szcs\u00e1v\u00e1si M\u00e9der Istv\u00e1n unok\u00e1ja. \u2013 Zenetan\u00e1r. A cs\u00e1v\u00e1si vegyes kar vezet\u0151je (1973\u20132002). A cs\u00e1v\u00e1si k\u00f3rus sz\u00fclet\u00e9s\u00e9nek 150. \u00e9vfordul\u00f3j\u00e1n vezet\u00e9s\u00e9vel sz\u00f3lalt meg a jubil\u00e1l\u00f3 templomi harm\u00f3nia \u00e9s a nevezetes vegyeskar (1987. okt. 4.). Nev\u00e9hez f\u0171z\u0151dik a k\u00f3rus n\u00e9gy orsz\u00e1gos arany\u00e9rem\u00e9nek megszerz\u00e9se. Irod.: B\u00f6l\u00f6ni Domokos: [&hellip;]<\/p>\n","protected":false},"featured_media":0,"comment_status":"open","ping_status":"closed","template":"","meta":[],"product_brand":[],"product_cat":[137],"product_tag":[],"class_list":{"0":"post-6822","1":"product","2":"type-product","3":"status-publish","5":"product_cat-maros-megyei-eletrajzi-lexikon","7":"first","8":"instock","9":"shipping-taxable","10":"product-type-simple"},"_links":{"self":[{"href":"https:\/\/uj.adatbank.ro\/lexikon\/wp-json\/wp\/v2\/product\/6822","targetHints":{"allow":["GET"]}}],"collection":[{"href":"https:\/\/uj.adatbank.ro\/lexikon\/wp-json\/wp\/v2\/product"}],"about":[{"href":"https:\/\/uj.adatbank.ro\/lexikon\/wp-json\/wp\/v2\/types\/product"}],"replies":[{"embeddable":true,"href":"https:\/\/uj.adatbank.ro\/lexikon\/wp-json\/wp\/v2\/comments?post=6822"}],"wp:attachment":[{"href":"https:\/\/uj.adatbank.ro\/lexikon\/wp-json\/wp\/v2\/media?parent=6822"}],"wp:term":[{"taxonomy":"product_brand","embeddable":true,"href":"https:\/\/uj.adatbank.ro\/lexikon\/wp-json\/wp\/v2\/product_brand?post=6822"},{"taxonomy":"product_cat","embeddable":true,"href":"https:\/\/uj.adatbank.ro\/lexikon\/wp-json\/wp\/v2\/product_cat?post=6822"},{"taxonomy":"product_tag","embeddable":true,"href":"https:\/\/uj.adatbank.ro\/lexikon\/wp-json\/wp\/v2\/product_tag?post=6822"}],"curies":[{"name":"wp","href":"https:\/\/api.w.org\/{rel}","templated":true}]}}

DÉZSI Ferenc §

<p>Szászcsávás, 1950. márc. 5., † Szászcsávás, 2002. aug. 22.: zenetanár, kórusvezető. – Szászcsávási Méder István unokája. – Zenetanár. A csávási vegyes kar vezetője (1973–2002). A csávási kórus születésének 150. évfordulóján vezetésével szólalt meg a jubiláló templomi harmónia és a nevezetes vegyeskar (1987. okt. 4.). Nevéhez fűződik a kórus négy országos aranyéremének megszerzése. <br /><strong>Irod.:</strong> Bölöni Domokos: Elnémul a szászcsávási dalárda? (Nú., 2003. júl. 30.); Csávási emlékkönyv; [Nekrológ] (Nú., 2002. aug.?); Szépréti Lilla: „Nyílik az égnek ragyogó sugara” (Új Élet, 8. sz., 1988)</br></p>

<p>Szászcsávás, 1950. márc. 5., † Szászcsávás, 2002. aug. 22.: zenetanár, kórusvezető. – Szászcsávási Méder István unokája. – Zenetanár. A csávási vegyes kar vezetője (1973–2002). A csávási kórus születésének 150. évfordulóján vezetésével szólalt meg a jubiláló templomi harmónia és a nevezetes vegyeskar (1987. okt. 4.). Nevéhez fűződik a kórus négy országos aranyéremének megszerzése. Irod.: Bölöni Domokos: [&hellip;]</p>
