{"id":6823,"date":"2025-06-28T18:05:46","date_gmt":"2025-06-28T16:05:46","guid":{"rendered":"https:\/\/uj.adatbank.ro\/lexikon\/termek\/dezsi-jozsef-desi-jozsef\/"},"modified":"2025-06-28T18:05:46","modified_gmt":"2025-06-28T16:05:46","slug":"dezsi-jozsef-desi-jozsef","status":"publish","type":"product","link":"https:\/\/uj.adatbank.ro\/lexikon\/termek\/dezsi-jozsef-desi-jozsef\/","title":{"rendered":"D\u00c9ZSI J\u00f3zsef, D\u00e9si J\u00f3zsef,"},"content":{"rendered":"<p>1725 k., \u2020\u00a01791. ut\u00e1n: ref. lelk\u00e9sz, egyh\u00e1zi \u00edr\u00f3, ford\u00edt\u00f3. \u2013 Mv.-en a Ref. Koll.-ban tanult, kit\u0171n\u0151 eredm\u00e9nyt \u00e9rt el, majd gr. Teleki S\u00e1ndorn\u00e1l nevel\u0151sk\u00f6d\u00f6tt. Mikor n\u00e9mi anyagit \u00f6sszegy\u0171jt\u00f6tt, beiratkozott a hollandiai Groningen Teol\u00f3gia Egyetem\u00e9re (1744. szept. 23.). L\u00e1togat\u00e1st tett Angli\u00e1ban is. Amiut\u00e1n v\u00e9gzett, a mv.-i Ref. Koll.-ban tan\u00edthatott volna, ha irigyei nem v\u00e1dolj\u00e1k szabad k\u0151m\u0171vess\u00e9ggel. M\u00e9g hollandiai tan\u00e1ra, Daniel Gerdes (1698\u20131765), is v\u00e9delm\u00e9re kelt. Szolg\u00e1lati ideje alatt sz\u0171nt meg a papmaraszt\u00e1s szok\u00e1sa. Lelkip\u00e1sztork\u00e9nt tev\u00e9kenykedett: Bere\u00adkereszt\u00faron (1752\u2013), Kib\u00e9den (1757\u201361), Sz\u00e9kelyvaj\u00e1n (1762\u201377), Somosdon (1777\u201391), a marossz\u00e9ki ref. egyh\u00e1zker\u00fclet jegyz\u0151je. Somosdon megjav\u00edttatta a templomot \u00e9s ker\u00edt\u00e9s\u00e9t valamint a par\u00f3kia \u00e9p\u00fclet\u00e9t is. A j\u00f6vedelm\u00fck gyarap\u00edt\u00e1sa \u00e9rdek\u00e9ben fogad\u00f3t tartottak fenn. Szolg\u00e1lata utols\u00f3 \u00e9veiben betegeskedett. \u2013 <strong>F. m.:<\/strong> Kereszt\u00e9ny paradicsom: Melyben az \u00faj vil\u00e1gnak h\u00e9t eml\u00e9kezetes \u00e9s szents\u00e9ges csud\u00e1i. m. versekben foglalni igyekezett. (Kv., 1782); <strong>ford.:<\/strong> Vil\u00e1gi \u00e9s ekkl\u00e9siai vizsg\u00e1l\u00f3d\u00e1s. Ford. k\u00e9sz\u00edtette Bartholottus Nep. J\u00e1nos. [m\u0171v\u00e9b\u0151l] (Kv., 1784). <br \/><strong>Irod.:<\/strong> Ferenczy- Danielik; R\u00f3th: Sz\u00fcletett nyelv\u00fcnk\u00f6n; Somosd; Szinnyei; \u00daM\u00c9L<\/br><\/p>\n","protected":false},"excerpt":{"rendered":"<p>1725 k., \u2020\u00a01791. ut\u00e1n: ref. lelk\u00e9sz, egyh\u00e1zi \u00edr\u00f3, ford\u00edt\u00f3. \u2013 Mv.-en a Ref. Koll.-ban tanult, kit\u0171n\u0151 eredm\u00e9nyt \u00e9rt el, majd gr. Teleki S\u00e1ndorn\u00e1l nevel\u0151sk\u00f6d\u00f6tt. Mikor n\u00e9mi anyagit \u00f6sszegy\u0171jt\u00f6tt, beiratkozott a hollandiai Groningen Teol\u00f3gia Egyetem\u00e9re (1744. szept. 23.). L\u00e1togat\u00e1st tett Angli\u00e1ban is. Amiut\u00e1n v\u00e9gzett, a mv.-i Ref. Koll.-ban tan\u00edthatott volna, ha irigyei nem v\u00e1dolj\u00e1k szabad k\u0151m\u0171vess\u00e9ggel. [&hellip;]<\/p>\n","protected":false},"featured_media":0,"comment_status":"open","ping_status":"closed","template":"","meta":[],"product_brand":[],"product_cat":[137],"product_tag":[],"class_list":{"0":"post-6823","1":"product","2":"type-product","3":"status-publish","5":"product_cat-maros-megyei-eletrajzi-lexikon","7":"first","8":"instock","9":"shipping-taxable","10":"product-type-simple"},"_links":{"self":[{"href":"https:\/\/uj.adatbank.ro\/lexikon\/wp-json\/wp\/v2\/product\/6823","targetHints":{"allow":["GET"]}}],"collection":[{"href":"https:\/\/uj.adatbank.ro\/lexikon\/wp-json\/wp\/v2\/product"}],"about":[{"href":"https:\/\/uj.adatbank.ro\/lexikon\/wp-json\/wp\/v2\/types\/product"}],"replies":[{"embeddable":true,"href":"https:\/\/uj.adatbank.ro\/lexikon\/wp-json\/wp\/v2\/comments?post=6823"}],"wp:attachment":[{"href":"https:\/\/uj.adatbank.ro\/lexikon\/wp-json\/wp\/v2\/media?parent=6823"}],"wp:term":[{"taxonomy":"product_brand","embeddable":true,"href":"https:\/\/uj.adatbank.ro\/lexikon\/wp-json\/wp\/v2\/product_brand?post=6823"},{"taxonomy":"product_cat","embeddable":true,"href":"https:\/\/uj.adatbank.ro\/lexikon\/wp-json\/wp\/v2\/product_cat?post=6823"},{"taxonomy":"product_tag","embeddable":true,"href":"https:\/\/uj.adatbank.ro\/lexikon\/wp-json\/wp\/v2\/product_tag?post=6823"}],"curies":[{"name":"wp","href":"https:\/\/api.w.org\/{rel}","templated":true}]}}

DÉZSI József, Dési József,

<p>1725 k., † 1791. után: ref. lelkész, egyházi író, fordító. – Mv.-en a Ref. Koll.-ban tanult, kitűnő eredményt ért el, majd gr. Teleki Sándornál nevelősködött. Mikor némi anyagit összegyűjtött, beiratkozott a hollandiai Groningen Teológia Egyetemére (1744. szept. 23.). Látogatást tett Angliában is. Amiután végzett, a mv.-i Ref. Koll.-ban taníthatott volna, ha irigyei nem vádolják szabad kőművességgel. Még hollandiai tanára, Daniel Gerdes (1698–1765), is védelmére kelt. Szolgálati ideje alatt szűnt meg a papmarasztás szokása. Lelkipásztorként tevékenykedett: Bere­keresztúron (1752–), Kibéden (1757–61), Székelyvaján (1762–77), Somosdon (1777–91), a marosszéki ref. egyházkerület jegyzője. Somosdon megjavíttatta a templomot és kerítését valamint a parókia épületét is. A jövedelmük gyarapítása érdekében fogadót tartottak fenn. Szolgálata utolsó éveiben betegeskedett. – <strong>F. m.:</strong> Keresztény paradicsom: Melyben az új világnak hét emlékezetes és szentséges csudái. m. versekben foglalni igyekezett. (Kv., 1782); <strong>ford.:</strong> Világi és ekklésiai vizsgálódás. Ford. készítette Bartholottus Nep. János. [művéből] (Kv., 1784). <br /><strong>Irod.:</strong> Ferenczy- Danielik; Róth: Született nyelvünkön; Somosd; Szinnyei; ÚMÉL</br></p>

<p>1725 k., † 1791. után: ref. lelkész, egyházi író, fordító. – Mv.-en a Ref. Koll.-ban tanult, kitűnő eredményt ért el, majd gr. Teleki Sándornál nevelősködött. Mikor némi anyagit összegyűjtött, beiratkozott a hollandiai Groningen Teológia Egyetemére (1744. szept. 23.). Látogatást tett Angliában is. Amiután végzett, a mv.-i Ref. Koll.-ban taníthatott volna, ha irigyei nem vádolják szabad kőművességgel. [&hellip;]</p>
