{"id":6827,"date":"2025-06-28T18:05:58","date_gmt":"2025-06-28T16:05:58","guid":{"rendered":"https:\/\/uj.adatbank.ro\/lexikon\/termek\/dezso-bela-gyulafehervari-deseo-bela\/"},"modified":"2025-06-28T18:05:58","modified_gmt":"2025-06-28T16:05:58","slug":"dezso-bela-gyulafehervari-deseo-bela","status":"publish","type":"product","link":"https:\/\/uj.adatbank.ro\/lexikon\/termek\/dezso-bela-gyulafehervari-deseo-bela\/","title":{"rendered":"DEZS\u0150 B\u00e9la, gyulafeh\u00e9rv\u00e1ri; Dese\u0151 B\u00e9la"},"content":{"rendered":"<p>Mv., 1851. okt. 26., \u2020 Nagykikinda, 1912. febr. 25.: zool\u00f3gus, tan\u00e1r. \u2013 Feles\u00e9ge: Orb\u00e1n Ilona (1863- Mv., 1894. j\u00fan. 1.). Gyermekeik: Ilona, B\u00f6ske, Tibor G\u00e9za. \u2013 A k\u00f6z\u00e9piskol\u00e1t Mv.-en, a kv.-i Ferenc J\u00f3zsef TE-en v\u00e9gezte, tan\u00e1ri oklevelet szerzett\u00a0term\u00e9szetrajzb\u00f3l (1876). Tan\u00e1ri p\u00e1ly\u00e1j\u00e1t m\u00e9g mint egyetemi hallgat\u00f3 a kv.-i Ref. Koll.-ban kezdte mint helyettes tan\u00e1r (1872\u201375). B\u00f6lcs\u00e9szdoktori c\u00edmet (1877), majd tan\u00e1ri oklevelet szerzett. K\u00fclf\u00f6ldi egyetemeken t\u00f6k\u00e9letes\u00edtette tud\u00e1s\u00e1t: Lipcs\u00e9ben a B\u00f6lcs. Karon (1878), Strassbourgban a Term. Tud. Karon (1878), B\u00e9csben a B\u00f6lcs Karon (1880). A kv.-i egyetemen az \u00c1llat \u00e9s \u00d6sszehasonl\u00edt\u00f3 Bonctani Int\u00e9zetben tan\u00e1rseg\u00e9d (1876\u201382). Dolgozott m\u00e9g Bp.-en mint \u00e1llami gimn.-i tan\u00e1r (1881\u201394); a kassai tanker\u00fcleti f\u0151igazgat\u00f3s\u00e1gon szolg\u00e1latt\u00e9telre beosztott k\u00f6z\u00e9pisk. ta\u00adn\u00e1r (1894\u20131902); Nagykikind\u00e1n az \u00e1llami gimn.-ban tan\u00e1r (1902\u201308). Szabads\u00e1golt\u00e1k (1908\u2013); nyugd\u00edjazt\u00e1k (1911\u2013). Tanulm\u00e1nyai, zool\u00f3giai, term\u00e9szetrajzi, etnogr\u00e1fiai, f\u00f6ldrajzi cikkei jelentek meg kv.-i, bp.-i bonni \u00e9s lipcsei lapokban. \u2013 F. m. : Columbus Krist\u00f3f vagy Amerika felfedez\u00e9se (Kv., 1873); A rovarok h\u00e1ted\u00e9ny\u00e9r\u0151l: Doktori \u00e9rtekez\u00e9s (Kv., 1877); T\u00f6bb \u00e1llatorsz\u00e1g v\u00e1ndorl\u00e1si vonalair\u00f3l \u00e9s elterjed\u00e9s\u00e9r\u0151l (Kv, 1879); Die Histologie und Sprossentwicklung der Tethyen. (Bonn, 1879); A magyar tengerpart szivacsfaun\u00e1ja (Bp., 1880); A fiumei tenger\u00f6b\u00f6l \u00e1llatvil\u00e1g\u00e1b\u00f3l (Bp, 1880); Spongiologiai tanulm\u00e1ny (Kv., 1880); N\u00f6v\u00e9nygy\u0171jt\u0151: Mappa a n\u00f6v\u00e9nyek gy\u0171jt\u00e9s\u00e9hez (Bp, 1890); <strong>t\u00e1rssz.:<\/strong> Jelent\u00e9s az Oncs\u00e1sza csontbarlang megvizsg\u00e1l\u00e1s\u00e1r\u00f3l \u00e9s \u00f6sszehasonl\u00edt\u00f3 tanulm\u00e1ny az ottan gy\u0171jt\u00f6tt Ursus speleus Blumb. csontv\u00e1z\u00e1r\u00f3l (Kv., 1877); Magyarorsz\u00e1g v\u00e1rmegy\u00e9i \u00e9s v\u00e1rosai. 1.: Aba\u00faj-Tornav\u00e1rmegye \u00e9s Kassa (Bp., 1896). <br \/><strong>Irod.:<\/strong> Daday; F\u00fcl\u00f6p\u2013Ferencz; Guly\u00e1s; Gy\u00e1szjelent\u0151; A m. \u00e1llattani irodalom ismertet\u00e9se (Bp., 1891\u20131903); M\u00c9L; Szab\u00f3\u2013Simon\u2013Sz\u00f6gi; Szil\u00e1dy Zolt\u00e1n: Die Geschichte der Zoologie in Ungarn (Debrecen, 1930); Szinnyei; Szinnyei J\u00f3zsef; R\u00daL; \u00daM\u00c9L<\/br><\/p>\n","protected":false},"excerpt":{"rendered":"<p>Mv., 1851. okt. 26., \u2020 Nagykikinda, 1912. febr. 25.: zool\u00f3gus, tan\u00e1r. \u2013 Feles\u00e9ge: Orb\u00e1n Ilona (1863- Mv., 1894. j\u00fan. 1.). Gyermekeik: Ilona, B\u00f6ske, Tibor G\u00e9za. \u2013 A k\u00f6z\u00e9piskol\u00e1t Mv.-en, a kv.-i Ferenc J\u00f3zsef TE-en v\u00e9gezte, tan\u00e1ri oklevelet szerzett\u00a0term\u00e9szetrajzb\u00f3l (1876). Tan\u00e1ri p\u00e1ly\u00e1j\u00e1t m\u00e9g mint egyetemi hallgat\u00f3 a kv.-i Ref. Koll.-ban kezdte mint helyettes tan\u00e1r (1872\u201375). B\u00f6lcs\u00e9szdoktori [&hellip;]<\/p>\n","protected":false},"featured_media":0,"comment_status":"open","ping_status":"closed","template":"","meta":[],"product_brand":[],"product_cat":[137],"product_tag":[],"class_list":{"0":"post-6827","1":"product","2":"type-product","3":"status-publish","5":"product_cat-maros-megyei-eletrajzi-lexikon","7":"first","8":"instock","9":"shipping-taxable","10":"product-type-simple"},"_links":{"self":[{"href":"https:\/\/uj.adatbank.ro\/lexikon\/wp-json\/wp\/v2\/product\/6827","targetHints":{"allow":["GET"]}}],"collection":[{"href":"https:\/\/uj.adatbank.ro\/lexikon\/wp-json\/wp\/v2\/product"}],"about":[{"href":"https:\/\/uj.adatbank.ro\/lexikon\/wp-json\/wp\/v2\/types\/product"}],"replies":[{"embeddable":true,"href":"https:\/\/uj.adatbank.ro\/lexikon\/wp-json\/wp\/v2\/comments?post=6827"}],"wp:attachment":[{"href":"https:\/\/uj.adatbank.ro\/lexikon\/wp-json\/wp\/v2\/media?parent=6827"}],"wp:term":[{"taxonomy":"product_brand","embeddable":true,"href":"https:\/\/uj.adatbank.ro\/lexikon\/wp-json\/wp\/v2\/product_brand?post=6827"},{"taxonomy":"product_cat","embeddable":true,"href":"https:\/\/uj.adatbank.ro\/lexikon\/wp-json\/wp\/v2\/product_cat?post=6827"},{"taxonomy":"product_tag","embeddable":true,"href":"https:\/\/uj.adatbank.ro\/lexikon\/wp-json\/wp\/v2\/product_tag?post=6827"}],"curies":[{"name":"wp","href":"https:\/\/api.w.org\/{rel}","templated":true}]}}

DEZSŐ Béla, gyulafehérvári; Deseő Béla

<p>Mv., 1851. okt. 26., † Nagykikinda, 1912. febr. 25.: zoológus, tanár. – Felesége: Orbán Ilona (1863- Mv., 1894. jún. 1.). Gyermekeik: Ilona, Böske, Tibor Géza. – A középiskolát Mv.-en, a kv.-i Ferenc József TE-en végezte, tanári oklevelet szerzett természetrajzból (1876). Tanári pályáját még mint egyetemi hallgató a kv.-i Ref. Koll.-ban kezdte mint helyettes tanár (1872–75). Bölcsészdoktori címet (1877), majd tanári oklevelet szerzett. Külföldi egyetemeken tökéletesítette tudását: Lipcsében a Bölcs. Karon (1878), Strassbourgban a Term. Tud. Karon (1878), Bécsben a Bölcs Karon (1880). A kv.-i egyetemen az Állat és Összehasonlító Bonctani Intézetben tanársegéd (1876–82). Dolgozott még Bp.-en mint állami gimn.-i tanár (1881–94); a kassai tankerületi főigazgatóságon szolgálattételre beosztott középisk. ta­nár (1894–1902); Nagykikindán az állami gimn.-ban tanár (1902–08). Szabadságolták (1908–); nyugdíjazták (1911–). Tanulmányai, zoológiai, természetrajzi, etnográfiai, földrajzi cikkei jelentek meg kv.-i, bp.-i bonni és lipcsei lapokban. – F. m. : Columbus Kristóf vagy Amerika felfedezése (Kv., 1873); A rovarok hátedényéről: Doktori értekezés (Kv., 1877); Több állatország vándorlási vonalairól és elterjedéséről (Kv, 1879); Die Histologie und Sprossentwicklung der Tethyen. (Bonn, 1879); A magyar tengerpart szivacsfaunája (Bp., 1880); A fiumei tengeröböl állatvilágából (Bp, 1880); Spongiologiai tanulmány (Kv., 1880); Növénygyűjtő: Mappa a növények gyűjtéséhez (Bp, 1890); <strong>társsz.:</strong> Jelentés az Oncsásza csontbarlang megvizsgálásáról és összehasonlító tanulmány az ottan gyűjtött Ursus speleus Blumb. csontvázáról (Kv., 1877); Magyarország vármegyéi és városai. 1.: Abaúj-Tornavármegye és Kassa (Bp., 1896). <br /><strong>Irod.:</strong> Daday; Fülöp–Ferencz; Gulyás; Gyászjelentő; A m. állattani irodalom ismertetése (Bp., 1891–1903); MÉL; Szabó–Simon–Szögi; Szilády Zoltán: Die Geschichte der Zoologie in Ungarn (Debrecen, 1930); Szinnyei; Szinnyei József; RÚL; ÚMÉL</br></p>

<p>Mv., 1851. okt. 26., † Nagykikinda, 1912. febr. 25.: zoológus, tanár. – Felesége: Orbán Ilona (1863- Mv., 1894. jún. 1.). Gyermekeik: Ilona, Böske, Tibor Géza. – A középiskolát Mv.-en, a kv.-i Ferenc József TE-en végezte, tanári oklevelet szerzett természetrajzból (1876). Tanári pályáját még mint egyetemi hallgató a kv.-i Ref. Koll.-ban kezdte mint helyettes tanár (1872–75). Bölcsészdoktori [&hellip;]</p>
