{"id":6830,"date":"2025-06-28T18:06:03","date_gmt":"2025-06-28T16:06:03","guid":{"rendered":"https:\/\/uj.adatbank.ro\/lexikon\/termek\/dezsofi-laszlo-ifj-losonczi\/"},"modified":"2025-06-28T18:06:03","modified_gmt":"2025-06-28T16:06:03","slug":"dezsofi-laszlo-ifj-losonczi","status":"publish","type":"product","link":"https:\/\/uj.adatbank.ro\/lexikon\/termek\/dezsofi-laszlo-ifj-losonczi\/","title":{"rendered":"DEZS\u0150FI L\u00e1szl\u00f3, ifj., losonczi"},"content":{"rendered":"<p>? \u2020\u00a0? : f\u00f6ldbirtokos. \u2013 D. L\u00e1szl\u00f3 fia. Testv\u00e9re: Zsigmond. &#8211; Testv\u00e9r\u00e9vel, r\u00e9szt vett a M\u00e1ty\u00e1s kir\u00e1ly elleni nemesi \u00f6sszeesk\u00fcv\u00e9sben (1467), a l\u00e1zad\u00e1s lever\u00e9se ut\u00e1n elvesztett\u00e9k disznaj\u00f3i \u00e9s k\u00f6rny\u00e9ki udvarh\u00e1zaikat, f\u00f6ldjeiket, jobb\u00e1gyaikat. Ut\u00f3dja nem l\u00e9v\u00e9n a gog\u00e1nv\u00e1raljai v\u00e1r kir. adom\u00e1nyul a B\u00e1thoriak kez\u00e9be jutott (1492), de V\u00e1ralja a v\u00e1r n\u00e9lk\u00fcl, m\u00e1s falukkal egy\u00fctt, ism\u00e9t losonczi Dezs\u0151fi birtok volt (1495) ekkor a v\u00e9csi v\u00e1rhoz birtokolt\u00e1k. &#8211;<br \/><strong>Irod.:<\/strong> K. L. M\u0171v. t\u00f6rt. tan. 1; Rh\u00e9deyek \u00e9s Fr\u00e1terek<\/br><\/p>\n","protected":false},"excerpt":{"rendered":"<p>? \u2020\u00a0? : f\u00f6ldbirtokos. \u2013 D. L\u00e1szl\u00f3 fia. Testv\u00e9re: Zsigmond. &#8211; Testv\u00e9r\u00e9vel, r\u00e9szt vett a M\u00e1ty\u00e1s kir\u00e1ly elleni nemesi \u00f6sszeesk\u00fcv\u00e9sben (1467), a l\u00e1zad\u00e1s lever\u00e9se ut\u00e1n elvesztett\u00e9k disznaj\u00f3i \u00e9s k\u00f6rny\u00e9ki udvarh\u00e1zaikat, f\u00f6ldjeiket, jobb\u00e1gyaikat. Ut\u00f3dja nem l\u00e9v\u00e9n a gog\u00e1nv\u00e1raljai v\u00e1r kir. adom\u00e1nyul a B\u00e1thoriak kez\u00e9be jutott (1492), de V\u00e1ralja a v\u00e1r n\u00e9lk\u00fcl, m\u00e1s falukkal egy\u00fctt, ism\u00e9t losonczi [&hellip;]<\/p>\n","protected":false},"featured_media":0,"comment_status":"open","ping_status":"closed","template":"","meta":[],"product_brand":[],"product_cat":[137],"product_tag":[],"class_list":{"0":"post-6830","1":"product","2":"type-product","3":"status-publish","5":"product_cat-maros-megyei-eletrajzi-lexikon","7":"first","8":"instock","9":"shipping-taxable","10":"product-type-simple"},"_links":{"self":[{"href":"https:\/\/uj.adatbank.ro\/lexikon\/wp-json\/wp\/v2\/product\/6830","targetHints":{"allow":["GET"]}}],"collection":[{"href":"https:\/\/uj.adatbank.ro\/lexikon\/wp-json\/wp\/v2\/product"}],"about":[{"href":"https:\/\/uj.adatbank.ro\/lexikon\/wp-json\/wp\/v2\/types\/product"}],"replies":[{"embeddable":true,"href":"https:\/\/uj.adatbank.ro\/lexikon\/wp-json\/wp\/v2\/comments?post=6830"}],"wp:attachment":[{"href":"https:\/\/uj.adatbank.ro\/lexikon\/wp-json\/wp\/v2\/media?parent=6830"}],"wp:term":[{"taxonomy":"product_brand","embeddable":true,"href":"https:\/\/uj.adatbank.ro\/lexikon\/wp-json\/wp\/v2\/product_brand?post=6830"},{"taxonomy":"product_cat","embeddable":true,"href":"https:\/\/uj.adatbank.ro\/lexikon\/wp-json\/wp\/v2\/product_cat?post=6830"},{"taxonomy":"product_tag","embeddable":true,"href":"https:\/\/uj.adatbank.ro\/lexikon\/wp-json\/wp\/v2\/product_tag?post=6830"}],"curies":[{"name":"wp","href":"https:\/\/api.w.org\/{rel}","templated":true}]}}

DEZSŐFI László, ifj., losonczi

<p>? † ? : földbirtokos. – D. László fia. Testvére: Zsigmond. &#8211; Testvérével, részt vett a Mátyás király elleni nemesi összeesküvésben (1467), a lázadás leverése után elvesztették disznajói és környéki udvarházaikat, földjeiket, jobbágyaikat. Utódja nem lévén a gogánváraljai vár kir. adományul a Báthoriak kezébe jutott (1492), de Váralja a vár nélkül, más falukkal együtt, ismét losonczi Dezsőfi birtok volt (1495) ekkor a vécsi várhoz birtokolták. &#8211;<br /><strong>Irod.:</strong> K. L. Műv. tört. tan. 1; Rhédeyek és Fráterek</br></p>

<p>? † ? : földbirtokos. – D. László fia. Testvére: Zsigmond. &#8211; Testvérével, részt vett a Mátyás király elleni nemesi összeesküvésben (1467), a lázadás leverése után elvesztették disznajói és környéki udvarházaikat, földjeiket, jobbágyaikat. Utódja nem lévén a gogánváraljai vár kir. adományul a Báthoriak kezébe jutott (1492), de Váralja a vár nélkül, más falukkal együtt, ismét losonczi [&hellip;]</p>
