{"id":6842,"date":"2025-06-28T18:06:32","date_gmt":"2025-06-28T16:06:32","guid":{"rendered":"https:\/\/uj.adatbank.ro\/lexikon\/termek\/diamanstein-maximilian-diamantstein-mihaly-diamantstein-miksa\/"},"modified":"2025-06-28T18:06:32","modified_gmt":"2025-06-28T16:06:32","slug":"diamanstein-maximilian-diamantstein-mihaly-diamantstein-miksa","status":"publish","type":"product","link":"https:\/\/uj.adatbank.ro\/lexikon\/termek\/diamanstein-maximilian-diamantstein-mihaly-diamantstein-miksa\/","title":{"rendered":"DIAMANSTEIN Maximilian, Diamantstein Mih\u00e1ly, Diamantstein Miksa"},"content":{"rendered":"<p>Mez\u0151pagocsa, 1900, \u2020 ?: fakeresked\u0151, gy\u00e1rigazgat\u00f3. \u2013 K\u00f6z\u00e9piskol\u00e1it Mv.-en v\u00e9gezte. R\u00e9szt vett az els\u0151 vh.-ban a 62. gy. ezred k\u00f6tel\u00e9k\u00e9ben (1918. m\u00e1rc. \u2013 1919. \u00e1pr.), a Sz\u00e9kely Hadoszt\u00e1lyn\u00e1l szolg\u00e1lt. A faszakm\u00e1ban kezdte tev\u00e9kenys\u00e9g\u00e9t mint tisztvisel\u0151 Sz\u00e1szr\u00e9genben. Majd \u00f6n\u00e1ll\u00f3s\u00edtotta mag\u00e1t mint f\u0171r\u00e9szgy\u00e1ros, (Lehel \u00e9s Diamanstein, 1927) speci\u00e1lis hangszerk\u00e9sz\u00edt\u00e9s\u00e9hez alakalmas f\u0171r\u00e9sz\u00e1r\u00fait N\u00e9met- \u00e9s Franciaorsz\u00e1gba export\u00e1lta. A sz\u00e1szr\u00e9geni cs\u00f3nakgy\u00e1rt\u00e1s alap\u00edt\u00f3ja (1932). Kajakokat, szkiffeket \u00e9s t\u00faracs\u00f3nakokat k\u00e9sz\u00edtettek. Ezt a gy\u00e1rat Nicu Iliescu Brinceni v\u00e1s\u00e1rolta meg. A 2. vh. ut\u00e1n a sz\u00e1szr\u00e9geni h\u00e1rom nagy ipari \u00fczem a Foresta, Herbus \u00e9s Reghinul egyetlen termel\u0151 k\u00f6zpontba olvadt igazgat\u00e1sa alatt (1948). Az IPEIL k\u00f6rzeti vezet\u0151je \u00e9s a cs\u00f3nakgy\u00e1rt\u00e1s orsz\u00e1gos szaktekint\u00e9lye volt. A nev\u00e9hez, Tepl\u00e1nszky Mikl\u00f3snak \u00e9s Mild Adolfnak a nev\u00e9hez f\u0171z\u0151dik a sz\u00e1szr\u00e9geni hangszerm\u0171hely beind\u00edt\u00e1sa (1951). <br \/><strong>Irod.:<\/strong> Bartos 2012; B\u00edr\u00f3 Don\u00e1t; Laer J\u00f3zsef: Egyetlen termel\u0151 k\u00f6zpontba olvadt. (N\u00e9p\u00fajs\u00e1g, 1948. dec. 11.); L\u0103z\u0103roiu; M. hadviselt zsid\u00f3k; Reghin, militari; Sz\u00e9kelyf\u00f6ld \u00ed. k.; Zsid\u00f3k Erd\u00e9lyben<\/br><\/p>\n","protected":false},"excerpt":{"rendered":"<p>Mez\u0151pagocsa, 1900, \u2020 ?: fakeresked\u0151, gy\u00e1rigazgat\u00f3. \u2013 K\u00f6z\u00e9piskol\u00e1it Mv.-en v\u00e9gezte. R\u00e9szt vett az els\u0151 vh.-ban a 62. gy. ezred k\u00f6tel\u00e9k\u00e9ben (1918. m\u00e1rc. \u2013 1919. \u00e1pr.), a Sz\u00e9kely Hadoszt\u00e1lyn\u00e1l szolg\u00e1lt. A faszakm\u00e1ban kezdte tev\u00e9kenys\u00e9g\u00e9t mint tisztvisel\u0151 Sz\u00e1szr\u00e9genben. Majd \u00f6n\u00e1ll\u00f3s\u00edtotta mag\u00e1t mint f\u0171r\u00e9szgy\u00e1ros, (Lehel \u00e9s Diamanstein, 1927) speci\u00e1lis hangszerk\u00e9sz\u00edt\u00e9s\u00e9hez alakalmas f\u0171r\u00e9sz\u00e1r\u00fait N\u00e9met- \u00e9s Franciaorsz\u00e1gba export\u00e1lta. A sz\u00e1szr\u00e9geni [&hellip;]<\/p>\n","protected":false},"featured_media":0,"comment_status":"open","ping_status":"closed","template":"","meta":[],"product_brand":[],"product_cat":[137],"product_tag":[],"class_list":{"0":"post-6842","1":"product","2":"type-product","3":"status-publish","5":"product_cat-maros-megyei-eletrajzi-lexikon","7":"first","8":"instock","9":"shipping-taxable","10":"product-type-simple"},"_links":{"self":[{"href":"https:\/\/uj.adatbank.ro\/lexikon\/wp-json\/wp\/v2\/product\/6842","targetHints":{"allow":["GET"]}}],"collection":[{"href":"https:\/\/uj.adatbank.ro\/lexikon\/wp-json\/wp\/v2\/product"}],"about":[{"href":"https:\/\/uj.adatbank.ro\/lexikon\/wp-json\/wp\/v2\/types\/product"}],"replies":[{"embeddable":true,"href":"https:\/\/uj.adatbank.ro\/lexikon\/wp-json\/wp\/v2\/comments?post=6842"}],"wp:attachment":[{"href":"https:\/\/uj.adatbank.ro\/lexikon\/wp-json\/wp\/v2\/media?parent=6842"}],"wp:term":[{"taxonomy":"product_brand","embeddable":true,"href":"https:\/\/uj.adatbank.ro\/lexikon\/wp-json\/wp\/v2\/product_brand?post=6842"},{"taxonomy":"product_cat","embeddable":true,"href":"https:\/\/uj.adatbank.ro\/lexikon\/wp-json\/wp\/v2\/product_cat?post=6842"},{"taxonomy":"product_tag","embeddable":true,"href":"https:\/\/uj.adatbank.ro\/lexikon\/wp-json\/wp\/v2\/product_tag?post=6842"}],"curies":[{"name":"wp","href":"https:\/\/api.w.org\/{rel}","templated":true}]}}

DIAMANSTEIN Maximilian, Diamantstein Mihály, Diamantstein Miksa

<p>Mezőpagocsa, 1900, † ?: fakereskedő, gyárigazgató. – Középiskoláit Mv.-en végezte. Részt vett az első vh.-ban a 62. gy. ezred kötelékében (1918. márc. – 1919. ápr.), a Székely Hadosztálynál szolgált. A faszakmában kezdte tevékenységét mint tisztviselő Szászrégenben. Majd önállósította magát mint fűrészgyáros, (Lehel és Diamanstein, 1927) speciális hangszerkészítéséhez alakalmas fűrészárúit Német- és Franciaországba exportálta. A szászrégeni csónakgyártás alapítója (1932). Kajakokat, szkiffeket és túracsónakokat készítettek. Ezt a gyárat Nicu Iliescu Brinceni vásárolta meg. A 2. vh. után a szászrégeni három nagy ipari üzem a Foresta, Herbus és Reghinul egyetlen termelő központba olvadt igazgatása alatt (1948). Az IPEIL körzeti vezetője és a csónakgyártás országos szaktekintélye volt. A nevéhez, Teplánszky Miklósnak és Mild Adolfnak a nevéhez fűződik a szászrégeni hangszerműhely beindítása (1951). <br /><strong>Irod.:</strong> Bartos 2012; Bíró Donát; Laer József: Egyetlen termelő központba olvadt. (Népújság, 1948. dec. 11.); Lăzăroiu; M. hadviselt zsidók; Reghin, militari; Székelyföld í. k.; Zsidók Erdélyben</br></p>

<p>Mezőpagocsa, 1900, † ?: fakereskedő, gyárigazgató. – Középiskoláit Mv.-en végezte. Részt vett az első vh.-ban a 62. gy. ezred kötelékében (1918. márc. – 1919. ápr.), a Székely Hadosztálynál szolgált. A faszakmában kezdte tevékenységét mint tisztviselő Szászrégenben. Majd önállósította magát mint fűrészgyáros, (Lehel és Diamanstein, 1927) speciális hangszerkészítéséhez alakalmas fűrészárúit Német- és Franciaországba exportálta. A szászrégeni [&hellip;]</p>
