{"id":6851,"date":"2025-06-28T18:06:49","date_gmt":"2025-06-28T16:06:49","guid":{"rendered":"https:\/\/uj.adatbank.ro\/lexikon\/termek\/dicso-lajos\/"},"modified":"2025-06-28T18:06:49","modified_gmt":"2025-06-28T16:06:49","slug":"dicso-lajos","status":"publish","type":"product","link":"https:\/\/uj.adatbank.ro\/lexikon\/termek\/dicso-lajos\/","title":{"rendered":"DICS\u0150 Lajos"},"content":{"rendered":"<p>? \u2020 ?: v\u00e1rosi tan\u00e1csos egyh\u00e1zi p\u00e9nzt\u00e1ros. \u2013 D. J\u00e1nos (1856.?) \u00e9s L\u00e9n\u00e1rt Zsuzs\u00e1nna (1804.? \u2013 Mv., 1866. szept. 14) fia. Testv\u00e9rei: D. J\u00e1nos, K\u00e1roly, Feles\u00e9ge: Kacs\u00f3 Zsuzs\u00e1nna. \u2013 A ref. egyh\u00e1ztan\u00e1cs megb\u00edz\u00e1s\u00e1b\u00f3l Farkas Elekkel egy\u00fctt hasznos munk\u00e1t v\u00e9gzett az egyh\u00e1zi lev\u00e9lt\u00e1r rendez\u00e9s\u00e9ben (1863\u201364). <br \/><strong>Irod.:<\/strong> Farcz\u00e1dy; Gy\u00e1szjelent\u0151<\/br><\/p>\n","protected":false},"excerpt":{"rendered":"<p>? \u2020 ?: v\u00e1rosi tan\u00e1csos egyh\u00e1zi p\u00e9nzt\u00e1ros. \u2013 D. J\u00e1nos (1856.?) \u00e9s L\u00e9n\u00e1rt Zsuzs\u00e1nna (1804.? \u2013 Mv., 1866. szept. 14) fia. Testv\u00e9rei: D. J\u00e1nos, K\u00e1roly, Feles\u00e9ge: Kacs\u00f3 Zsuzs\u00e1nna. \u2013 A ref. egyh\u00e1ztan\u00e1cs megb\u00edz\u00e1s\u00e1b\u00f3l Farkas Elekkel egy\u00fctt hasznos munk\u00e1t v\u00e9gzett az egyh\u00e1zi lev\u00e9lt\u00e1r rendez\u00e9s\u00e9ben (1863\u201364). Irod.: Farcz\u00e1dy; Gy\u00e1szjelent\u0151<\/p>\n","protected":false},"featured_media":0,"comment_status":"open","ping_status":"closed","template":"","meta":[],"product_brand":[],"product_cat":[137],"product_tag":[],"class_list":{"0":"post-6851","1":"product","2":"type-product","3":"status-publish","5":"product_cat-maros-megyei-eletrajzi-lexikon","7":"first","8":"instock","9":"shipping-taxable","10":"product-type-simple"},"_links":{"self":[{"href":"https:\/\/uj.adatbank.ro\/lexikon\/wp-json\/wp\/v2\/product\/6851","targetHints":{"allow":["GET"]}}],"collection":[{"href":"https:\/\/uj.adatbank.ro\/lexikon\/wp-json\/wp\/v2\/product"}],"about":[{"href":"https:\/\/uj.adatbank.ro\/lexikon\/wp-json\/wp\/v2\/types\/product"}],"replies":[{"embeddable":true,"href":"https:\/\/uj.adatbank.ro\/lexikon\/wp-json\/wp\/v2\/comments?post=6851"}],"wp:attachment":[{"href":"https:\/\/uj.adatbank.ro\/lexikon\/wp-json\/wp\/v2\/media?parent=6851"}],"wp:term":[{"taxonomy":"product_brand","embeddable":true,"href":"https:\/\/uj.adatbank.ro\/lexikon\/wp-json\/wp\/v2\/product_brand?post=6851"},{"taxonomy":"product_cat","embeddable":true,"href":"https:\/\/uj.adatbank.ro\/lexikon\/wp-json\/wp\/v2\/product_cat?post=6851"},{"taxonomy":"product_tag","embeddable":true,"href":"https:\/\/uj.adatbank.ro\/lexikon\/wp-json\/wp\/v2\/product_tag?post=6851"}],"curies":[{"name":"wp","href":"https:\/\/api.w.org\/{rel}","templated":true}]}}