{"id":6854,"date":"2025-06-28T18:06:57","date_gmt":"2025-06-28T16:06:57","guid":{"rendered":"https:\/\/uj.adatbank.ro\/lexikon\/termek\/dienes-orban-zsofia-dienes-sandorne-orban-zsofia\/"},"modified":"2025-06-28T18:06:57","modified_gmt":"2025-06-28T16:06:57","slug":"dienes-orban-zsofia-dienes-sandorne-orban-zsofia","status":"publish","type":"product","link":"https:\/\/uj.adatbank.ro\/lexikon\/termek\/dienes-orban-zsofia-dienes-sandorne-orban-zsofia\/","title":{"rendered":"DIENES ORB\u00c1N Zs\u00f3fia, Dienes S\u00e1ndorn\u00e9, Orb\u00e1n Zs\u00f3fia"},"content":{"rendered":"<p>?, \u2020 Mv., 1994. nov. 27.: tan\u00e1r. \u2013 Testnevel\u0151 tan\u00e1r, a MOGYI \/ MOGYE lektora, a Sz\u00ednm\u0171v\u00e9szeti Akad. Szentgy\u00f6rgyi Istv\u00e1n tagozat\u00e1nak tan\u00e1ra. Az egyetemi v\u00edv\u00f3 szakoszt\u00e1ly tagja. <br \/><strong>Irod.:<\/strong> [Nekrol\u00f3g] (N\u00fa., 1994. nov. 29.)<\/br><\/p>\n","protected":false},"excerpt":{"rendered":"<p>?, \u2020 Mv., 1994. nov. 27.: tan\u00e1r. \u2013 Testnevel\u0151 tan\u00e1r, a MOGYI \/ MOGYE lektora, a Sz\u00ednm\u0171v\u00e9szeti Akad. Szentgy\u00f6rgyi Istv\u00e1n tagozat\u00e1nak tan\u00e1ra. Az egyetemi v\u00edv\u00f3 szakoszt\u00e1ly tagja. Irod.: [Nekrol\u00f3g] (N\u00fa., 1994. nov. 29.)<\/p>\n","protected":false},"featured_media":0,"comment_status":"open","ping_status":"closed","template":"","meta":[],"product_brand":[],"product_cat":[137],"product_tag":[],"class_list":{"0":"post-6854","1":"product","2":"type-product","3":"status-publish","5":"product_cat-maros-megyei-eletrajzi-lexikon","7":"first","8":"instock","9":"shipping-taxable","10":"product-type-simple"},"_links":{"self":[{"href":"https:\/\/uj.adatbank.ro\/lexikon\/wp-json\/wp\/v2\/product\/6854","targetHints":{"allow":["GET"]}}],"collection":[{"href":"https:\/\/uj.adatbank.ro\/lexikon\/wp-json\/wp\/v2\/product"}],"about":[{"href":"https:\/\/uj.adatbank.ro\/lexikon\/wp-json\/wp\/v2\/types\/product"}],"replies":[{"embeddable":true,"href":"https:\/\/uj.adatbank.ro\/lexikon\/wp-json\/wp\/v2\/comments?post=6854"}],"wp:attachment":[{"href":"https:\/\/uj.adatbank.ro\/lexikon\/wp-json\/wp\/v2\/media?parent=6854"}],"wp:term":[{"taxonomy":"product_brand","embeddable":true,"href":"https:\/\/uj.adatbank.ro\/lexikon\/wp-json\/wp\/v2\/product_brand?post=6854"},{"taxonomy":"product_cat","embeddable":true,"href":"https:\/\/uj.adatbank.ro\/lexikon\/wp-json\/wp\/v2\/product_cat?post=6854"},{"taxonomy":"product_tag","embeddable":true,"href":"https:\/\/uj.adatbank.ro\/lexikon\/wp-json\/wp\/v2\/product_tag?post=6854"}],"curies":[{"name":"wp","href":"https:\/\/api.w.org\/{rel}","templated":true}]}}