{"id":6855,"date":"2025-06-28T18:06:59","date_gmt":"2025-06-28T16:06:59","guid":{"rendered":"https:\/\/uj.adatbank.ro\/lexikon\/termek\/dienes-peter\/"},"modified":"2025-06-28T18:06:59","modified_gmt":"2025-06-28T16:06:59","slug":"dienes-peter","status":"publish","type":"product","link":"https:\/\/uj.adatbank.ro\/lexikon\/termek\/dienes-peter\/","title":{"rendered":"DIENES P\u00e9ter"},"content":{"rendered":"<p>Sz\u00e1szr\u00e9gen, 1844. szept. 21., \u2020\u00a0Miskolc, 1911. m\u00e1rc. 27.: tan\u00e1r. \u2013 A gimn. -ot a mv.-i Ref. Koll.-ban, a b\u00f6lcseleti \u00e9s jogi tanfolyamot a kv.-i , a teol\u00f3gi\u00e1t a nagyenyedi, a bp.-i ref. szemin\u00e1riumokban v\u00e9gezte; a pesti egyetemen t\u00f6rt\u00e9nelem \u00e9s irodalom szakb\u00f3l tan\u00e1ri diplom\u00e1t szerzett (1873). Tan\u00edtott (1876\u2013): Kv.-on, a fels\u0151b\u00fckki Nagy S\u00e1ndorn\u00e1l Hety\u00e9nben nevel\u0151. Nagyr\u0151c\u00e9n igazgat\u00f3, Miskolcon az \u00c1llami Polg\u00e1ri Kereskedelmi Iskol\u00e1ban tan\u00edtott t\u00f6rt\u00e9nelmet \u00e9s ker. \u2013i f\u00f6ldrajzot (1878\u2013), a kereskedelmi tanonciskol\u00e1ban \u00e1lt. ismereteket, f\u00f6ldrajzot \u00e9s fogalmaz\u00e1st. Tartott felolvas\u00e1sokat. Tagja a Felolvas\u00e1sokat Rendez\u0151 Bizotts\u00e1gnak \u00e9s a Polg\u00e1ri Egyletnek. Cikkeit k\u00f6z\u00f6lte a: G\u00f6m\u00f6rmegyei Lapok, Borsodmegyei Lapok, Borsod \u00e9s Miskolc, K\u00f6zgazdas\u00e1g, K\u00f6zv\u00e9lem\u00e9ny, M. Ipar, Egyet\u00e9rt\u00e9s, Borsod-Miskolci K\u00f6zl\u00f6ny. \u2013 <strong>F. m.:<\/strong> Iparos tanul\u00f3k ismerett\u00e1ra (Rimaszombat, 1878); Teend\u0151ink a hazai ipar v\u00e9delme \u00e9s emel\u00e9se \u00e9rdek\u00e9ben (Miskolc, 1880); A magyar-osztr\u00e1k monarchia f\u00f6ldrajza: Polg\u00e1ri iskol\u00e1k \u00e9s le\u00e1ny n\u00f6vend\u00e9kek sz\u00e1m\u00e1ra (Miskolc, 1882, 1884); Egyetemes f\u00f6ldrajz polg\u00e1ri iskol\u00e1k \u00e9s m\u00e1s hasonmin\u0151s\u00e9g\u0171 tanint\u00e9zetek sz\u00e1m\u00e1ra (Miskolc, 1883, 1888); Az \u00f6t vil\u00e1gr\u00e9sz f\u00f6ldrajza (Miskolc, 1884); M. olvas\u00f3k\u00f6nyv als\u00f3fok\u00fa ipariskol\u00e1k sz\u00e1m\u00e1ra 3 k\u00f6t. (Miskolc, 1885, 1888\u201389); Ipar- \u00e9s kereskedelmi oktat\u00e1sunk szakszer\u0171 fejleszt\u00e9se (Bp., 1890, 1892); Egyetemes f\u00f6ldrajz: polg\u00e1ri fi\u00faiskol\u00e1k \u00e9s m\u00e1s hasonnem\u0171 int\u00e9zetek sz\u00e1m\u00e1ra (Bp., 1894); F\u00f6ldrajz ker. tanonc isk. -nak (Bp., 1894, 1902, 1907, 1910). <br \/><strong>Irod.:<\/strong> Profiluri reghinene; Schack B\u00e9la: Kereskedelmi iskol\u00e1ink a millenium esztendej\u00e9ben (Bp., 1896); Schak-Vincze; Szinnyei; Todea\u2013F\u00fcl\u00f6p\u2013Avram<\/br><\/p>\n","protected":false},"excerpt":{"rendered":"<p>Sz\u00e1szr\u00e9gen, 1844. szept. 21., \u2020\u00a0Miskolc, 1911. m\u00e1rc. 27.: tan\u00e1r. \u2013 A gimn. -ot a mv.-i Ref. Koll.-ban, a b\u00f6lcseleti \u00e9s jogi tanfolyamot a kv.-i , a teol\u00f3gi\u00e1t a nagyenyedi, a bp.-i ref. szemin\u00e1riumokban v\u00e9gezte; a pesti egyetemen t\u00f6rt\u00e9nelem \u00e9s irodalom szakb\u00f3l tan\u00e1ri diplom\u00e1t szerzett (1873). Tan\u00edtott (1876\u2013): Kv.-on, a fels\u0151b\u00fckki Nagy S\u00e1ndorn\u00e1l Hety\u00e9nben nevel\u0151. Nagyr\u0151c\u00e9n [&hellip;]<\/p>\n","protected":false},"featured_media":0,"comment_status":"open","ping_status":"closed","template":"","meta":[],"product_brand":[],"product_cat":[137],"product_tag":[],"class_list":{"0":"post-6855","1":"product","2":"type-product","3":"status-publish","5":"product_cat-maros-megyei-eletrajzi-lexikon","7":"first","8":"instock","9":"shipping-taxable","10":"product-type-simple"},"_links":{"self":[{"href":"https:\/\/uj.adatbank.ro\/lexikon\/wp-json\/wp\/v2\/product\/6855","targetHints":{"allow":["GET"]}}],"collection":[{"href":"https:\/\/uj.adatbank.ro\/lexikon\/wp-json\/wp\/v2\/product"}],"about":[{"href":"https:\/\/uj.adatbank.ro\/lexikon\/wp-json\/wp\/v2\/types\/product"}],"replies":[{"embeddable":true,"href":"https:\/\/uj.adatbank.ro\/lexikon\/wp-json\/wp\/v2\/comments?post=6855"}],"wp:attachment":[{"href":"https:\/\/uj.adatbank.ro\/lexikon\/wp-json\/wp\/v2\/media?parent=6855"}],"wp:term":[{"taxonomy":"product_brand","embeddable":true,"href":"https:\/\/uj.adatbank.ro\/lexikon\/wp-json\/wp\/v2\/product_brand?post=6855"},{"taxonomy":"product_cat","embeddable":true,"href":"https:\/\/uj.adatbank.ro\/lexikon\/wp-json\/wp\/v2\/product_cat?post=6855"},{"taxonomy":"product_tag","embeddable":true,"href":"https:\/\/uj.adatbank.ro\/lexikon\/wp-json\/wp\/v2\/product_tag?post=6855"}],"curies":[{"name":"wp","href":"https:\/\/api.w.org\/{rel}","templated":true}]}}

DIENES Péter

<p>Szászrégen, 1844. szept. 21., † Miskolc, 1911. márc. 27.: tanár. – A gimn. -ot a mv.-i Ref. Koll.-ban, a bölcseleti és jogi tanfolyamot a kv.-i , a teológiát a nagyenyedi, a bp.-i ref. szemináriumokban végezte; a pesti egyetemen történelem és irodalom szakból tanári diplomát szerzett (1873). Tanított (1876–): Kv.-on, a felsőbükki Nagy Sándornál Hetyénben nevelő. Nagyrőcén igazgató, Miskolcon az Állami Polgári Kereskedelmi Iskolában tanított történelmet és ker. –i földrajzot (1878–), a kereskedelmi tanonciskolában ált. ismereteket, földrajzot és fogalmazást. Tartott felolvasásokat. Tagja a Felolvasásokat Rendező Bizottságnak és a Polgári Egyletnek. Cikkeit közölte a: Gömörmegyei Lapok, Borsodmegyei Lapok, Borsod és Miskolc, Közgazdaság, Közvélemény, M. Ipar, Egyetértés, Borsod-Miskolci Közlöny. – <strong>F. m.:</strong> Iparos tanulók ismerettára (Rimaszombat, 1878); Teendőink a hazai ipar védelme és emelése érdekében (Miskolc, 1880); A magyar-osztrák monarchia földrajza: Polgári iskolák és leány növendékek számára (Miskolc, 1882, 1884); Egyetemes földrajz polgári iskolák és más hasonminőségű tanintézetek számára (Miskolc, 1883, 1888); Az öt világrész földrajza (Miskolc, 1884); M. olvasókönyv alsófokú ipariskolák számára 3 köt. (Miskolc, 1885, 1888–89); Ipar- és kereskedelmi oktatásunk szakszerű fejlesztése (Bp., 1890, 1892); Egyetemes földrajz: polgári fiúiskolák és más hasonnemű intézetek számára (Bp., 1894); Földrajz ker. tanonc isk. -nak (Bp., 1894, 1902, 1907, 1910). <br /><strong>Irod.:</strong> Profiluri reghinene; Schack Béla: Kereskedelmi iskoláink a millenium esztendejében (Bp., 1896); Schak-Vincze; Szinnyei; Todea–Fülöp–Avram</br></p>

<p>Szászrégen, 1844. szept. 21., † Miskolc, 1911. márc. 27.: tanár. – A gimn. -ot a mv.-i Ref. Koll.-ban, a bölcseleti és jogi tanfolyamot a kv.-i , a teológiát a nagyenyedi, a bp.-i ref. szemináriumokban végezte; a pesti egyetemen történelem és irodalom szakból tanári diplomát szerzett (1873). Tanított (1876–): Kv.-on, a felsőbükki Nagy Sándornál Hetyénben nevelő. Nagyrőcén [&hellip;]</p>
