{"id":6856,"date":"2025-06-28T18:07:01","date_gmt":"2025-06-28T16:07:01","guid":{"rendered":"https:\/\/uj.adatbank.ro\/lexikon\/termek\/dienes-sandor-lajos-a-l-dienes\/"},"modified":"2025-06-28T18:07:01","modified_gmt":"2025-06-28T16:07:01","slug":"dienes-sandor-lajos-a-l-dienes","status":"publish","type":"product","link":"https:\/\/uj.adatbank.ro\/lexikon\/termek\/dienes-sandor-lajos-a-l-dienes\/","title":{"rendered":"DI\u00c9NES S\u00e1ndor Lajos, A. l. Dienes"},"content":{"rendered":"<p>Kv., 1925. j\u00fal. 3., \u2020 Mv., 2019: orvos, tan\u00e1r. \u2013 Kv.-on tanult \u00e9s v\u00e9gezte a Bolyai TE f\u00f6ldrajz-geol\u00f3gia szak\u00e1t (1949), utols\u00f3 \u00e9ven m\u00e1r tan\u00e1rseg\u00e9d volt. Cs\u00edkszered\u00e1ban (1952\u201353), Mv.-en munkaorvostani fel\u00fcgyel\u0151, adjunktus az Orvosi. Egyetem k\u00f6zeg\u00e9szs\u00e9g\u00fcgyi Kar\u00e1n, el\u0151ad\u00f3tan\u00e1r (1970). Az orvostudom\u00e1nyok doktora (1970), DAAD-\u00f6szt\u00f6nd\u00edjas Bonnban (1970\u201371), szen\u00e1tusi \u00f6szt\u00f6nd\u00edjat kapott Berlinben (1973). Az egyetem K\u00f6zeg\u00e9szs\u00e9g\u00fcgyi Kar\u00e1n munkaeg\u00e9szs\u00e9gtani tan\u00e1r, orvosprofesszor. Az I. sz. belgy\u00f3gy\u00e1szati munkaorvostani k\u00f3rtermet rendeztek be, amelyben megszervezte \u00e9s megnyitotta a foglalkoz\u00e1si betegs\u00e9gek klinik\u00e1j\u00e1t. A Munkaorvostani katedra tansz\u00e9kvezet\u0151je (1977\u20131991). Doktor\u00e1tust vezet\u0151 tan\u00e1r. Nyugd\u00edjasan magyar nyelv\u0171 \u00f3raad\u00f3 \u00e9s konzult\u00e1ns professzor. V\u00e1llalta az \u00fczemorvosok \u00e9s k\u00f6rzeti orvosok szakk\u00e9pz\u00e9s\u00e9t is. Oktatott az eg\u00e9szs\u00e9g\u00fcgyi technikumban is (2010 ut\u00e1n). Megalap\u00edtotta az egyetem v\u00edv\u00f3szakoszt\u00e1ly\u00e1t (1945) \u00e9s a rom\u00e1n v\u00edv\u00f3v\u00e1logatott tagja (1953-ban). Szaktanulm\u00e1nyait k\u00f6z\u00f6lt\u00e9k rom\u00e1n, olasz, n\u00e9met, sv\u00e1jci, holland szaklapok. Munk\u00e1ss\u00e1g\u00e1\u00e9rt d\u00edjakat \u00e9s kit\u00fcntet\u00e9seket kapott: Arany J\u00e1nos-\u00e9rmet, Magyar \u00c9rdemrend tiszti keresztj\u00e9t, P\u00e1pai P\u00e1riz Ferenc-d\u00edja. A mv.-i r. k. temet\u0151 fels\u0151 k\u00e1poln\u00e1j\u00e1ban volt a b\u00facs\u00faztat\u00e1sa (2019. okt. 6.), a kv.-i H\u00e1zsong\u00e1rdi temet\u0151ben nyugszik (2019. okt. 7.). <strong>F. m.:<\/strong> Medicina muncii (1979); Munkaorvostan (1981);. <br \/><strong>Irod.:<\/strong> EMKK 2010; Kiss-P- P.; Magy kutat\u00f3k; Magy. prof.<\/br><\/p>\n","protected":false},"excerpt":{"rendered":"<p>Kv., 1925. j\u00fal. 3., \u2020 Mv., 2019: orvos, tan\u00e1r. \u2013 Kv.-on tanult \u00e9s v\u00e9gezte a Bolyai TE f\u00f6ldrajz-geol\u00f3gia szak\u00e1t (1949), utols\u00f3 \u00e9ven m\u00e1r tan\u00e1rseg\u00e9d volt. Cs\u00edkszered\u00e1ban (1952\u201353), Mv.-en munkaorvostani fel\u00fcgyel\u0151, adjunktus az Orvosi. Egyetem k\u00f6zeg\u00e9szs\u00e9g\u00fcgyi Kar\u00e1n, el\u0151ad\u00f3tan\u00e1r (1970). Az orvostudom\u00e1nyok doktora (1970), DAAD-\u00f6szt\u00f6nd\u00edjas Bonnban (1970\u201371), szen\u00e1tusi \u00f6szt\u00f6nd\u00edjat kapott Berlinben (1973). Az egyetem K\u00f6zeg\u00e9szs\u00e9g\u00fcgyi Kar\u00e1n munkaeg\u00e9szs\u00e9gtani [&hellip;]<\/p>\n","protected":false},"featured_media":0,"comment_status":"open","ping_status":"closed","template":"","meta":[],"product_brand":[],"product_cat":[137],"product_tag":[],"class_list":{"0":"post-6856","1":"product","2":"type-product","3":"status-publish","5":"product_cat-maros-megyei-eletrajzi-lexikon","7":"first","8":"instock","9":"shipping-taxable","10":"product-type-simple"},"_links":{"self":[{"href":"https:\/\/uj.adatbank.ro\/lexikon\/wp-json\/wp\/v2\/product\/6856","targetHints":{"allow":["GET"]}}],"collection":[{"href":"https:\/\/uj.adatbank.ro\/lexikon\/wp-json\/wp\/v2\/product"}],"about":[{"href":"https:\/\/uj.adatbank.ro\/lexikon\/wp-json\/wp\/v2\/types\/product"}],"replies":[{"embeddable":true,"href":"https:\/\/uj.adatbank.ro\/lexikon\/wp-json\/wp\/v2\/comments?post=6856"}],"wp:attachment":[{"href":"https:\/\/uj.adatbank.ro\/lexikon\/wp-json\/wp\/v2\/media?parent=6856"}],"wp:term":[{"taxonomy":"product_brand","embeddable":true,"href":"https:\/\/uj.adatbank.ro\/lexikon\/wp-json\/wp\/v2\/product_brand?post=6856"},{"taxonomy":"product_cat","embeddable":true,"href":"https:\/\/uj.adatbank.ro\/lexikon\/wp-json\/wp\/v2\/product_cat?post=6856"},{"taxonomy":"product_tag","embeddable":true,"href":"https:\/\/uj.adatbank.ro\/lexikon\/wp-json\/wp\/v2\/product_tag?post=6856"}],"curies":[{"name":"wp","href":"https:\/\/api.w.org\/{rel}","templated":true}]}}