{"id":6857,"date":"2025-06-28T18:07:02","date_gmt":"2025-06-28T16:07:02","guid":{"rendered":"https:\/\/uj.adatbank.ro\/lexikon\/termek\/dienesch-samuel\/"},"modified":"2025-06-28T18:07:02","modified_gmt":"2025-06-28T16:07:02","slug":"dienesch-samuel","status":"publish","type":"product","link":"https:\/\/uj.adatbank.ro\/lexikon\/termek\/dienesch-samuel\/","title":{"rendered":"DIENESCH S\u00e1muel"},"content":{"rendered":"<p>Sz\u00e1szr\u00e9gen, 1844. febr. 26. \u2020 ? : \u0151rnagy. \u2013 Sz\u00fcl\u0151v\u00e1ros\u00e1ban gimn. -ot v\u00e9gzett, majd \u00f6nk\u00e9ntesk\u00e9nt be\u00e1llt a 62. kv.-i gyalogezredbe, ahol alhadnagyi rangig \u00e9rt el. A sz\u00e9kesfeh\u00e9rv\u00e1ri husz\u00e1rezredhez helyezt\u00e9k (1868. aug. 1. \u2013). Hadnagy, f\u0151hadnagy, lovass\u00e1gi kapit\u00e1ny, \u0151rnagy lett (1890). R\u00e9szt vett a k\u00f6nigsgratz-i csat\u00e1ban (1866). Bp. -re helyezt\u00e9k (1884\u2013), nyugd\u00edjba vonult (1892), majd Erd\u00e9lybe \u2013 ma m\u00e9g ismeretlen v\u00e1rosba \u2013 telepedett le. Nemess\u00e9get nyert Edler von el\u0151n\u00e9vvel (1894). Hal\u00e1l\u00e1nak id\u0151pontja is ismeretlen. <br \/><strong>Irod.:<\/strong> Reghin, militari<\/br><\/p>\n","protected":false},"excerpt":{"rendered":"<p>Sz\u00e1szr\u00e9gen, 1844. febr. 26. \u2020 ? : \u0151rnagy. \u2013 Sz\u00fcl\u0151v\u00e1ros\u00e1ban gimn. -ot v\u00e9gzett, majd \u00f6nk\u00e9ntesk\u00e9nt be\u00e1llt a 62. kv.-i gyalogezredbe, ahol alhadnagyi rangig \u00e9rt el. A sz\u00e9kesfeh\u00e9rv\u00e1ri husz\u00e1rezredhez helyezt\u00e9k (1868. aug. 1. \u2013). Hadnagy, f\u0151hadnagy, lovass\u00e1gi kapit\u00e1ny, \u0151rnagy lett (1890). R\u00e9szt vett a k\u00f6nigsgratz-i csat\u00e1ban (1866). Bp. -re helyezt\u00e9k (1884\u2013), nyugd\u00edjba vonult (1892), majd Erd\u00e9lybe [&hellip;]<\/p>\n","protected":false},"featured_media":0,"comment_status":"open","ping_status":"closed","template":"","meta":[],"product_brand":[],"product_cat":[137],"product_tag":[],"class_list":{"0":"post-6857","1":"product","2":"type-product","3":"status-publish","5":"product_cat-maros-megyei-eletrajzi-lexikon","7":"first","8":"instock","9":"shipping-taxable","10":"product-type-simple"},"_links":{"self":[{"href":"https:\/\/uj.adatbank.ro\/lexikon\/wp-json\/wp\/v2\/product\/6857","targetHints":{"allow":["GET"]}}],"collection":[{"href":"https:\/\/uj.adatbank.ro\/lexikon\/wp-json\/wp\/v2\/product"}],"about":[{"href":"https:\/\/uj.adatbank.ro\/lexikon\/wp-json\/wp\/v2\/types\/product"}],"replies":[{"embeddable":true,"href":"https:\/\/uj.adatbank.ro\/lexikon\/wp-json\/wp\/v2\/comments?post=6857"}],"wp:attachment":[{"href":"https:\/\/uj.adatbank.ro\/lexikon\/wp-json\/wp\/v2\/media?parent=6857"}],"wp:term":[{"taxonomy":"product_brand","embeddable":true,"href":"https:\/\/uj.adatbank.ro\/lexikon\/wp-json\/wp\/v2\/product_brand?post=6857"},{"taxonomy":"product_cat","embeddable":true,"href":"https:\/\/uj.adatbank.ro\/lexikon\/wp-json\/wp\/v2\/product_cat?post=6857"},{"taxonomy":"product_tag","embeddable":true,"href":"https:\/\/uj.adatbank.ro\/lexikon\/wp-json\/wp\/v2\/product_tag?post=6857"}],"curies":[{"name":"wp","href":"https:\/\/api.w.org\/{rel}","templated":true}]}}

DIENESCH Sámuel

<p>Szászrégen, 1844. febr. 26. † ? : őrnagy. – Szülővárosában gimn. -ot végzett, majd önkéntesként beállt a 62. kv.-i gyalogezredbe, ahol alhadnagyi rangig ért el. A székesfehérvári huszárezredhez helyezték (1868. aug. 1. –). Hadnagy, főhadnagy, lovassági kapitány, őrnagy lett (1890). Részt vett a königsgratz-i csatában (1866). Bp. -re helyezték (1884–), nyugdíjba vonult (1892), majd Erdélybe – ma még ismeretlen városba – telepedett le. Nemességet nyert Edler von előnévvel (1894). Halálának időpontja is ismeretlen. <br /><strong>Irod.:</strong> Reghin, militari</br></p>

<p>Szászrégen, 1844. febr. 26. † ? : őrnagy. – Szülővárosában gimn. -ot végzett, majd önkéntesként beállt a 62. kv.-i gyalogezredbe, ahol alhadnagyi rangig ért el. A székesfehérvári huszárezredhez helyezték (1868. aug. 1. –). Hadnagy, főhadnagy, lovassági kapitány, őrnagy lett (1890). Részt vett a königsgratz-i csatában (1866). Bp. -re helyezték (1884–), nyugdíjba vonult (1892), majd Erdélybe [&hellip;]</p>
