{"id":6858,"date":"2025-06-28T18:07:05","date_gmt":"2025-06-28T16:07:05","guid":{"rendered":"https:\/\/uj.adatbank.ro\/lexikon\/termek\/dietrich\/"},"modified":"2025-06-28T18:07:05","modified_gmt":"2025-06-28T16:07:05","slug":"dietrich","status":"publish","type":"product","link":"https:\/\/uj.adatbank.ro\/lexikon\/termek\/dietrich\/","title":{"rendered":"DIETRICH"},"content":{"rendered":"<p>? \u2020\u00a0? : segesv\u00e1ri polg\u00e1r \u2013 Val\u00f3sz\u00edn\u0171leg igen tehet\u0151s polg\u00e1r. Az \u0151 adom\u00e1ny\u00e1b\u00f3l \u00e9p\u00edtett\u00e9k meg a segesv\u00e1ri v\u00e1rba vezet\u0151, iskol\u00e1sok fedett l\u00e9pcs\u0151sor\u00e1t (1642\u2013). A l\u00e9pcs\u0151k a hegy tetej\u00e9n tal\u00e1lhat\u00f3 \u0151si sz\u00e1sz iskol\u00e1ba \u00e9s a mai ev. templomba vezetnek. A l\u00e9pcs\u0151k alj\u00e1ban egy 13. \u2013 14. sz. -beli g\u00f3tikus templom romjai igazolj\u00e1k, h. egykor az volt az Isten H\u00e1za. <br \/><strong>Irod.:<\/strong> Sighi\u015foara: Comorile Trans.<\/br><\/p>\n","protected":false},"excerpt":{"rendered":"<p>? \u2020\u00a0? : segesv\u00e1ri polg\u00e1r \u2013 Val\u00f3sz\u00edn\u0171leg igen tehet\u0151s polg\u00e1r. Az \u0151 adom\u00e1ny\u00e1b\u00f3l \u00e9p\u00edtett\u00e9k meg a segesv\u00e1ri v\u00e1rba vezet\u0151, iskol\u00e1sok fedett l\u00e9pcs\u0151sor\u00e1t (1642\u2013). A l\u00e9pcs\u0151k a hegy tetej\u00e9n tal\u00e1lhat\u00f3 \u0151si sz\u00e1sz iskol\u00e1ba \u00e9s a mai ev. templomba vezetnek. A l\u00e9pcs\u0151k alj\u00e1ban egy 13. \u2013 14. sz. -beli g\u00f3tikus templom romjai igazolj\u00e1k, h. egykor az volt [&hellip;]<\/p>\n","protected":false},"featured_media":0,"comment_status":"open","ping_status":"closed","template":"","meta":[],"product_brand":[],"product_cat":[137],"product_tag":[],"class_list":{"0":"post-6858","1":"product","2":"type-product","3":"status-publish","5":"product_cat-maros-megyei-eletrajzi-lexikon","7":"first","8":"instock","9":"shipping-taxable","10":"product-type-simple"},"_links":{"self":[{"href":"https:\/\/uj.adatbank.ro\/lexikon\/wp-json\/wp\/v2\/product\/6858","targetHints":{"allow":["GET"]}}],"collection":[{"href":"https:\/\/uj.adatbank.ro\/lexikon\/wp-json\/wp\/v2\/product"}],"about":[{"href":"https:\/\/uj.adatbank.ro\/lexikon\/wp-json\/wp\/v2\/types\/product"}],"replies":[{"embeddable":true,"href":"https:\/\/uj.adatbank.ro\/lexikon\/wp-json\/wp\/v2\/comments?post=6858"}],"wp:attachment":[{"href":"https:\/\/uj.adatbank.ro\/lexikon\/wp-json\/wp\/v2\/media?parent=6858"}],"wp:term":[{"taxonomy":"product_brand","embeddable":true,"href":"https:\/\/uj.adatbank.ro\/lexikon\/wp-json\/wp\/v2\/product_brand?post=6858"},{"taxonomy":"product_cat","embeddable":true,"href":"https:\/\/uj.adatbank.ro\/lexikon\/wp-json\/wp\/v2\/product_cat?post=6858"},{"taxonomy":"product_tag","embeddable":true,"href":"https:\/\/uj.adatbank.ro\/lexikon\/wp-json\/wp\/v2\/product_tag?post=6858"}],"curies":[{"name":"wp","href":"https:\/\/api.w.org\/{rel}","templated":true}]}}