{"id":6863,"date":"2025-06-28T18:07:13","date_gmt":"2025-06-28T16:07:13","guid":{"rendered":"https:\/\/uj.adatbank.ro\/lexikon\/termek\/dimeny-mozesne-szabo-anna\/"},"modified":"2025-06-28T18:07:13","modified_gmt":"2025-06-28T16:07:13","slug":"dimeny-mozesne-szabo-anna","status":"publish","type":"product","link":"https:\/\/uj.adatbank.ro\/lexikon\/termek\/dimeny-mozesne-szabo-anna\/","title":{"rendered":"DIM\u00c9NY M\u00f3zesn\u00e9, Szab\u00f3 Anna"},"content":{"rendered":"<p>Szab\u00e9d, 1827., \u2020\u00a0Szab\u00e9d, 1904: csel\u00e9d, napsz\u00e1mos. \u2013 Fiatal kor\u00e1ban Mv.-en szolg\u00e1lt, majd napsz\u00e1mosk\u00e9nt tartotta el mag\u00e1t. Az \u00e9nekes tehets\u00e9g\u0171, j\u00f3 memori\u00e1j\u00fa asszonyt\u00f3l, di\u00e1kkor\u00e1ban R\u00e9diger \u00d6d\u00f6n gy\u0171jt\u00f6tt n\u00e9pdalokat, ballad\u00e1kat. \u2013 <strong>F. m.:<\/strong> Ne mondd, any\u00e1m, f\u0151d \u00e1tk\u00e1nak \/ Dim\u00e9ny M\u00f3zesn\u00e9 Szab\u00f3 Anna \u00e9nekei, Szab\u00e9d, 1895\u20131896. R\u00e9diger \u00d6d\u00f6n gy\u0171jt\u00e9s\u00e9t Kanyar\u00f3 Ferenc hagyat\u00e9k\u00e1b\u00f3l bevezet\u0151 tanulm\u00e1nnyal \u00e9s jegyzetekkel k\u00f6zz\u00e9teszi Olosz Katalin (Kv., 2009). <br \/><strong>Irod.:<\/strong> Abrudb\u00e1nyai \u00d6d\u00f6n: Szab\u00e9dr\u00f3l. levett kalappal (P\u00e9cs, 1944).<\/br><\/p>\n","protected":false},"excerpt":{"rendered":"<p>Szab\u00e9d, 1827., \u2020\u00a0Szab\u00e9d, 1904: csel\u00e9d, napsz\u00e1mos. \u2013 Fiatal kor\u00e1ban Mv.-en szolg\u00e1lt, majd napsz\u00e1mosk\u00e9nt tartotta el mag\u00e1t. Az \u00e9nekes tehets\u00e9g\u0171, j\u00f3 memori\u00e1j\u00fa asszonyt\u00f3l, di\u00e1kkor\u00e1ban R\u00e9diger \u00d6d\u00f6n gy\u0171jt\u00f6tt n\u00e9pdalokat, ballad\u00e1kat. \u2013 F. m.: Ne mondd, any\u00e1m, f\u0151d \u00e1tk\u00e1nak \/ Dim\u00e9ny M\u00f3zesn\u00e9 Szab\u00f3 Anna \u00e9nekei, Szab\u00e9d, 1895\u20131896. R\u00e9diger \u00d6d\u00f6n gy\u0171jt\u00e9s\u00e9t Kanyar\u00f3 Ferenc hagyat\u00e9k\u00e1b\u00f3l bevezet\u0151 tanulm\u00e1nnyal \u00e9s jegyzetekkel k\u00f6zz\u00e9teszi [&hellip;]<\/p>\n","protected":false},"featured_media":0,"comment_status":"open","ping_status":"closed","template":"","meta":[],"product_brand":[],"product_cat":[137],"product_tag":[],"class_list":{"0":"post-6863","1":"product","2":"type-product","3":"status-publish","5":"product_cat-maros-megyei-eletrajzi-lexikon","7":"first","8":"instock","9":"shipping-taxable","10":"product-type-simple"},"_links":{"self":[{"href":"https:\/\/uj.adatbank.ro\/lexikon\/wp-json\/wp\/v2\/product\/6863","targetHints":{"allow":["GET"]}}],"collection":[{"href":"https:\/\/uj.adatbank.ro\/lexikon\/wp-json\/wp\/v2\/product"}],"about":[{"href":"https:\/\/uj.adatbank.ro\/lexikon\/wp-json\/wp\/v2\/types\/product"}],"replies":[{"embeddable":true,"href":"https:\/\/uj.adatbank.ro\/lexikon\/wp-json\/wp\/v2\/comments?post=6863"}],"wp:attachment":[{"href":"https:\/\/uj.adatbank.ro\/lexikon\/wp-json\/wp\/v2\/media?parent=6863"}],"wp:term":[{"taxonomy":"product_brand","embeddable":true,"href":"https:\/\/uj.adatbank.ro\/lexikon\/wp-json\/wp\/v2\/product_brand?post=6863"},{"taxonomy":"product_cat","embeddable":true,"href":"https:\/\/uj.adatbank.ro\/lexikon\/wp-json\/wp\/v2\/product_cat?post=6863"},{"taxonomy":"product_tag","embeddable":true,"href":"https:\/\/uj.adatbank.ro\/lexikon\/wp-json\/wp\/v2\/product_tag?post=6863"}],"curies":[{"name":"wp","href":"https:\/\/api.w.org\/{rel}","templated":true}]}}

DIMÉNY Mózesné, Szabó Anna

<p>Szabéd, 1827., † Szabéd, 1904: cseléd, napszámos. – Fiatal korában Mv.-en szolgált, majd napszámosként tartotta el magát. Az énekes tehetségű, jó memoriájú asszonytól, diákkorában Rédiger Ödön gyűjtött népdalokat, balladákat. – <strong>F. m.:</strong> Ne mondd, anyám, főd átkának / Dimény Mózesné Szabó Anna énekei, Szabéd, 1895–1896. Rédiger Ödön gyűjtését Kanyaró Ferenc hagyatékából bevezető tanulmánnyal és jegyzetekkel közzéteszi Olosz Katalin (Kv., 2009). <br /><strong>Irod.:</strong> Abrudbányai Ödön: Szabédról. levett kalappal (Pécs, 1944).</br></p>

<p>Szabéd, 1827., † Szabéd, 1904: cseléd, napszámos. – Fiatal korában Mv.-en szolgált, majd napszámosként tartotta el magát. Az énekes tehetségű, jó memoriájú asszonytól, diákkorában Rédiger Ödön gyűjtött népdalokat, balladákat. – F. m.: Ne mondd, anyám, főd átkának / Dimény Mózesné Szabó Anna énekei, Szabéd, 1895–1896. Rédiger Ödön gyűjtését Kanyaró Ferenc hagyatékából bevezető tanulmánnyal és jegyzetekkel közzéteszi [&hellip;]</p>
