{"id":6875,"date":"2025-06-28T18:07:41","date_gmt":"2025-06-28T16:07:41","guid":{"rendered":"https:\/\/uj.adatbank.ro\/lexikon\/termek\/diosi-andras-peter\/"},"modified":"2025-06-28T18:07:41","modified_gmt":"2025-06-28T16:07:41","slug":"diosi-andras-peter","status":"publish","type":"product","link":"https:\/\/uj.adatbank.ro\/lexikon\/termek\/diosi-andras-peter\/","title":{"rendered":"DI\u00d3SI Andr\u00e1s P\u00e9ter"},"content":{"rendered":"<p>Bar\u00e1tos, 1921. szept. 10. \u2020\u00a0? : orvosi szak\u00edr\u00f3. \u2013 K\u00f6z\u00e9piskol\u00e1it Nagyv\u00e1radon v\u00e9gezte, orvosi diplom\u00e1t a MOGYI-ban szerzett (1949). Radn\u00f3ton, G\u00f3g\u00e1nv\u00e1ralj\u00e1n, Segesv\u00e1rt, Brass\u00f3ban t\u00f6lt\u00f6tt be orvosi tiszts\u00e9geket; a temesv\u00e1ri Orvosi Kutat\u00f3k\u00f6zpont munkat\u00e1rsa (1961\u2013); az orvostudom\u00e1nyok doktora (1967). F\u0151 kutat\u00e1si ter\u00fclete a v\u00edrusmegbeteged\u00e9sek k\u00f3r- \u00e9s j\u00e1rv\u00e1nytana, v\u00edrusdiagnosztika k\u00f3rtana. K\u00f6zel 100 szakdolgozata jelent meg hazai \u00e9s k\u00fclf\u00f6ldi szaklapokban: Via\u0163a Medical\u0103, Microbiologie, Pediatria, Orvosi H\u00edrlap, Nature. Kutat\u00e1sainak eredm\u00e9nyeit a J. B. Hanshaw gondoz\u00e1s\u00e1ban megjelent tanulm\u00e1nyk\u00f6tet: Contributions to the understanding of cytomegalovirus disease. (Medical Examination Publishing Company. New York, 1972) k\u00fcl\u00f6n fejezetben publik\u00e1lta. <br \/><strong>Irod.:<\/strong> RMIL<\/br><\/p>\n","protected":false},"excerpt":{"rendered":"<p>Bar\u00e1tos, 1921. szept. 10. \u2020\u00a0? : orvosi szak\u00edr\u00f3. \u2013 K\u00f6z\u00e9piskol\u00e1it Nagyv\u00e1radon v\u00e9gezte, orvosi diplom\u00e1t a MOGYI-ban szerzett (1949). Radn\u00f3ton, G\u00f3g\u00e1nv\u00e1ralj\u00e1n, Segesv\u00e1rt, Brass\u00f3ban t\u00f6lt\u00f6tt be orvosi tiszts\u00e9geket; a temesv\u00e1ri Orvosi Kutat\u00f3k\u00f6zpont munkat\u00e1rsa (1961\u2013); az orvostudom\u00e1nyok doktora (1967). F\u0151 kutat\u00e1si ter\u00fclete a v\u00edrusmegbeteged\u00e9sek k\u00f3r- \u00e9s j\u00e1rv\u00e1nytana, v\u00edrusdiagnosztika k\u00f3rtana. K\u00f6zel 100 szakdolgozata jelent meg hazai \u00e9s k\u00fclf\u00f6ldi szaklapokban: [&hellip;]<\/p>\n","protected":false},"featured_media":0,"comment_status":"open","ping_status":"closed","template":"","meta":[],"product_brand":[],"product_cat":[137],"product_tag":[],"class_list":{"0":"post-6875","1":"product","2":"type-product","3":"status-publish","5":"product_cat-maros-megyei-eletrajzi-lexikon","7":"first","8":"instock","9":"shipping-taxable","10":"product-type-simple"},"_links":{"self":[{"href":"https:\/\/uj.adatbank.ro\/lexikon\/wp-json\/wp\/v2\/product\/6875","targetHints":{"allow":["GET"]}}],"collection":[{"href":"https:\/\/uj.adatbank.ro\/lexikon\/wp-json\/wp\/v2\/product"}],"about":[{"href":"https:\/\/uj.adatbank.ro\/lexikon\/wp-json\/wp\/v2\/types\/product"}],"replies":[{"embeddable":true,"href":"https:\/\/uj.adatbank.ro\/lexikon\/wp-json\/wp\/v2\/comments?post=6875"}],"wp:attachment":[{"href":"https:\/\/uj.adatbank.ro\/lexikon\/wp-json\/wp\/v2\/media?parent=6875"}],"wp:term":[{"taxonomy":"product_brand","embeddable":true,"href":"https:\/\/uj.adatbank.ro\/lexikon\/wp-json\/wp\/v2\/product_brand?post=6875"},{"taxonomy":"product_cat","embeddable":true,"href":"https:\/\/uj.adatbank.ro\/lexikon\/wp-json\/wp\/v2\/product_cat?post=6875"},{"taxonomy":"product_tag","embeddable":true,"href":"https:\/\/uj.adatbank.ro\/lexikon\/wp-json\/wp\/v2\/product_tag?post=6875"}],"curies":[{"name":"wp","href":"https:\/\/api.w.org\/{rel}","templated":true}]}}