{"id":6880,"date":"2025-06-28T18:07:51","date_gmt":"2025-06-28T16:07:51","guid":{"rendered":"https:\/\/uj.adatbank.ro\/lexikon\/termek\/dioszegi-marton\/"},"modified":"2025-06-28T18:07:51","modified_gmt":"2025-06-28T16:07:51","slug":"dioszegi-marton","status":"publish","type":"product","link":"https:\/\/uj.adatbank.ro\/lexikon\/termek\/dioszegi-marton\/","title":{"rendered":"DI\u00d3SZEGI M\u00e1rton"},"content":{"rendered":"<p>? \u2020\u00a0? : tan\u00edt\u00f3, ref. lelk\u00e9sz. \u2013 S\u00e1rospatak- Gyulafeh\u00e9rv\u00e1r- Mv.-en subscrib\u00e1lt (1718). G\u00f3g\u00e1nban tan\u00edtott (1720). Vajasdon volt lelk\u00e9sz. <br \/><strong>Irod.:<\/strong> K\u00fck\u00fcll\u0151i Ref. Egyh\u00e1zm. 2.<\/br><\/p>\n","protected":false},"excerpt":{"rendered":"<p>? \u2020\u00a0? : tan\u00edt\u00f3, ref. lelk\u00e9sz. \u2013 S\u00e1rospatak- Gyulafeh\u00e9rv\u00e1r- Mv.-en subscrib\u00e1lt (1718). G\u00f3g\u00e1nban tan\u00edtott (1720). Vajasdon volt lelk\u00e9sz. Irod.: K\u00fck\u00fcll\u0151i Ref. Egyh\u00e1zm. 2.<\/p>\n","protected":false},"featured_media":0,"comment_status":"open","ping_status":"closed","template":"","meta":[],"product_brand":[],"product_cat":[137],"product_tag":[],"class_list":{"0":"post-6880","1":"product","2":"type-product","3":"status-publish","5":"product_cat-maros-megyei-eletrajzi-lexikon","7":"first","8":"instock","9":"shipping-taxable","10":"product-type-simple"},"_links":{"self":[{"href":"https:\/\/uj.adatbank.ro\/lexikon\/wp-json\/wp\/v2\/product\/6880","targetHints":{"allow":["GET"]}}],"collection":[{"href":"https:\/\/uj.adatbank.ro\/lexikon\/wp-json\/wp\/v2\/product"}],"about":[{"href":"https:\/\/uj.adatbank.ro\/lexikon\/wp-json\/wp\/v2\/types\/product"}],"replies":[{"embeddable":true,"href":"https:\/\/uj.adatbank.ro\/lexikon\/wp-json\/wp\/v2\/comments?post=6880"}],"wp:attachment":[{"href":"https:\/\/uj.adatbank.ro\/lexikon\/wp-json\/wp\/v2\/media?parent=6880"}],"wp:term":[{"taxonomy":"product_brand","embeddable":true,"href":"https:\/\/uj.adatbank.ro\/lexikon\/wp-json\/wp\/v2\/product_brand?post=6880"},{"taxonomy":"product_cat","embeddable":true,"href":"https:\/\/uj.adatbank.ro\/lexikon\/wp-json\/wp\/v2\/product_cat?post=6880"},{"taxonomy":"product_tag","embeddable":true,"href":"https:\/\/uj.adatbank.ro\/lexikon\/wp-json\/wp\/v2\/product_tag?post=6880"}],"curies":[{"name":"wp","href":"https:\/\/api.w.org\/{rel}","templated":true}]}}