{"id":6892,"date":"2025-06-28T18:08:13","date_gmt":"2025-06-28T16:08:13","guid":{"rendered":"https:\/\/uj.adatbank.ro\/lexikon\/termek\/dobai-istvan-dobay-stefan-calul\/"},"modified":"2025-06-28T18:08:13","modified_gmt":"2025-06-28T16:08:13","slug":"dobai-istvan-dobay-stefan-calul","status":"publish","type":"product","link":"https:\/\/uj.adatbank.ro\/lexikon\/termek\/dobai-istvan-dobay-stefan-calul\/","title":{"rendered":"DOBAI Istv\u00e1n, Dobay \u015etefan, Calul"},"content":{"rendered":"<p>1909. szept. 3., \u2020 Mv., 1994. \u00e1pr. 7.: labdar\u00fag\u00f3, edz\u0151. \u2013 A temesv\u00e1ri Unirea csapatban j\u00e1tszott (1925. szept. &#8211; ), majd a nagy nev\u0171 Ripensia csapatban (1930\u201340). 43-szor j\u00e1tszott a rom\u00e1n labdar\u00fag\u00f3-v\u00e1logatottban, r\u00e9szt vett az olaszo.-i (1934) \u00e9s a franciao.-i (1938) labdar\u00fag\u00f3 vil\u00e1gbajnoks\u00e1gokon. N\u00e9gyszer nyerte el a \u00bbg\u00f3lkir\u00e1ly\u00ab c\u00edmet. \u00d6t \u00e9ven \u00e1t a labdar\u00fag\u00f3 v\u00e1logatott edz\u0151je volt. T\u00f6bb \u00e9vig ir\u00e1ny\u00edtotta a f\u0151v\u00e1rosi CCA, a Dinamo, az aradi UTA, a kv.-i CFR csapat\u00e1t (1960-ig). Mv.-en telepedett le (1949\u2013). A rom\u00e1n labdar\u00fag\u00e1s sokszoros v\u00e1logatott labdar\u00fag\u00f3ja \u00e9lm\u00e9nyei, tapasztalatait rom\u00e1n nyelv\u0171 k\u00f6nyv\u00e9ben \u00edrta meg. V\u00e1rtemplomi presbiter volt. Az ASA r\u00e9szv\u00e9tnyilv\u00e1n\u00edt\u00e1sa szerint \u00bbnagy spotol\u00f3, pszichol\u00f3gus, pedag\u00f3gus\u00bb. \u2013 <strong>F. m.:<\/strong> <strong>t\u00e1rssz.:<\/strong> \u015eut-gool (Ileana Dalea-val; Buc., 1979). <br \/><strong>Irod.:<\/strong> Petelei Istv\u00e1n: A rongylabd\u00e1t\u00f3l az utols\u00f3 f\u00e9lid\u0151ig (V. Z., 1979. dec. 18.); [Nekrol\u00f3g] (N\u00fa., 1994. \u00e1pr. 8.); R\u00e1d<\/br><\/p>\n","protected":false},"excerpt":{"rendered":"<p>1909. szept. 3., \u2020 Mv., 1994. \u00e1pr. 7.: labdar\u00fag\u00f3, edz\u0151. \u2013 A temesv\u00e1ri Unirea csapatban j\u00e1tszott (1925. szept. &#8211; ), majd a nagy nev\u0171 Ripensia csapatban (1930\u201340). 43-szor j\u00e1tszott a rom\u00e1n labdar\u00fag\u00f3-v\u00e1logatottban, r\u00e9szt vett az olaszo.-i (1934) \u00e9s a franciao.-i (1938) labdar\u00fag\u00f3 vil\u00e1gbajnoks\u00e1gokon. N\u00e9gyszer nyerte el a \u00bbg\u00f3lkir\u00e1ly\u00ab c\u00edmet. \u00d6t \u00e9ven \u00e1t a labdar\u00fag\u00f3 v\u00e1logatott [&hellip;]<\/p>\n","protected":false},"featured_media":0,"comment_status":"open","ping_status":"closed","template":"","meta":[],"product_brand":[],"product_cat":[137],"product_tag":[],"class_list":{"0":"post-6892","1":"product","2":"type-product","3":"status-publish","5":"product_cat-maros-megyei-eletrajzi-lexikon","7":"first","8":"instock","9":"shipping-taxable","10":"product-type-simple"},"_links":{"self":[{"href":"https:\/\/uj.adatbank.ro\/lexikon\/wp-json\/wp\/v2\/product\/6892","targetHints":{"allow":["GET"]}}],"collection":[{"href":"https:\/\/uj.adatbank.ro\/lexikon\/wp-json\/wp\/v2\/product"}],"about":[{"href":"https:\/\/uj.adatbank.ro\/lexikon\/wp-json\/wp\/v2\/types\/product"}],"replies":[{"embeddable":true,"href":"https:\/\/uj.adatbank.ro\/lexikon\/wp-json\/wp\/v2\/comments?post=6892"}],"wp:attachment":[{"href":"https:\/\/uj.adatbank.ro\/lexikon\/wp-json\/wp\/v2\/media?parent=6892"}],"wp:term":[{"taxonomy":"product_brand","embeddable":true,"href":"https:\/\/uj.adatbank.ro\/lexikon\/wp-json\/wp\/v2\/product_brand?post=6892"},{"taxonomy":"product_cat","embeddable":true,"href":"https:\/\/uj.adatbank.ro\/lexikon\/wp-json\/wp\/v2\/product_cat?post=6892"},{"taxonomy":"product_tag","embeddable":true,"href":"https:\/\/uj.adatbank.ro\/lexikon\/wp-json\/wp\/v2\/product_tag?post=6892"}],"curies":[{"name":"wp","href":"https:\/\/api.w.org\/{rel}","templated":true}]}}

DOBAI István, Dobay Ştefan, Calul

<p>1909. szept. 3., † Mv., 1994. ápr. 7.: labdarúgó, edző. – A temesvári Unirea csapatban játszott (1925. szept. &#8211; ), majd a nagy nevű Ripensia csapatban (1930–40). 43-szor játszott a román labdarúgó-válogatottban, részt vett az olaszo.-i (1934) és a franciao.-i (1938) labdarúgó világbajnokságokon. Négyszer nyerte el a »gólkirály« címet. Öt éven át a labdarúgó válogatott edzője volt. Több évig irányította a fővárosi CCA, a Dinamo, az aradi UTA, a kv.-i CFR csapatát (1960-ig). Mv.-en telepedett le (1949–). A román labdarúgás sokszoros válogatott labdarúgója élményei, tapasztalatait román nyelvű könyvében írta meg. Vártemplomi presbiter volt. Az ASA részvétnyilvánítása szerint »nagy spotoló, pszichológus, pedagógus». – <strong>F. m.:</strong> <strong>társsz.:</strong> Şut-gool (Ileana Dalea-val; Buc., 1979). <br /><strong>Irod.:</strong> Petelei István: A rongylabdától az utolsó félidőig (V. Z., 1979. dec. 18.); [Nekrológ] (Nú., 1994. ápr. 8.); Rád</br></p>

<p>1909. szept. 3., † Mv., 1994. ápr. 7.: labdarúgó, edző. – A temesvári Unirea csapatban játszott (1925. szept. &#8211; ), majd a nagy nevű Ripensia csapatban (1930–40). 43-szor játszott a román labdarúgó-válogatottban, részt vett az olaszo.-i (1934) és a franciao.-i (1938) labdarúgó világbajnokságokon. Négyszer nyerte el a »gólkirály« címet. Öt éven át a labdarúgó válogatott [&hellip;]</p>
