{"id":6918,"date":"2025-06-28T18:09:06","date_gmt":"2025-06-28T16:09:06","guid":{"rendered":"https:\/\/uj.adatbank.ro\/lexikon\/termek\/dobolyi-sandor-%c2%a7-aldobolyi\/"},"modified":"2025-06-28T18:09:06","modified_gmt":"2025-06-28T16:09:06","slug":"dobolyi-sandor-%c2%a7-aldobolyi","status":"publish","type":"product","link":"https:\/\/uj.adatbank.ro\/lexikon\/termek\/dobolyi-sandor-%c2%a7-aldobolyi\/","title":{"rendered":"DOBOLYI S\u00e1ndor, \u00a7 aldobolyi"},"content":{"rendered":"<p>Gyeke, 1804. dec. 2., \u2020 Mv., 1885. m\u00e1j. 21.: \u00fcgyv\u00e9d, ogy.-i k\u00e9pvisl\u0151. \u2013 D. S\u00e1ndor \u00e9s Kov\u00e1cs Julianna fia. Feles\u00e9ge: Nagy Anna (1812 \u2013 Mv., 1885. j\u00fan. 18.). \u2013 Mv. v\u00e1ros v\u00e1lasztott k\u00f6vete az erd\u00e9lyi 1848. \u00e9vi utols\u00f3 rendi ogy. -sen \u00e9s a pesti n\u00e9pk\u00e9pviseleti ogy.-en (1848\u201349). Tagja a Nemzeti Polg\u00e1ri \u00d6rsereg Int\u00e9zked\u0151 Bizotts\u00e1g\u00e1nak (1848). R\u00e9szt vett a mv.-i 1848\/49-es esem\u00e9nyekben, m. kir. bel\u00fcgyminiszteri tan\u00e1csos. A T\u00f6r\u00f6k, Horv\u00e1th \u00e9s G\u00e1lffi v\u00e9rtanuk hal\u00e1la ut\u00e1n, 15 \u00e9v v\u00e1rfogs\u00e1gra it\u00e9lt\u00e9k (1852), Josefstadtban raboskodott. Kiszabadul\u00e1sa ut\u00e1n Mv. polg\u00e1rai ogy.-i k\u00e9pvisel\u0151nek v\u00e1lasztott\u00e1k (1865\u20131868). A mv.-i iskolasz\u00e9k eln\u00f6ke, Kn\u00f6pfler Vilmos ut\u00f3da e funkci\u00f3ban (1879\u2013). Bolyai J\u00e1nos sakkoz\u00f3 partnere volt. A harmincas \u00e9vekben az Erd\u00e9lyi Hirad\u00f3nak levelez\u0151je Mv.-r\u0151l. Az Orvosok \u00e9s Term\u00e9szetvizsg\u00e1l\u00f3k X. V\u00e1ndorgy\u0171l\u00e9s\u00e9n Mv.-en \u00e9rtekez\u00e9st olvasott fel A m\u00e9hteny\u00e9szt\u00e9sr\u0151l mely a Munk\u00e1latok-ban jelent meg. Szerkesztette \u00e9s k\u00f6z\u00f6lt a Sz\u00e9kely Hirlap (1872\u201373) c. lapban. <br \/><strong>Irod.:<\/strong> 1848\u20131849 Marossz\u00e9k; Apa \u00e9s fi\u00fa k\u00fczdelme a k\u00f3rokkal: Ol\u00e1h Anna: Bolyai Farkas gy\u00f3gy\u00e1szati munk\u00e1ss\u00e1ga; Benk\u0151 K.: Mv.; Egyed: \u00c1. Erd\u00e9ly 1848. ogy.; Guly\u00e1s; Gy\u00e1szjelent\u0151; Id\u0151t\u00e1r 2; Kaczi\u00e1ny G\u00e9za: Magyar v\u00e9rtan\u00fak k\u00f6nyve (Bp., 1905); Marosi-KZST; Nemes; Ol\u00e1h-G\u00e1l; P\u00e1l Antal 2009; Szinnyei; \u00dcrm\u00f6ssy Lajos: Erd\u00e9ly ir\u00e1nyad\u00f3 lapjai (Kv., 1907); Vofkori J\u00f3zsef: Bolyai J\u00e1nos betegs\u00e9gei kordokumentumok \u00e9s a modern orvostudom\u00e1ny t\u00fckr\u00e9ben (Mv., 2005.)<\/br><\/p>\n","protected":false},"excerpt":{"rendered":"<p>Gyeke, 1804. dec. 2., \u2020 Mv., 1885. m\u00e1j. 21.: \u00fcgyv\u00e9d, ogy.-i k\u00e9pvisl\u0151. \u2013 D. S\u00e1ndor \u00e9s Kov\u00e1cs Julianna fia. Feles\u00e9ge: Nagy Anna (1812 \u2013 Mv., 1885. j\u00fan. 18.). \u2013 Mv. v\u00e1ros v\u00e1lasztott k\u00f6vete az erd\u00e9lyi 1848. \u00e9vi utols\u00f3 rendi ogy. -sen \u00e9s a pesti n\u00e9pk\u00e9pviseleti ogy.-en (1848\u201349). Tagja a Nemzeti Polg\u00e1ri \u00d6rsereg Int\u00e9zked\u0151 Bizotts\u00e1g\u00e1nak (1848). [&hellip;]<\/p>\n","protected":false},"featured_media":0,"comment_status":"open","ping_status":"closed","template":"","meta":[],"product_brand":[],"product_cat":[137],"product_tag":[],"class_list":{"0":"post-6918","1":"product","2":"type-product","3":"status-publish","5":"product_cat-maros-megyei-eletrajzi-lexikon","7":"first","8":"instock","9":"shipping-taxable","10":"product-type-simple"},"_links":{"self":[{"href":"https:\/\/uj.adatbank.ro\/lexikon\/wp-json\/wp\/v2\/product\/6918","targetHints":{"allow":["GET"]}}],"collection":[{"href":"https:\/\/uj.adatbank.ro\/lexikon\/wp-json\/wp\/v2\/product"}],"about":[{"href":"https:\/\/uj.adatbank.ro\/lexikon\/wp-json\/wp\/v2\/types\/product"}],"replies":[{"embeddable":true,"href":"https:\/\/uj.adatbank.ro\/lexikon\/wp-json\/wp\/v2\/comments?post=6918"}],"wp:attachment":[{"href":"https:\/\/uj.adatbank.ro\/lexikon\/wp-json\/wp\/v2\/media?parent=6918"}],"wp:term":[{"taxonomy":"product_brand","embeddable":true,"href":"https:\/\/uj.adatbank.ro\/lexikon\/wp-json\/wp\/v2\/product_brand?post=6918"},{"taxonomy":"product_cat","embeddable":true,"href":"https:\/\/uj.adatbank.ro\/lexikon\/wp-json\/wp\/v2\/product_cat?post=6918"},{"taxonomy":"product_tag","embeddable":true,"href":"https:\/\/uj.adatbank.ro\/lexikon\/wp-json\/wp\/v2\/product_tag?post=6918"}],"curies":[{"name":"wp","href":"https:\/\/api.w.org\/{rel}","templated":true}]}}

DOBOLYI Sándor, § aldobolyi

<p>Gyeke, 1804. dec. 2., † Mv., 1885. máj. 21.: ügyvéd, ogy.-i képvislő. – D. Sándor és Kovács Julianna fia. Felesége: Nagy Anna (1812 – Mv., 1885. jún. 18.). – Mv. város választott követe az erdélyi 1848. évi utolsó rendi ogy. -sen és a pesti népképviseleti ogy.-en (1848–49). Tagja a Nemzeti Polgári Örsereg Intézkedő Bizottságának (1848). Részt vett a mv.-i 1848/49-es eseményekben, m. kir. belügyminiszteri tanácsos. A Török, Horváth és Gálffi vértanuk halála után, 15 év várfogságra itélték (1852), Josefstadtban raboskodott. Kiszabadulása után Mv. polgárai ogy.-i képviselőnek választották (1865–1868). A mv.-i iskolaszék elnöke, Knöpfler Vilmos utóda e funkcióban (1879–). Bolyai János sakkozó partnere volt. A harmincas években az Erdélyi Hiradónak levelezője Mv.-ről. Az Orvosok és Természetvizsgálók X. Vándorgyűlésén Mv.-en értekezést olvasott fel A méhtenyésztésről mely a Munkálatok-ban jelent meg. Szerkesztette és közölt a Székely Hirlap (1872–73) c. lapban. <br /><strong>Irod.:</strong> 1848–1849 Marosszék; Apa és fiú küzdelme a kórokkal: Oláh Anna: Bolyai Farkas gyógyászati munkássága; Benkő K.: Mv.; Egyed: Á. Erdély 1848. ogy.; Gulyás; Gyászjelentő; Időtár 2; Kacziány Géza: Magyar vértanúk könyve (Bp., 1905); Marosi-KZST; Nemes; Oláh-Gál; Pál Antal 2009; Szinnyei; Ürmössy Lajos: Erdély irányadó lapjai (Kv., 1907); Vofkori József: Bolyai János betegségei kordokumentumok és a modern orvostudomány tükrében (Mv., 2005.)</br></p>

<p>Gyeke, 1804. dec. 2., † Mv., 1885. máj. 21.: ügyvéd, ogy.-i képvislő. – D. Sándor és Kovács Julianna fia. Felesége: Nagy Anna (1812 – Mv., 1885. jún. 18.). – Mv. város választott követe az erdélyi 1848. évi utolsó rendi ogy. -sen és a pesti népképviseleti ogy.-en (1848–49). Tagja a Nemzeti Polgári Örsereg Intézkedő Bizottságának (1848). [&hellip;]</p>
