{"id":6928,"date":"2025-06-28T18:09:26","date_gmt":"2025-06-28T16:09:26","guid":{"rendered":"https:\/\/uj.adatbank.ro\/lexikon\/termek\/dobra-alexandru-dobra-sandor\/"},"modified":"2025-06-28T18:09:26","modified_gmt":"2025-06-28T16:09:26","slug":"dobra-alexandru-dobra-sandor","status":"publish","type":"product","link":"https:\/\/uj.adatbank.ro\/lexikon\/termek\/dobra-alexandru-dobra-sandor\/","title":{"rendered":"DOBRA Alexandru; Dobra S\u00e1ndor"},"content":{"rendered":"<p>Kiss\u00e1rm\u00e1s, v. Sept\u00e9r 1794. febr. 15., \u2020 Lugos, 1870. \u00e1pr. 13. : g\u00f6r. kat. p\u00fcsp\u00f6k. \u2013 Iskol\u00e1it Mikh\u00e1z\u00e1n, Mv.-en \u00e9s Bal\u00e1zsfalv\u00e1n v\u00e9gezte (1912), Bal\u00e1zsfalv\u00e1n kezdte a teol\u00f3gi\u00e1t, \u00e1tment a nagyv\u00e1radi szemin\u00e1riumba (1814\u2013), majd Pestre. Sam. Vulcan p\u00fcsp\u00f6k szentelte papp\u00e1 (1818. nov. 20.), akinek szolg\u00e1lat\u00e1ban \u00e1llt (1819-ig), amikor B\u00e9csbe k\u00fcldt\u00e9k a Szt. \u00c1goston, Augustineum teol\u00f3giai int\u00e9zetbe, ahol a teol\u00f3gia doktora lett (1822), disszert\u00e1ci\u00f3ja: De ortu et progressu schismatis orientalis. Nagyv\u00e1radon p\u00fcsp\u00f6ki titk\u00e1r (1922\u2013), Vulcan p\u00fcsp\u00f6kkel egy\u00fctt r\u00e9szt vett a kat. zsinaton Pozsonyban (1823), \u00e9s k\u00e9s\u0151bb egyh\u00e1ztan\u00e1csosi \u00fcln\u00f6k, tb. kanonok (1824. szept. 10.), pl\u00e9b\u00e1nos \u00e9s esperes Nagyv\u00e1radon (1833\u201343 k\u00f6r\u00fcl), kanonok uo. (1843. okt. 19.), a k\u00e1ntori rang elnyer\u00e9s\u00e9ig haladt; a lugosi egyh\u00e1zmegye els\u0151 p\u00fcsp\u00f6k (1854. m\u00e1rc. 17. \u2013), Bal\u00e1zsfalv\u00e1n szen\u00adtelt\u00e9k fel (1855), \u015eulu\u0163 mitropolita iktatta be (1856. szept. 21.); R\u00f3mai gr. \u00e9s p\u00e1pai tr\u00f3n\u00e1ll\u00f3 (1868. nov. 17.), a p\u00e1pai sz\u00e9k asszisztense, v. b. t. t. (1868). Tev\u00e9keny\u00e9ge idej\u00e9n t\u00f6bb mint 30 par\u00f3kia l\u00e9tes\u00fclt, f\u0151leg a B\u00e1ns\u00e1gban. Az egyh\u00e1zmegy\u00e9j\u00e9re hagyott 50 000 Ft. p\u00e9nz\u00f6sszegb\u0151l Rudolf alap\u00edtv\u00e1nyt hoztak l\u00e9tre \u00f6szt\u00f6nd\u00edjaz\u00e1s c\u00e9lj\u00e1ra. <br \/><strong>Irod.:<\/strong> Predescu, \u00daM\u00c9L<\/br><\/p>\n","protected":false},"excerpt":{"rendered":"<p>Kiss\u00e1rm\u00e1s, v. Sept\u00e9r 1794. febr. 15., \u2020 Lugos, 1870. \u00e1pr. 13. : g\u00f6r. kat. p\u00fcsp\u00f6k. \u2013 Iskol\u00e1it Mikh\u00e1z\u00e1n, Mv.-en \u00e9s Bal\u00e1zsfalv\u00e1n v\u00e9gezte (1912), Bal\u00e1zsfalv\u00e1n kezdte a teol\u00f3gi\u00e1t, \u00e1tment a nagyv\u00e1radi szemin\u00e1riumba (1814\u2013), majd Pestre. Sam. Vulcan p\u00fcsp\u00f6k szentelte papp\u00e1 (1818. nov. 20.), akinek szolg\u00e1lat\u00e1ban \u00e1llt (1819-ig), amikor B\u00e9csbe k\u00fcldt\u00e9k a Szt. \u00c1goston, Augustineum teol\u00f3giai int\u00e9zetbe, [&hellip;]<\/p>\n","protected":false},"featured_media":0,"comment_status":"open","ping_status":"closed","template":"","meta":[],"product_brand":[],"product_cat":[137],"product_tag":[],"class_list":{"0":"post-6928","1":"product","2":"type-product","3":"status-publish","5":"product_cat-maros-megyei-eletrajzi-lexikon","7":"first","8":"instock","9":"shipping-taxable","10":"product-type-simple"},"_links":{"self":[{"href":"https:\/\/uj.adatbank.ro\/lexikon\/wp-json\/wp\/v2\/product\/6928","targetHints":{"allow":["GET"]}}],"collection":[{"href":"https:\/\/uj.adatbank.ro\/lexikon\/wp-json\/wp\/v2\/product"}],"about":[{"href":"https:\/\/uj.adatbank.ro\/lexikon\/wp-json\/wp\/v2\/types\/product"}],"replies":[{"embeddable":true,"href":"https:\/\/uj.adatbank.ro\/lexikon\/wp-json\/wp\/v2\/comments?post=6928"}],"wp:attachment":[{"href":"https:\/\/uj.adatbank.ro\/lexikon\/wp-json\/wp\/v2\/media?parent=6928"}],"wp:term":[{"taxonomy":"product_brand","embeddable":true,"href":"https:\/\/uj.adatbank.ro\/lexikon\/wp-json\/wp\/v2\/product_brand?post=6928"},{"taxonomy":"product_cat","embeddable":true,"href":"https:\/\/uj.adatbank.ro\/lexikon\/wp-json\/wp\/v2\/product_cat?post=6928"},{"taxonomy":"product_tag","embeddable":true,"href":"https:\/\/uj.adatbank.ro\/lexikon\/wp-json\/wp\/v2\/product_tag?post=6928"}],"curies":[{"name":"wp","href":"https:\/\/api.w.org\/{rel}","templated":true}]}}