{"id":6929,"date":"2025-06-28T18:09:28","date_gmt":"2025-06-28T16:09:28","guid":{"rendered":"https:\/\/uj.adatbank.ro\/lexikon\/termek\/dobra-petru\/"},"modified":"2025-06-28T18:09:28","modified_gmt":"2025-06-28T16:09:28","slug":"dobra-petru","status":"publish","type":"product","link":"https:\/\/uj.adatbank.ro\/lexikon\/termek\/dobra-petru\/","title":{"rendered":"DOBRA Petru"},"content":{"rendered":"<p>Zalatna, 1817., \u2020 Abrudb\u00e1nya, 1849. m\u00e1j. 8.: \u00fcgyv\u00e9d. \u2013 Iskol\u00e1it Zalatn\u00e1n, Kv.-on \u00e9s a jogot Mv.-en v\u00e9gezte, ahol \u00fcgyv\u00e9dgyakornok is volt. Zalatn\u00e1n a megyeh\u00e1z\u00e1n dolgozott. A rom\u00e1n l\u00e9gi\u00f3k prefektus\u00e1v\u00e1 nevezt\u00e9k ki (1848), arra t\u00f6rekedett, hogy a rom\u00e1nok egy\u00fcttm\u0171k\u00f6djenek Kossuth Lajossal, amikor ennek k\u00e9pvisel\u0151je, Drago\u015f, meg\u00e9rkezett (1848. m\u00e1j. 8) megkinozt\u00e1k \u00e9s v\u00e9g\u00fcl lel\u0151tt\u00e9k. Mv.-en utca viseli a nev\u00e9t. <br \/><strong>Irod.:<\/strong> M\u00e1th\u00e9 Levente; P\u0103c\u0103\u0163ian; Predescu<\/br><\/p>\n","protected":false},"excerpt":{"rendered":"<p>Zalatna, 1817., \u2020 Abrudb\u00e1nya, 1849. m\u00e1j. 8.: \u00fcgyv\u00e9d. \u2013 Iskol\u00e1it Zalatn\u00e1n, Kv.-on \u00e9s a jogot Mv.-en v\u00e9gezte, ahol \u00fcgyv\u00e9dgyakornok is volt. Zalatn\u00e1n a megyeh\u00e1z\u00e1n dolgozott. A rom\u00e1n l\u00e9gi\u00f3k prefektus\u00e1v\u00e1 nevezt\u00e9k ki (1848), arra t\u00f6rekedett, hogy a rom\u00e1nok egy\u00fcttm\u0171k\u00f6djenek Kossuth Lajossal, amikor ennek k\u00e9pvisel\u0151je, Drago\u015f, meg\u00e9rkezett (1848. m\u00e1j. 8) megkinozt\u00e1k \u00e9s v\u00e9g\u00fcl lel\u0151tt\u00e9k. Mv.-en utca viseli [&hellip;]<\/p>\n","protected":false},"featured_media":0,"comment_status":"open","ping_status":"closed","template":"","meta":[],"product_brand":[],"product_cat":[137],"product_tag":[],"class_list":{"0":"post-6929","1":"product","2":"type-product","3":"status-publish","5":"product_cat-maros-megyei-eletrajzi-lexikon","7":"first","8":"instock","9":"shipping-taxable","10":"product-type-simple"},"_links":{"self":[{"href":"https:\/\/uj.adatbank.ro\/lexikon\/wp-json\/wp\/v2\/product\/6929","targetHints":{"allow":["GET"]}}],"collection":[{"href":"https:\/\/uj.adatbank.ro\/lexikon\/wp-json\/wp\/v2\/product"}],"about":[{"href":"https:\/\/uj.adatbank.ro\/lexikon\/wp-json\/wp\/v2\/types\/product"}],"replies":[{"embeddable":true,"href":"https:\/\/uj.adatbank.ro\/lexikon\/wp-json\/wp\/v2\/comments?post=6929"}],"wp:attachment":[{"href":"https:\/\/uj.adatbank.ro\/lexikon\/wp-json\/wp\/v2\/media?parent=6929"}],"wp:term":[{"taxonomy":"product_brand","embeddable":true,"href":"https:\/\/uj.adatbank.ro\/lexikon\/wp-json\/wp\/v2\/product_brand?post=6929"},{"taxonomy":"product_cat","embeddable":true,"href":"https:\/\/uj.adatbank.ro\/lexikon\/wp-json\/wp\/v2\/product_cat?post=6929"},{"taxonomy":"product_tag","embeddable":true,"href":"https:\/\/uj.adatbank.ro\/lexikon\/wp-json\/wp\/v2\/product_tag?post=6929"}],"curies":[{"name":"wp","href":"https:\/\/api.w.org\/{rel}","templated":true}]}}