{"id":6930,"date":"2025-06-28T18:09:30","date_gmt":"2025-06-28T16:09:30","guid":{"rendered":"https:\/\/uj.adatbank.ro\/lexikon\/termek\/dobranszki-jozsef-dobranszky-jozsef\/"},"modified":"2025-06-28T18:09:30","modified_gmt":"2025-06-28T16:09:30","slug":"dobranszki-jozsef-dobranszky-jozsef","status":"publish","type":"product","link":"https:\/\/uj.adatbank.ro\/lexikon\/termek\/dobranszki-jozsef-dobranszky-jozsef\/","title":{"rendered":"DOBR\u00c1NSZKI J\u00f3zsef; Dobr\u00e1nszky J\u00f3zsef"},"content":{"rendered":"<p>Szeged, 1904., \u2020\u00a0? : tan\u00edt\u00f3-igazgat\u00f3. \u2013 Feles\u00e9ge: Kov\u00e1cs Erzs\u00e9bet. \u2013 Tanulm\u00e1nyait Aradon v\u00e9gezte, Nagyv\u00e1radon a tan\u00edt\u00f3i oklevelet szerzett (1923). Pedag\u00f3giai munk\u00e1ss\u00e1g\u00e1t Maros\u00fajv\u00e1ron kezdte (1923\u2013), onnan Sz\u00e9kelyhodosra, Fogarasra, T\u00fcrk\u00f6sre, majd Meggyesfalv\u00e1ra (1940\u2013) ker\u00fclt. T\u00fcrk\u00f6s\u00f6n dal\u00e1rd\u00e1t szervezett, a M. Dalossz\u00f6vets\u00e9g tagja volt. <br \/><strong>Irod.:<\/strong> Erd\u00e9lyi v\u00e1rmegy\u00e9k; Sz\u00e9kelyf\u00f6ld \u00ed. k.<\/br><\/p>\n","protected":false},"excerpt":{"rendered":"<p>Szeged, 1904., \u2020\u00a0? : tan\u00edt\u00f3-igazgat\u00f3. \u2013 Feles\u00e9ge: Kov\u00e1cs Erzs\u00e9bet. \u2013 Tanulm\u00e1nyait Aradon v\u00e9gezte, Nagyv\u00e1radon a tan\u00edt\u00f3i oklevelet szerzett (1923). Pedag\u00f3giai munk\u00e1ss\u00e1g\u00e1t Maros\u00fajv\u00e1ron kezdte (1923\u2013), onnan Sz\u00e9kelyhodosra, Fogarasra, T\u00fcrk\u00f6sre, majd Meggyesfalv\u00e1ra (1940\u2013) ker\u00fclt. T\u00fcrk\u00f6s\u00f6n dal\u00e1rd\u00e1t szervezett, a M. Dalossz\u00f6vets\u00e9g tagja volt. Irod.: Erd\u00e9lyi v\u00e1rmegy\u00e9k; Sz\u00e9kelyf\u00f6ld \u00ed. k.<\/p>\n","protected":false},"featured_media":0,"comment_status":"open","ping_status":"closed","template":"","meta":[],"product_brand":[],"product_cat":[137],"product_tag":[],"class_list":{"0":"post-6930","1":"product","2":"type-product","3":"status-publish","5":"product_cat-maros-megyei-eletrajzi-lexikon","7":"first","8":"instock","9":"shipping-taxable","10":"product-type-simple"},"_links":{"self":[{"href":"https:\/\/uj.adatbank.ro\/lexikon\/wp-json\/wp\/v2\/product\/6930","targetHints":{"allow":["GET"]}}],"collection":[{"href":"https:\/\/uj.adatbank.ro\/lexikon\/wp-json\/wp\/v2\/product"}],"about":[{"href":"https:\/\/uj.adatbank.ro\/lexikon\/wp-json\/wp\/v2\/types\/product"}],"replies":[{"embeddable":true,"href":"https:\/\/uj.adatbank.ro\/lexikon\/wp-json\/wp\/v2\/comments?post=6930"}],"wp:attachment":[{"href":"https:\/\/uj.adatbank.ro\/lexikon\/wp-json\/wp\/v2\/media?parent=6930"}],"wp:term":[{"taxonomy":"product_brand","embeddable":true,"href":"https:\/\/uj.adatbank.ro\/lexikon\/wp-json\/wp\/v2\/product_brand?post=6930"},{"taxonomy":"product_cat","embeddable":true,"href":"https:\/\/uj.adatbank.ro\/lexikon\/wp-json\/wp\/v2\/product_cat?post=6930"},{"taxonomy":"product_tag","embeddable":true,"href":"https:\/\/uj.adatbank.ro\/lexikon\/wp-json\/wp\/v2\/product_tag?post=6930"}],"curies":[{"name":"wp","href":"https:\/\/api.w.org\/{rel}","templated":true}]}}

DOBRÁNSZKI József; Dobránszky József

<p>Szeged, 1904., † ? : tanító-igazgató. – Felesége: Kovács Erzsébet. – Tanulmányait Aradon végezte, Nagyváradon a tanítói oklevelet szerzett (1923). Pedagógiai munkásságát Marosújváron kezdte (1923–), onnan Székelyhodosra, Fogarasra, Türkösre, majd Meggyesfalvára (1940–) került. Türkösön dalárdát szervezett, a M. Dalosszövetség tagja volt. <br /><strong>Irod.:</strong> Erdélyi vármegyék; Székelyföld í. k.</br></p>

<p>Szeged, 1904., † ? : tanító-igazgató. – Felesége: Kovács Erzsébet. – Tanulmányait Aradon végezte, Nagyváradon a tanítói oklevelet szerzett (1923). Pedagógiai munkásságát Marosújváron kezdte (1923–), onnan Székelyhodosra, Fogarasra, Türkösre, majd Meggyesfalvára (1940–) került. Türkösön dalárdát szervezett, a M. Dalosszövetség tagja volt. Irod.: Erdélyi vármegyék; Székelyföld í. k.</p>
