{"id":6933,"date":"2025-06-28T18:09:38","date_gmt":"2025-06-28T16:09:38","guid":{"rendered":"https:\/\/uj.adatbank.ro\/lexikon\/termek\/dobrentei-gabor-%c2%a7\/"},"modified":"2025-06-28T18:09:38","modified_gmt":"2025-06-28T16:09:38","slug":"dobrentei-gabor-%c2%a7","status":"publish","type":"product","link":"https:\/\/uj.adatbank.ro\/lexikon\/termek\/dobrentei-gabor-%c2%a7\/","title":{"rendered":"D\u00d6BRENTEI G\u00e1bor \u00a7"},"content":{"rendered":"<p>Soml\u00f3sz\u0151ll\u0151s, 1785. 1786. dec. 1., \u2020 Buda, 1851. m\u00e1rc. 26. 28. : \u00edr\u00f3, m\u0171vel\u0151d\u00e9spolitikus, ford\u00edt\u00f3, szerk. \u2013 P\u00e1p\u00e1n \u00e9s Sopronban (1805) v\u00e9gezte iskol\u00e1it, k\u00f6nyvt\u00e1rosa \u00e9s titk\u00e1ra volt a a soproni l\u00edc. neves \u00f6nk\u00e9pz\u0151k\u00f6r\u00e9nek. A wittenbergi \u00e9s lipcsei egyetemeken tanult. Az Erd\u00e9lyi M. M\u00fazeum c. foly\u00f3irat szerk.-je Kv.-on (1814\u201318). Gyulai Lajos nevel\u0151je Ol\u00e1handr\u00e1sfalv\u00e1n. Huzamosabb ideig Mv.-en tartozkodott (1817\u201319), tan\u00edtv\u00e1nya, gr. Gyulai Lajos t\u00e1rsas\u00e1g\u00e1ban, aki a Kir. T\u00e1bl\u00e1n jogot tanult. Kazinczy k\u00f6r\u00e9hez tartozott, a nyelv\u00faj\u00edt\u00e1s h\u00edve volt, az irodalom fellend\u00fcl\u00e9s\u00e9t\u0151l v\u00e1rta a nemzet \u00fajj\u00e1sz\u00fclet\u00e9s\u00e9t. Mv.-en kapcsolatban \u00e1llt gr. Toldalagi Mih\u00e1llyal, br. Kem\u00e9ny Simonn\u00e9val, gr. Teleki J\u00f3zseffel, Bolyai Farkassal, akir\u0151l \u00edgy \u00edrt level\u00e9ben: \u201eEz a&#8217; Bolyai nekem itt Apostolom leve, terjeszti mindenfel\u00e9 a&#8217; Muzeumot, &#8216;s k\u00e9sz akarva elegy\u00edt \u00faj szavakat besz\u00e9dj\u00e9be, hogy terjedjenek &#8216;s a&#8217; fel\u0151lek val\u00f3 disputatio egyengesse az elm\u00e9ket. Genialis ember.\u201d (Lev\u00e9l Mv.-r\u0151l 1818. febr. 6.). Az Erd\u00e9lyi M. Tud\u00f3st\u00e1rsas\u00e1g titk\u00e1ra lett Mv.-en, Aranka hal\u00e1la ut\u00e1n (1817). Egy \u00faj tud\u00f3st\u00e1rsas\u00e1g alaprajz\u00e1t dolgozta ki, de ez nem val\u00f3sult meg, elhagyta Mv.-t (1919. j\u00fal.). Pesten, B\u00e9csben majd Bud\u00e1n \u00e9lt. A MTA (r. 1830) tagja, alapszab\u00e1lyait kidolgoz\u00f3 bizotts\u00e1g tagja \u00e9s jegyz\u0151je, els\u0151 titk\u00e1ra (1831\u201335), ut\u00f3da Toldy Ferenc. Szek. -tette a M. Tud\u00f3s T\u00e1rsas\u00e1g \u00c9vk\u00f6nyveit, a R\u00e9gi M. Nyelveml\u00e9keink 4. k\u00f6t., f\u0151munkat\u00e1rsa a Wigand f\u00e9le K\u00f6zhaszn\u00fa Ismeretek T\u00e1ra c. lexikonnak; a Pestmegyei sz\u00ednh\u00e1z igazgat\u00f3ja (1833\u201335); kiadta Berzsenyi D\u00e1niel \u00f6sszes m\u0171veit (1842); egyike volt a m. ifj\u00fas\u00e1gi irodalom megteremt\u0151inek. \u2013 <strong>F. m.:<\/strong> Pl\u00e1num egy t\u00f6k\u00e9letes m. bibliografia \u00e9s sz\u00f3k\u00f6nyv ir\u00e1nt (Pest, 1814); D. G. k\u00fclf\u00f6ldi sz\u00ednj\u00e1t\u00e9kai (ford., 1\u20132. k\u00f6tet., B\u00e9cs, 1821\u201323); Charaktert fest\u0151 s elm\u00e9s mulats\u00e1gos anekd\u00f3t\u00e1k (Pest, 1827, 1839); Pali \u00e9s Minka olvasni tanul (Pest, 1826; 1839); A kis Gyula k\u00f6nyve (elb.; Pest, 1829; 1861); Shakespeare remekei (ford., Pest, 1830); Terve a nagy m. sz\u00f3t\u00e1r bels\u0151 elrendel\u00e9s\u00e9nek (Buda, 1834); R\u00e9gi m. nyelveml\u00e9kek. 1\u20133, 4\/1 (Buda, 1838\u201346); Husz\u00e1rdalok (Buda, 1847); <strong>szerk.:<\/strong> Teleki Ferenc versei (Buda, 1834). <br \/><strong>Irod.:<\/strong> Bisztray Gyula: \u00cdr\u00f3 \u00e9s nemzet (Bp., 1943); Bodn\u00e1r Zsigmond irodalom t\u00f6rt\u00e9nete (Bp., 1891); Bodor Alad\u00e1r: D. G. erd\u00e9lyi szerepl\u00e9se (Bp., 1906); Borb\u00e9ly Istv\u00e1n: A m. irodalom t\u00f6rt\u00e9nete (Kv., 1923\u201325); Chinezu, Ion: Aspecte din literatur\u0103 maghiar\u0103. ardelean\u0103 (Cluj, 1930); Cs\u00e1sz\u00e1r Elem\u00e9r: A m. irodalmi kritika t\u00f6rt\u00e9nete a szabads\u00e1gharcig (Bp., 1925); D\u00f6brentei G\u00e1bor Marosv\u00e1s\u00e1rhelyen; Farkas \u00c1rp\u00e1d: Az EME h\u00e1romnegyedsz\u00e1zados tudom\u00e1nyos m\u0171k\u00f6d\u00e9se (Kv., 1937); Eml\u00e9kk\u00f6nyv az EME f\u00e9lsz\u00e1zados \u00fcnnep\u00e9re (Kv., 1902\u20131942); Erd\u00e9lyi H\u00edrmond\u00f3k; Farkas Gyula: A m. romantika (Bp., 1930); Ferenczy J\u00f3zsef: A m. h\u00edrlapirodalom t\u00f6rt\u00e9nete, 1780\u20131867 (Bp., 1887); Ferenczy Zolt\u00e1n: A kv.-i sz\u00edn\u00e9szet \u00e9s sz\u00ednh\u00e1z t\u00f6rt\u00e9nete (Kv., 1897); Ferenczy-Danielik; Guly\u00e1s; Hazai utaz\u00f3k Erd\u00e9lyben; Iratok a m. \u00e1llamnyelv k\u00e9rd\u00e9s\u00e9nek t\u00f6rt\u00e9net\u00e9hez 1790\u20131848 (Bp., 1926); Id\u0151t\u00e1r 1; A m. irodalom t\u00f6rt\u00e9nete: K\u00e9pes d\u00edszmunka (Bp., 1906\u20131907); M\u00c9L, MIL; Ol\u00e1h-G\u00e1l R\u00f3bert: D. G. Mv.-en (N\u00fa., Sz\u00ednes Vil\u00e1g, 2011. febr. 12.); P\u00e1l-Antal 2009; Pint\u00e9r; Pomog\u00e1ts 1.; Szab\u00f3 T. Attila: Az EME t\u00f6rt\u00e9nete \u00e9s feladatai (Kv., 1942); Szinnyei; \u00daM\u00c9L<\/br><\/p>\n","protected":false},"excerpt":{"rendered":"<p>Soml\u00f3sz\u0151ll\u0151s, 1785. 1786. dec. 1., \u2020 Buda, 1851. m\u00e1rc. 26. 28. : \u00edr\u00f3, m\u0171vel\u0151d\u00e9spolitikus, ford\u00edt\u00f3, szerk. \u2013 P\u00e1p\u00e1n \u00e9s Sopronban (1805) v\u00e9gezte iskol\u00e1it, k\u00f6nyvt\u00e1rosa \u00e9s titk\u00e1ra volt a a soproni l\u00edc. neves \u00f6nk\u00e9pz\u0151k\u00f6r\u00e9nek. A wittenbergi \u00e9s lipcsei egyetemeken tanult. Az Erd\u00e9lyi M. M\u00fazeum c. foly\u00f3irat szerk.-je Kv.-on (1814\u201318). Gyulai Lajos nevel\u0151je Ol\u00e1handr\u00e1sfalv\u00e1n. Huzamosabb ideig Mv.-en [&hellip;]<\/p>\n","protected":false},"featured_media":0,"comment_status":"open","ping_status":"closed","template":"","meta":[],"product_brand":[],"product_cat":[137],"product_tag":[],"class_list":{"0":"post-6933","1":"product","2":"type-product","3":"status-publish","5":"product_cat-maros-megyei-eletrajzi-lexikon","7":"first","8":"instock","9":"shipping-taxable","10":"product-type-simple"},"_links":{"self":[{"href":"https:\/\/uj.adatbank.ro\/lexikon\/wp-json\/wp\/v2\/product\/6933","targetHints":{"allow":["GET"]}}],"collection":[{"href":"https:\/\/uj.adatbank.ro\/lexikon\/wp-json\/wp\/v2\/product"}],"about":[{"href":"https:\/\/uj.adatbank.ro\/lexikon\/wp-json\/wp\/v2\/types\/product"}],"replies":[{"embeddable":true,"href":"https:\/\/uj.adatbank.ro\/lexikon\/wp-json\/wp\/v2\/comments?post=6933"}],"wp:attachment":[{"href":"https:\/\/uj.adatbank.ro\/lexikon\/wp-json\/wp\/v2\/media?parent=6933"}],"wp:term":[{"taxonomy":"product_brand","embeddable":true,"href":"https:\/\/uj.adatbank.ro\/lexikon\/wp-json\/wp\/v2\/product_brand?post=6933"},{"taxonomy":"product_cat","embeddable":true,"href":"https:\/\/uj.adatbank.ro\/lexikon\/wp-json\/wp\/v2\/product_cat?post=6933"},{"taxonomy":"product_tag","embeddable":true,"href":"https:\/\/uj.adatbank.ro\/lexikon\/wp-json\/wp\/v2\/product_tag?post=6933"}],"curies":[{"name":"wp","href":"https:\/\/api.w.org\/{rel}","templated":true}]}}

DÖBRENTEI Gábor §

<p>Somlószőllős, 1785. 1786. dec. 1., † Buda, 1851. márc. 26. 28. : író, művelődéspolitikus, fordító, szerk. – Pápán és Sopronban (1805) végezte iskoláit, könyvtárosa és titkára volt a a soproni líc. neves önképzőkörének. A wittenbergi és lipcsei egyetemeken tanult. Az Erdélyi M. Múzeum c. folyóirat szerk.-je Kv.-on (1814–18). Gyulai Lajos nevelője Oláhandrásfalván. Huzamosabb ideig Mv.-en tartozkodott (1817–19), tanítványa, gr. Gyulai Lajos társaságában, aki a Kir. Táblán jogot tanult. Kazinczy köréhez tartozott, a nyelvújítás híve volt, az irodalom fellendülésétől várta a nemzet újjászületését. Mv.-en kapcsolatban állt gr. Toldalagi Mihállyal, br. Kemény Simonnéval, gr. Teleki Józseffel, Bolyai Farkassal, akiről így írt levelében: „Ez a&#8217; Bolyai nekem itt Apostolom leve, terjeszti mindenfelé a&#8217; Muzeumot, &#8216;s kész akarva elegyít új szavakat beszédjébe, hogy terjedjenek &#8216;s a&#8217; felőlek való disputatio egyengesse az elméket. Genialis ember.” (Levél Mv.-ről 1818. febr. 6.). Az Erdélyi M. Tudóstársaság titkára lett Mv.-en, Aranka halála után (1817). Egy új tudóstársaság alaprajzát dolgozta ki, de ez nem valósult meg, elhagyta Mv.-t (1919. júl.). Pesten, Bécsben majd Budán élt. A MTA (r. 1830) tagja, alapszabályait kidolgozó bizottság tagja és jegyzője, első titkára (1831–35), utóda Toldy Ferenc. Szek. -tette a M. Tudós Társaság Évkönyveit, a Régi M. Nyelvemlékeink 4. köt., főmunkatársa a Wigand féle Közhasznú Ismeretek Tára c. lexikonnak; a Pestmegyei színház igazgatója (1833–35); kiadta Berzsenyi Dániel összes műveit (1842); egyike volt a m. ifjúsági irodalom megteremtőinek. – <strong>F. m.:</strong> Plánum egy tökéletes m. bibliografia és szókönyv iránt (Pest, 1814); D. G. külföldi színjátékai (ford., 1–2. kötet., Bécs, 1821–23); Charaktert festő s elmés mulatságos anekdóták (Pest, 1827, 1839); Pali és Minka olvasni tanul (Pest, 1826; 1839); A kis Gyula könyve (elb.; Pest, 1829; 1861); Shakespeare remekei (ford., Pest, 1830); Terve a nagy m. szótár belső elrendelésének (Buda, 1834); Régi m. nyelvemlékek. 1–3, 4/1 (Buda, 1838–46); Huszárdalok (Buda, 1847); <strong>szerk.:</strong> Teleki Ferenc versei (Buda, 1834). <br /><strong>Irod.:</strong> Bisztray Gyula: Író és nemzet (Bp., 1943); Bodnár Zsigmond irodalom története (Bp., 1891); Bodor Aladár: D. G. erdélyi szereplése (Bp., 1906); Borbély István: A m. irodalom története (Kv., 1923–25); Chinezu, Ion: Aspecte din literatură maghiară. ardeleană (Cluj, 1930); Császár Elemér: A m. irodalmi kritika története a szabadságharcig (Bp., 1925); Döbrentei Gábor Marosvásárhelyen; Farkas Árpád: Az EME háromnegyedszázados tudományos működése (Kv., 1937); Emlékkönyv az EME félszázados ünnepére (Kv., 1902–1942); Erdélyi Hírmondók; Farkas Gyula: A m. romantika (Bp., 1930); Ferenczy József: A m. hírlapirodalom története, 1780–1867 (Bp., 1887); Ferenczy Zoltán: A kv.-i színészet és színház története (Kv., 1897); Ferenczy-Danielik; Gulyás; Hazai utazók Erdélyben; Iratok a m. államnyelv kérdésének történetéhez 1790–1848 (Bp., 1926); Időtár 1; A m. irodalom története: Képes díszmunka (Bp., 1906–1907); MÉL, MIL; Oláh-Gál Róbert: D. G. Mv.-en (Nú., Színes Világ, 2011. febr. 12.); Pál-Antal 2009; Pintér; Pomogáts 1.; Szabó T. Attila: Az EME története és feladatai (Kv., 1942); Szinnyei; ÚMÉL</br></p>

<p>Somlószőllős, 1785. 1786. dec. 1., † Buda, 1851. márc. 26. 28. : író, művelődéspolitikus, fordító, szerk. – Pápán és Sopronban (1805) végezte iskoláit, könyvtárosa és titkára volt a a soproni líc. neves önképzőkörének. A wittenbergi és lipcsei egyetemeken tanult. Az Erdélyi M. Múzeum c. folyóirat szerk.-je Kv.-on (1814–18). Gyulai Lajos nevelője Oláhandrásfalván. Huzamosabb ideig Mv.-en [&hellip;]</p>
