{"id":6937,"date":"2025-06-28T18:09:46","date_gmt":"2025-06-28T16:09:46","guid":{"rendered":"https:\/\/uj.adatbank.ro\/lexikon\/termek\/doczi-imre-p\/"},"modified":"2025-06-28T18:09:46","modified_gmt":"2025-06-28T16:09:46","slug":"doczi-imre-p","status":"publish","type":"product","link":"https:\/\/uj.adatbank.ro\/lexikon\/termek\/doczi-imre-p\/","title":{"rendered":"D\u00d3CZI Imre, P."},"content":{"rendered":"<p>Zs\u00f6g\u00f6d, ? \u2020 ?: r. k. szerzetes. &#8211; Mikh\u00e1z\u00e1n szerzetes, a kolostor f\u0151n\u00f6ke (1669 ut\u00e1n). A cs\u00edksomly\u00f3i ferences nyomda fel\u00e1ll\u00edt\u00e1sakor a rendtartom\u00e1ny vezet\u0151s\u00e9g\u00e9hez tartozott (1675 k.). <br \/><strong>Irod.:<\/strong> P\u00e1l-Antal; Pap L.: ferences nyomd\u00e1k<\/br><\/p>\n","protected":false},"excerpt":{"rendered":"<p>Zs\u00f6g\u00f6d, ? \u2020 ?: r. k. szerzetes. &#8211; Mikh\u00e1z\u00e1n szerzetes, a kolostor f\u0151n\u00f6ke (1669 ut\u00e1n). A cs\u00edksomly\u00f3i ferences nyomda fel\u00e1ll\u00edt\u00e1sakor a rendtartom\u00e1ny vezet\u0151s\u00e9g\u00e9hez tartozott (1675 k.). Irod.: P\u00e1l-Antal; Pap L.: ferences nyomd\u00e1k<\/p>\n","protected":false},"featured_media":0,"comment_status":"open","ping_status":"closed","template":"","meta":[],"product_brand":[],"product_cat":[137],"product_tag":[],"class_list":{"0":"post-6937","1":"product","2":"type-product","3":"status-publish","5":"product_cat-maros-megyei-eletrajzi-lexikon","7":"first","8":"instock","9":"shipping-taxable","10":"product-type-simple"},"_links":{"self":[{"href":"https:\/\/uj.adatbank.ro\/lexikon\/wp-json\/wp\/v2\/product\/6937","targetHints":{"allow":["GET"]}}],"collection":[{"href":"https:\/\/uj.adatbank.ro\/lexikon\/wp-json\/wp\/v2\/product"}],"about":[{"href":"https:\/\/uj.adatbank.ro\/lexikon\/wp-json\/wp\/v2\/types\/product"}],"replies":[{"embeddable":true,"href":"https:\/\/uj.adatbank.ro\/lexikon\/wp-json\/wp\/v2\/comments?post=6937"}],"wp:attachment":[{"href":"https:\/\/uj.adatbank.ro\/lexikon\/wp-json\/wp\/v2\/media?parent=6937"}],"wp:term":[{"taxonomy":"product_brand","embeddable":true,"href":"https:\/\/uj.adatbank.ro\/lexikon\/wp-json\/wp\/v2\/product_brand?post=6937"},{"taxonomy":"product_cat","embeddable":true,"href":"https:\/\/uj.adatbank.ro\/lexikon\/wp-json\/wp\/v2\/product_cat?post=6937"},{"taxonomy":"product_tag","embeddable":true,"href":"https:\/\/uj.adatbank.ro\/lexikon\/wp-json\/wp\/v2\/product_tag?post=6937"}],"curies":[{"name":"wp","href":"https:\/\/api.w.org\/{rel}","templated":true}]}}