{"id":6947,"date":"2025-06-28T18:10:04","date_gmt":"2025-06-28T16:10:04","guid":{"rendered":"https:\/\/uj.adatbank.ro\/lexikon\/termek\/dolejan-ioan-dolejan-janos\/"},"modified":"2025-06-28T18:10:04","modified_gmt":"2025-06-28T16:10:04","slug":"dolejan-ioan-dolejan-janos","status":"publish","type":"product","link":"https:\/\/uj.adatbank.ro\/lexikon\/termek\/dolejan-ioan-dolejan-janos\/","title":{"rendered":"DOLEJAN Ioan, Dolejan J\u00e1nos"},"content":{"rendered":"<p>Pa\u015fcani, 1891., \u2020\u00a0? : k\u00f6zjegyz\u0151. \u2013 Apja f\u00f6ldbirtokos volt. \u2013 Az egyetemet Ia\u015fi-ban v\u00e9gezte, tanulm\u00e1nyai befejez\u00e9se ut\u00e1n F\u0103lticeni-ben \u00fcgyv\u00e9d, majd r\u00e9szt vett az els\u0151 vh.-ban, ahol h\u00e1romszor kit\u00fcntett\u00e9k. A mv-i t\u00f6rv\u00e9nysz\u00e9ken b\u00edr\u00f3 (1920\u201328), majd k\u00f6zjegyz\u0151i irod\u00e1t nyitott Sz\u00e1szr\u00e9genben (1928\u2013). \u00c9rdemei\u00e9rt a Rom\u00e1n Koronarend \u00e9s a Rom\u00e1n Csillagrend lovagi keresztj\u00e9vel t\u00fcntett\u00e9k ki. <br \/><strong>Irod.:<\/strong> Ki kicsoda\u00a0?<\/br><\/p>\n","protected":false},"excerpt":{"rendered":"<p>Pa\u015fcani, 1891., \u2020\u00a0? : k\u00f6zjegyz\u0151. \u2013 Apja f\u00f6ldbirtokos volt. \u2013 Az egyetemet Ia\u015fi-ban v\u00e9gezte, tanulm\u00e1nyai befejez\u00e9se ut\u00e1n F\u0103lticeni-ben \u00fcgyv\u00e9d, majd r\u00e9szt vett az els\u0151 vh.-ban, ahol h\u00e1romszor kit\u00fcntett\u00e9k. A mv-i t\u00f6rv\u00e9nysz\u00e9ken b\u00edr\u00f3 (1920\u201328), majd k\u00f6zjegyz\u0151i irod\u00e1t nyitott Sz\u00e1szr\u00e9genben (1928\u2013). \u00c9rdemei\u00e9rt a Rom\u00e1n Koronarend \u00e9s a Rom\u00e1n Csillagrend lovagi keresztj\u00e9vel t\u00fcntett\u00e9k ki. Irod.: Ki kicsoda\u00a0?<\/p>\n","protected":false},"featured_media":0,"comment_status":"open","ping_status":"closed","template":"","meta":[],"product_brand":[],"product_cat":[137],"product_tag":[],"class_list":{"0":"post-6947","1":"product","2":"type-product","3":"status-publish","5":"product_cat-maros-megyei-eletrajzi-lexikon","7":"first","8":"instock","9":"shipping-taxable","10":"product-type-simple"},"_links":{"self":[{"href":"https:\/\/uj.adatbank.ro\/lexikon\/wp-json\/wp\/v2\/product\/6947","targetHints":{"allow":["GET"]}}],"collection":[{"href":"https:\/\/uj.adatbank.ro\/lexikon\/wp-json\/wp\/v2\/product"}],"about":[{"href":"https:\/\/uj.adatbank.ro\/lexikon\/wp-json\/wp\/v2\/types\/product"}],"replies":[{"embeddable":true,"href":"https:\/\/uj.adatbank.ro\/lexikon\/wp-json\/wp\/v2\/comments?post=6947"}],"wp:attachment":[{"href":"https:\/\/uj.adatbank.ro\/lexikon\/wp-json\/wp\/v2\/media?parent=6947"}],"wp:term":[{"taxonomy":"product_brand","embeddable":true,"href":"https:\/\/uj.adatbank.ro\/lexikon\/wp-json\/wp\/v2\/product_brand?post=6947"},{"taxonomy":"product_cat","embeddable":true,"href":"https:\/\/uj.adatbank.ro\/lexikon\/wp-json\/wp\/v2\/product_cat?post=6947"},{"taxonomy":"product_tag","embeddable":true,"href":"https:\/\/uj.adatbank.ro\/lexikon\/wp-json\/wp\/v2\/product_tag?post=6947"}],"curies":[{"name":"wp","href":"https:\/\/api.w.org\/{rel}","templated":true}]}}

DOLEJAN Ioan, Dolejan János

<p>Paşcani, 1891., † ? : közjegyző. – Apja földbirtokos volt. – Az egyetemet Iaşi-ban végezte, tanulmányai befejezése után Fălticeni-ben ügyvéd, majd részt vett az első vh.-ban, ahol háromszor kitüntették. A mv-i törvényszéken bíró (1920–28), majd közjegyzői irodát nyitott Szászrégenben (1928–). Érdemeiért a Román Koronarend és a Román Csillagrend lovagi keresztjével tüntették ki. <br /><strong>Irod.:</strong> Ki kicsoda ?</br></p>

<p>Paşcani, 1891., † ? : közjegyző. – Apja földbirtokos volt. – Az egyetemet Iaşi-ban végezte, tanulmányai befejezése után Fălticeni-ben ügyvéd, majd részt vett az első vh.-ban, ahol háromszor kitüntették. A mv-i törvényszéken bíró (1920–28), majd közjegyzői irodát nyitott Szászrégenben (1928–). Érdemeiért a Román Koronarend és a Román Csillagrend lovagi keresztjével tüntették ki. Irod.: Ki kicsoda ?</p>
