{"id":6950,"date":"2025-06-28T18:10:10","date_gmt":"2025-06-28T16:10:10","guid":{"rendered":"https:\/\/uj.adatbank.ro\/lexikon\/termek\/domahidi-gyula\/"},"modified":"2025-06-28T18:10:10","modified_gmt":"2025-06-28T16:10:10","slug":"domahidi-gyula","status":"publish","type":"product","link":"https:\/\/uj.adatbank.ro\/lexikon\/termek\/domahidi-gyula\/","title":{"rendered":"DOMAHIDI Gyula"},"content":{"rendered":"<p>Udvarfalva, 1930. febr. 19., \u2020\u00a0? : tan\u00edt\u00f3, \u00fajs\u00e1g\u00edr\u00f3, m\u0171kedvel\u0151 fest\u0151. \u2013 Udvarfalv\u00e1n \u00e9s Mv.-en volt tanul\u00f3 (1938\u201350), Kv.-on a Tan\u00edt\u00f3k\u00e9pz\u0151ben v\u00e9gzett (1951\u201352), kapott oklevelet. A Pionir c. lap szerk. (1953\u201355), a V. Z. \u00fajs\u00e1g\u00edr\u00f3ja (1955\u201363). A Mv. Moziv\u00e1llalat alkalmazottja (1963\u20131990. m\u00e1rc. 1.). Verseket, karcolatokat, elbesz\u00e9l\u00e9seket k\u00f6z\u00f6lt az Utunk, Igaz Sz\u00f3, Ifj\u00famunk\u00e1s; tud\u00f3s\u00edt\u00e1sokat, riportokat a Pionir, V. Z., N\u00fa., \u00daj \u00c9let c. lapokban. Festeni kezdett. Tagja volt a Marosmegyei Amat\u00f6r K\u00e9pz\u0151m\u0171v\u00e9szek Egyes\u00fclet\u00e9nek Okleveleket, d\u00edjakat kapott. <strong>F. ki\u00e1ll.:<\/strong> Mv.-en (1980, 1981, 1982, 1983, Apoll\u00f3 Gal\u00e9ri\u00e1ban (1984), 1986, Ifj\u00fas\u00e1gi H\u00e1z, 1989); Sepsiszentgy\u00f6rgy\u00f6n (1982). <br \/><strong>Irod.:<\/strong> D\u00e9zsi \u00d6d\u00f6n: A konok ember (V. Z., 1984. m\u00e1j. 15.); Kusz\u00e1lik; S\u00e1ndor Mikl\u00f3s G\u00a0: Meghitt t\u00e1jak fest\u0151je (\u00daj \u00c9let, 5. sz. 1987.)<\/br><\/p>\n","protected":false},"excerpt":{"rendered":"<p>Udvarfalva, 1930. febr. 19., \u2020\u00a0? : tan\u00edt\u00f3, \u00fajs\u00e1g\u00edr\u00f3, m\u0171kedvel\u0151 fest\u0151. \u2013 Udvarfalv\u00e1n \u00e9s Mv.-en volt tanul\u00f3 (1938\u201350), Kv.-on a Tan\u00edt\u00f3k\u00e9pz\u0151ben v\u00e9gzett (1951\u201352), kapott oklevelet. A Pionir c. lap szerk. (1953\u201355), a V. Z. \u00fajs\u00e1g\u00edr\u00f3ja (1955\u201363). A Mv. Moziv\u00e1llalat alkalmazottja (1963\u20131990. m\u00e1rc. 1.). Verseket, karcolatokat, elbesz\u00e9l\u00e9seket k\u00f6z\u00f6lt az Utunk, Igaz Sz\u00f3, Ifj\u00famunk\u00e1s; tud\u00f3s\u00edt\u00e1sokat, riportokat a Pionir, [&hellip;]<\/p>\n","protected":false},"featured_media":0,"comment_status":"open","ping_status":"closed","template":"","meta":[],"product_brand":[],"product_cat":[137],"product_tag":[],"class_list":{"0":"post-6950","1":"product","2":"type-product","3":"status-publish","5":"product_cat-maros-megyei-eletrajzi-lexikon","7":"first","8":"instock","9":"shipping-taxable","10":"product-type-simple"},"_links":{"self":[{"href":"https:\/\/uj.adatbank.ro\/lexikon\/wp-json\/wp\/v2\/product\/6950","targetHints":{"allow":["GET"]}}],"collection":[{"href":"https:\/\/uj.adatbank.ro\/lexikon\/wp-json\/wp\/v2\/product"}],"about":[{"href":"https:\/\/uj.adatbank.ro\/lexikon\/wp-json\/wp\/v2\/types\/product"}],"replies":[{"embeddable":true,"href":"https:\/\/uj.adatbank.ro\/lexikon\/wp-json\/wp\/v2\/comments?post=6950"}],"wp:attachment":[{"href":"https:\/\/uj.adatbank.ro\/lexikon\/wp-json\/wp\/v2\/media?parent=6950"}],"wp:term":[{"taxonomy":"product_brand","embeddable":true,"href":"https:\/\/uj.adatbank.ro\/lexikon\/wp-json\/wp\/v2\/product_brand?post=6950"},{"taxonomy":"product_cat","embeddable":true,"href":"https:\/\/uj.adatbank.ro\/lexikon\/wp-json\/wp\/v2\/product_cat?post=6950"},{"taxonomy":"product_tag","embeddable":true,"href":"https:\/\/uj.adatbank.ro\/lexikon\/wp-json\/wp\/v2\/product_tag?post=6950"}],"curies":[{"name":"wp","href":"https:\/\/api.w.org\/{rel}","templated":true}]}}