{"id":6957,"date":"2025-06-28T18:10:23","date_gmt":"2025-06-28T16:10:23","guid":{"rendered":"https:\/\/uj.adatbank.ro\/lexikon\/termek\/domby-lajos\/"},"modified":"2025-06-28T18:10:23","modified_gmt":"2025-06-28T16:10:23","slug":"domby-lajos","status":"publish","type":"product","link":"https:\/\/uj.adatbank.ro\/lexikon\/termek\/domby-lajos\/","title":{"rendered":"DOMBY Lajos"},"content":{"rendered":"<p>Ny\u00fajt\u00f3d, 1872. m\u00e1rc. 19. \u2020\u00a01942. dec. 12.: r. k. pap, tan\u00e1r. \u2013 Tanult Cs\u00edkszered\u00e1ban, K\u00e9zdiv\u00e1s\u00e1rhelyen, Kv.-on \u00e9s Gyulafeh\u00e9rv\u00e1ron, a teol\u00f3gia tanulm\u00e1nyait Bp.-en v\u00e9gezte, majd a kv.-i egyetemen tanult tov\u00e1bb. Papp\u00e1 szentelt\u00e9k (1895. j\u00fal. 14.). M. nyelv \u00e9s irodalomtan\u00e1r volt a mv.-i R. K. Gimn.-ban (1897\u20131903). Tan\u00e1r K\u00e9zdiv\u00e1s\u00e1rhelyen (1903), Brass\u00f3ban (1907\u2013) Nyugd\u00edjba vonult (1932). <br \/><strong>Irod.:<\/strong> Ferenczi S\u00e1ndor 2009; Mv.-i R. K. okt.; R. k. okt. 1\u20132; A Szent Istv\u00e1n T\u00e1rsulat tagjainak n\u00e9vsora 1898-ban (Bp., 1898)<\/br><\/p>\n","protected":false},"excerpt":{"rendered":"<p>Ny\u00fajt\u00f3d, 1872. m\u00e1rc. 19. \u2020\u00a01942. dec. 12.: r. k. pap, tan\u00e1r. \u2013 Tanult Cs\u00edkszered\u00e1ban, K\u00e9zdiv\u00e1s\u00e1rhelyen, Kv.-on \u00e9s Gyulafeh\u00e9rv\u00e1ron, a teol\u00f3gia tanulm\u00e1nyait Bp.-en v\u00e9gezte, majd a kv.-i egyetemen tanult tov\u00e1bb. Papp\u00e1 szentelt\u00e9k (1895. j\u00fal. 14.). M. nyelv \u00e9s irodalomtan\u00e1r volt a mv.-i R. K. Gimn.-ban (1897\u20131903). Tan\u00e1r K\u00e9zdiv\u00e1s\u00e1rhelyen (1903), Brass\u00f3ban (1907\u2013) Nyugd\u00edjba vonult (1932). Irod.: Ferenczi [&hellip;]<\/p>\n","protected":false},"featured_media":0,"comment_status":"open","ping_status":"closed","template":"","meta":[],"product_brand":[],"product_cat":[137],"product_tag":[],"class_list":{"0":"post-6957","1":"product","2":"type-product","3":"status-publish","5":"product_cat-maros-megyei-eletrajzi-lexikon","7":"first","8":"instock","9":"shipping-taxable","10":"product-type-simple"},"_links":{"self":[{"href":"https:\/\/uj.adatbank.ro\/lexikon\/wp-json\/wp\/v2\/product\/6957","targetHints":{"allow":["GET"]}}],"collection":[{"href":"https:\/\/uj.adatbank.ro\/lexikon\/wp-json\/wp\/v2\/product"}],"about":[{"href":"https:\/\/uj.adatbank.ro\/lexikon\/wp-json\/wp\/v2\/types\/product"}],"replies":[{"embeddable":true,"href":"https:\/\/uj.adatbank.ro\/lexikon\/wp-json\/wp\/v2\/comments?post=6957"}],"wp:attachment":[{"href":"https:\/\/uj.adatbank.ro\/lexikon\/wp-json\/wp\/v2\/media?parent=6957"}],"wp:term":[{"taxonomy":"product_brand","embeddable":true,"href":"https:\/\/uj.adatbank.ro\/lexikon\/wp-json\/wp\/v2\/product_brand?post=6957"},{"taxonomy":"product_cat","embeddable":true,"href":"https:\/\/uj.adatbank.ro\/lexikon\/wp-json\/wp\/v2\/product_cat?post=6957"},{"taxonomy":"product_tag","embeddable":true,"href":"https:\/\/uj.adatbank.ro\/lexikon\/wp-json\/wp\/v2\/product_tag?post=6957"}],"curies":[{"name":"wp","href":"https:\/\/api.w.org\/{rel}","templated":true}]}}