{"id":6983,"date":"2025-06-28T18:11:13","date_gmt":"2025-06-28T16:11:13","guid":{"rendered":"https:\/\/uj.adatbank.ro\/lexikon\/termek\/donath-antal-palosi\/"},"modified":"2025-06-28T18:11:13","modified_gmt":"2025-06-28T16:11:13","slug":"donath-antal-palosi","status":"publish","type":"product","link":"https:\/\/uj.adatbank.ro\/lexikon\/termek\/donath-antal-palosi\/","title":{"rendered":"DON\u00c1TH Antal, p\u00e1losi"},"content":{"rendered":"<p>? \u2020 Mv., 1820.: t\u00e1blai \u00fcln\u00f6k, b\u00edr\u00f3. \u2013 Feles\u00e9ge: Kelemen M\u00e1ria (1772.? \u2013 Mv., 1846. \u00e1pr. 1). Gyermekeik: M\u00e1ria G\u00e1l Domokosn\u00e9; Anna Fekete Ferencn\u00e9; S\u00e1ndor, feles\u00e9ge B\u00e1nffy \u00c1gnes; Kata Fronius Mih\u00e1lyn\u00e9; Farkas, feles\u00e9ge Pekri J\u00fali\u00e1nna. \u2013 A Wagner-Patrovits K. f\u00e9le h\u00e1z Mv.-en \u201eA\u201d kateg\u00f3ri\u00e1s m\u0171eml\u00e9k (P\u0163a. Trandafirilor \/ F\u0151t\u00e9r 53. sz.)., a Kir. T\u00e1bla 2. sz\u00e9kh\u00e1z\u00e1nak szomsz\u00e9ds\u00e1g\u00e1ban volt (1815). \u2013 Irod: Gy\u00e1szjelent\u0151; Orb\u00e1n J\u00e1nos: A Kir\u00e1lyi T\u00e1bla els\u0151 k\u00e9t mv.-i sz\u00e9kh\u00e1za = St\u00edlusok, m\u0171vek, mesterek; Valori mure\u015fene de patrimoniu<\/br><\/p>\n","protected":false},"excerpt":{"rendered":"<p>? \u2020 Mv., 1820.: t\u00e1blai \u00fcln\u00f6k, b\u00edr\u00f3. \u2013 Feles\u00e9ge: Kelemen M\u00e1ria (1772.? \u2013 Mv., 1846. \u00e1pr. 1). Gyermekeik: M\u00e1ria G\u00e1l Domokosn\u00e9; Anna Fekete Ferencn\u00e9; S\u00e1ndor, feles\u00e9ge B\u00e1nffy \u00c1gnes; Kata Fronius Mih\u00e1lyn\u00e9; Farkas, feles\u00e9ge Pekri J\u00fali\u00e1nna. \u2013 A Wagner-Patrovits K. f\u00e9le h\u00e1z Mv.-en \u201eA\u201d kateg\u00f3ri\u00e1s m\u0171eml\u00e9k (P\u0163a. Trandafirilor \/ F\u0151t\u00e9r 53. sz.)., a Kir. T\u00e1bla 2. [&hellip;]<\/p>\n","protected":false},"featured_media":0,"comment_status":"open","ping_status":"closed","template":"","meta":[],"product_brand":[],"product_cat":[137],"product_tag":[],"class_list":{"0":"post-6983","1":"product","2":"type-product","3":"status-publish","5":"product_cat-maros-megyei-eletrajzi-lexikon","7":"first","8":"instock","9":"shipping-taxable","10":"product-type-simple"},"_links":{"self":[{"href":"https:\/\/uj.adatbank.ro\/lexikon\/wp-json\/wp\/v2\/product\/6983","targetHints":{"allow":["GET"]}}],"collection":[{"href":"https:\/\/uj.adatbank.ro\/lexikon\/wp-json\/wp\/v2\/product"}],"about":[{"href":"https:\/\/uj.adatbank.ro\/lexikon\/wp-json\/wp\/v2\/types\/product"}],"replies":[{"embeddable":true,"href":"https:\/\/uj.adatbank.ro\/lexikon\/wp-json\/wp\/v2\/comments?post=6983"}],"wp:attachment":[{"href":"https:\/\/uj.adatbank.ro\/lexikon\/wp-json\/wp\/v2\/media?parent=6983"}],"wp:term":[{"taxonomy":"product_brand","embeddable":true,"href":"https:\/\/uj.adatbank.ro\/lexikon\/wp-json\/wp\/v2\/product_brand?post=6983"},{"taxonomy":"product_cat","embeddable":true,"href":"https:\/\/uj.adatbank.ro\/lexikon\/wp-json\/wp\/v2\/product_cat?post=6983"},{"taxonomy":"product_tag","embeddable":true,"href":"https:\/\/uj.adatbank.ro\/lexikon\/wp-json\/wp\/v2\/product_tag?post=6983"}],"curies":[{"name":"wp","href":"https:\/\/api.w.org\/{rel}","templated":true}]}}

DONÁTH Antal, pálosi

<p>? † Mv., 1820.: táblai ülnök, bíró. – Felesége: Kelemen Mária (1772.? – Mv., 1846. ápr. 1). Gyermekeik: Mária Gál Domokosné; Anna Fekete Ferencné; Sándor, felesége Bánffy Ágnes; Kata Fronius Mihályné; Farkas, felesége Pekri Júliánna. – A Wagner-Patrovits K. féle ház Mv.-en „A” kategóriás műemlék (Pţa. Trandafirilor / Főtér 53. sz.)., a Kir. Tábla 2. székházának szomszédságában volt (1815). – Irod: Gyászjelentő; Orbán János: A Királyi Tábla első két mv.-i székháza = Stílusok, művek, mesterek; Valori mureşene de patrimoniu</br></p>

<p>? † Mv., 1820.: táblai ülnök, bíró. – Felesége: Kelemen Mária (1772.? – Mv., 1846. ápr. 1). Gyermekeik: Mária Gál Domokosné; Anna Fekete Ferencné; Sándor, felesége Bánffy Ágnes; Kata Fronius Mihályné; Farkas, felesége Pekri Júliánna. – A Wagner-Patrovits K. féle ház Mv.-en „A” kategóriás műemlék (Pţa. Trandafirilor / Főtér 53. sz.)., a Kir. Tábla 2. [&hellip;]</p>
