{"id":6984,"date":"2025-06-28T18:11:15","date_gmt":"2025-06-28T16:11:15","guid":{"rendered":"https:\/\/uj.adatbank.ro\/lexikon\/termek\/donath-arpad\/"},"modified":"2025-06-28T18:11:15","modified_gmt":"2025-06-28T16:11:15","slug":"donath-arpad","status":"publish","type":"product","link":"https:\/\/uj.adatbank.ro\/lexikon\/termek\/donath-arpad\/","title":{"rendered":"DON\u00c1TH \u00c1rp\u00e1d"},"content":{"rendered":"<p>Ny\u00e1r\u00e1dszereda, 1945. \u00e1pr. 19., \u2020 Mv., 2010. m\u00e1j. 13.: tan\u00e1r, matematikus. \u2013 Feles\u00e9ge: Ad\u00e9l, k\u00f6zgazd\u00e1sz. \u2013 A Mv.-i Pedag\u00f3giai F\u0151iskol\u00e1n (1966) \u00e9s a kv.-i BBTE matematika szak\u00e1n v\u00e9gzett (1972). Tan\u00edtott Ny\u00e1r\u00e1dk\u00f6szv\u00e9nyesen (1966\u2013), Cs\u00edkfalv\u00e1n (1969\u2013). A Maros megyei tanfel\u00fcgyel\u0151s\u00e9g matematika szakos tanfel\u00fcgyel\u0151je (1984-ig). \u00dajra tan\u00e1r Mv.-en t\u00f6bb iskol\u00e1ban: a 15. sz. (1984\u201388), a 3. sz. \u00e1ltal\u00e1nos iskol\u00e1ban (1988\u201393), ugyan itt aligazgat\u00f3 (1989\u2013), majd aligazgat\u00f3 a 18. sz. Romulus Guga \u00e1ltal\u00e1nos iskol\u00e1ban (1993\u2013) \u00e9s tan\u00e1r (1994\u2013), k\u00e9s\u0151bb f\u0151tanfel\u00fcgyel\u0151-helyettes (2003-ig), ism\u00e9t tan\u00e1r a mv.- Ref. Koll.-ban, a Bolyai Farkas Elm\u00e9leti L\u00edc.-ban nyugd\u00edjaz\u00e1s\u00e1ig (2008). A N\u00fa. Matematikai p\u00e1ly\u00e1zat rovat\u00e1t szerkesztette, Sebesty\u00e9n J\u00fali\u00e1val. A V\u00e1lyi Gyula Matematika K\u00f6r keret\u00e9ben tehets\u00e9ggondoz\u00e1st v\u00e9gzett. Bard\u00f3cz Lajos d\u00edjas, \u00c9rdemdiplom\u00e1s. Matematika t\u00f6rt\u00e9ner\u0151l sz\u00f3l\u00f3 tanulm\u00e1nyai megjelentek a Di\u00e1k\u00e9vk\u00f6nyvben, a Matematikai Lapokban. Tisztelet\u00e9re Mv.-en az Elektromaros Iskolak\u00f6zpontban, D. \u00c1. matematika eml\u00e9kversenyt szerveztek (2011. j\u00fan. 7.). \u2013 <strong>F. m.:<\/strong> Gyakorl\u00f3 feladatok matematik\u00e1b\u00f3l\u201a 1\u20132. k\u00f6t. (Mv., 1993); \u00d6sszefoglal\u00f3 m\u00e9rtanb\u00f3b\u00f3l l\u00edceumba felv\u00e9teliz\u0151k sz\u00e1m\u00e1ra (Mv., 1995); \u00d6sszefoglal\u00f3 matematik\u00e1b\u00f3l tan\u00edt\u00f3knak (Mv., 2009); <strong>t\u00e1rssz.:<\/strong> \u00d6sszefoglal\u00f3 aritmetik\u00e1b\u00f3l \u00e9s algebr\u00e1b\u00f3l l\u00edceumba felv\u00e9teliz\u0151k sz\u00e1m\u00e1ra (Sebesty\u00e9n J\u00fali\u00e1val, Mv., 1994, 1995; rom\u00e1n nyelven is megjelent); M\u0171velts\u00e9g\u00fcnk kezdetei (Sebesty\u00e9n J\u00fali\u00e1val, Kv., 1996); Az els\u0151 m. nyelv\u0171 \u00edr\u00e1sos eml\u00e9kek (Sebesty\u00e9n J\u00fali\u00e1val, Kv., 1997); Int\u00e9zm\u00e9nyek a m. tudom\u00e1nyos nyelv\u00e9rt (Sebesty\u00e9n J\u00fali\u00e1val, Kv., 1997); V\u00e1lyi Gyula matematikai feladatlap gy\u0171jtem\u00e9ny 1. k. (Kv., 2000). <br \/><strong>Irod.:<\/strong> EMKK2010; Kov\u00e1cs J\u00falia: Gondolatok a D. \u00c1. Matematika eml\u00e9kversenyr\u0151l (N\u00fa., ); [Nekrol\u00f3g] (N\u00fa., 2010. m\u00e1rc. 11.); Todea\u2013F\u00fcl\u00f6p\u2013Avram<\/br><\/p>\n","protected":false},"excerpt":{"rendered":"<p>Ny\u00e1r\u00e1dszereda, 1945. \u00e1pr. 19., \u2020 Mv., 2010. m\u00e1j. 13.: tan\u00e1r, matematikus. \u2013 Feles\u00e9ge: Ad\u00e9l, k\u00f6zgazd\u00e1sz. \u2013 A Mv.-i Pedag\u00f3giai F\u0151iskol\u00e1n (1966) \u00e9s a kv.-i BBTE matematika szak\u00e1n v\u00e9gzett (1972). Tan\u00edtott Ny\u00e1r\u00e1dk\u00f6szv\u00e9nyesen (1966\u2013), Cs\u00edkfalv\u00e1n (1969\u2013). A Maros megyei tanfel\u00fcgyel\u0151s\u00e9g matematika szakos tanfel\u00fcgyel\u0151je (1984-ig). \u00dajra tan\u00e1r Mv.-en t\u00f6bb iskol\u00e1ban: a 15. sz. (1984\u201388), a 3. sz. \u00e1ltal\u00e1nos [&hellip;]<\/p>\n","protected":false},"featured_media":0,"comment_status":"open","ping_status":"closed","template":"","meta":[],"product_brand":[],"product_cat":[137],"product_tag":[],"class_list":{"0":"post-6984","1":"product","2":"type-product","3":"status-publish","5":"product_cat-maros-megyei-eletrajzi-lexikon","7":"first","8":"instock","9":"shipping-taxable","10":"product-type-simple"},"_links":{"self":[{"href":"https:\/\/uj.adatbank.ro\/lexikon\/wp-json\/wp\/v2\/product\/6984","targetHints":{"allow":["GET"]}}],"collection":[{"href":"https:\/\/uj.adatbank.ro\/lexikon\/wp-json\/wp\/v2\/product"}],"about":[{"href":"https:\/\/uj.adatbank.ro\/lexikon\/wp-json\/wp\/v2\/types\/product"}],"replies":[{"embeddable":true,"href":"https:\/\/uj.adatbank.ro\/lexikon\/wp-json\/wp\/v2\/comments?post=6984"}],"wp:attachment":[{"href":"https:\/\/uj.adatbank.ro\/lexikon\/wp-json\/wp\/v2\/media?parent=6984"}],"wp:term":[{"taxonomy":"product_brand","embeddable":true,"href":"https:\/\/uj.adatbank.ro\/lexikon\/wp-json\/wp\/v2\/product_brand?post=6984"},{"taxonomy":"product_cat","embeddable":true,"href":"https:\/\/uj.adatbank.ro\/lexikon\/wp-json\/wp\/v2\/product_cat?post=6984"},{"taxonomy":"product_tag","embeddable":true,"href":"https:\/\/uj.adatbank.ro\/lexikon\/wp-json\/wp\/v2\/product_tag?post=6984"}],"curies":[{"name":"wp","href":"https:\/\/api.w.org\/{rel}","templated":true}]}}

DONÁTH Árpád

<p>Nyárádszereda, 1945. ápr. 19., † Mv., 2010. máj. 13.: tanár, matematikus. – Felesége: Adél, közgazdász. – A Mv.-i Pedagógiai Főiskolán (1966) és a kv.-i BBTE matematika szakán végzett (1972). Tanított Nyárádköszvényesen (1966–), Csíkfalván (1969–). A Maros megyei tanfelügyelőség matematika szakos tanfelügyelője (1984-ig). Újra tanár Mv.-en több iskolában: a 15. sz. (1984–88), a 3. sz. általános iskolában (1988–93), ugyan itt aligazgató (1989–), majd aligazgató a 18. sz. Romulus Guga általános iskolában (1993–) és tanár (1994–), később főtanfelügyelő-helyettes (2003-ig), ismét tanár a mv.- Ref. Koll.-ban, a Bolyai Farkas Elméleti Líc.-ban nyugdíjazásáig (2008). A Nú. Matematikai pályázat rovatát szerkesztette, Sebestyén Júliával. A Vályi Gyula Matematika Kör keretében tehetséggondozást végzett. Bardócz Lajos díjas, Érdemdiplomás. Matematika történeről szóló tanulmányai megjelentek a Diákévkönyvben, a Matematikai Lapokban. Tiszteletére Mv.-en az Elektromaros Iskolaközpontban, D. Á. matematika emlékversenyt szerveztek (2011. jún. 7.). – <strong>F. m.:</strong> Gyakorló feladatok matematikából‚ 1–2. köt. (Mv., 1993); Összefoglaló mértanbóból líceumba felvételizők számára (Mv., 1995); Összefoglaló matematikából tanítóknak (Mv., 2009); <strong>társsz.:</strong> Összefoglaló aritmetikából és algebrából líceumba felvételizők számára (Sebestyén Júliával, Mv., 1994, 1995; román nyelven is megjelent); Műveltségünk kezdetei (Sebestyén Júliával, Kv., 1996); Az első m. nyelvű írásos emlékek (Sebestyén Júliával, Kv., 1997); Intézmények a m. tudományos nyelvért (Sebestyén Júliával, Kv., 1997); Vályi Gyula matematikai feladatlap gyűjtemény 1. k. (Kv., 2000). <br /><strong>Irod.:</strong> EMKK2010; Kovács Júlia: Gondolatok a D. Á. Matematika emlékversenyről (Nú., ); [Nekrológ] (Nú., 2010. márc. 11.); Todea–Fülöp–Avram</br></p>

<p>Nyárádszereda, 1945. ápr. 19., † Mv., 2010. máj. 13.: tanár, matematikus. – Felesége: Adél, közgazdász. – A Mv.-i Pedagógiai Főiskolán (1966) és a kv.-i BBTE matematika szakán végzett (1972). Tanított Nyárádköszvényesen (1966–), Csíkfalván (1969–). A Maros megyei tanfelügyelőség matematika szakos tanfelügyelője (1984-ig). Újra tanár Mv.-en több iskolában: a 15. sz. (1984–88), a 3. sz. általános [&hellip;]</p>
