{"id":6985,"date":"2025-06-28T18:11:17","date_gmt":"2025-06-28T16:11:17","guid":{"rendered":"https:\/\/uj.adatbank.ro\/lexikon\/termek\/donath-gyorgy-nagyajtai-primor\/"},"modified":"2025-06-28T18:11:17","modified_gmt":"2025-06-28T16:11:17","slug":"donath-gyorgy-nagyajtai-primor","status":"publish","type":"product","link":"https:\/\/uj.adatbank.ro\/lexikon\/termek\/donath-gyorgy-nagyajtai-primor\/","title":{"rendered":"DON\u00c1TH Gy\u00f6rgy, nagyajtai, primor"},"content":{"rendered":"<p>Nagyajta, 1792., \u2020 Mv., 1848. nov. 19.: guberniumi irnok, test\u0151r, honv\u00e9dtiszt. \u2013 D. Gy\u00f6rgy mikl\u00f3sv\u00e1rsz\u00e9ki kir\u00e1lyb\u00edr\u00f3 \u00e9s gr. K. K\u00e1lnoky Margit fia. \u2013 Irnok (1813-ig), test\u0151r (1814\u201318), tiszt k\u00fcl\u00f6nb\u00f6z\u0151 egys\u00e9gekn\u00e9l (1818\u201348), a szabads\u00e1gharcban alezredes a 2. sz\u00e9kely gyalogezredben, az agyagfalvi sz\u00e9kely n\u00e9pgy\u0171l\u00e9s H\u00e1romsz\u00e9k vez\u00e9r\u00e9v\u00e9 v\u00e1lasztotta. Kir. hivatalos az erd\u00e9lyi 1848. \u00e9vi utols\u00f3 rendi ogy.-en (Kv., 1848. m\u00e1j. 29. -j\u00fal. 18.). <br \/><strong>Irod.:<\/strong> Egyed \u00c1.: Erd\u00e9ly 1848. ogy.; Erd\u0151vid\u00e9k; MTN<\/br><\/p>\n","protected":false},"excerpt":{"rendered":"<p>Nagyajta, 1792., \u2020 Mv., 1848. nov. 19.: guberniumi irnok, test\u0151r, honv\u00e9dtiszt. \u2013 D. Gy\u00f6rgy mikl\u00f3sv\u00e1rsz\u00e9ki kir\u00e1lyb\u00edr\u00f3 \u00e9s gr. K. K\u00e1lnoky Margit fia. \u2013 Irnok (1813-ig), test\u0151r (1814\u201318), tiszt k\u00fcl\u00f6nb\u00f6z\u0151 egys\u00e9gekn\u00e9l (1818\u201348), a szabads\u00e1gharcban alezredes a 2. sz\u00e9kely gyalogezredben, az agyagfalvi sz\u00e9kely n\u00e9pgy\u0171l\u00e9s H\u00e1romsz\u00e9k vez\u00e9r\u00e9v\u00e9 v\u00e1lasztotta. Kir. hivatalos az erd\u00e9lyi 1848. \u00e9vi utols\u00f3 rendi ogy.-en (Kv., [&hellip;]<\/p>\n","protected":false},"featured_media":0,"comment_status":"open","ping_status":"closed","template":"","meta":[],"product_brand":[],"product_cat":[137],"product_tag":[],"class_list":{"0":"post-6985","1":"product","2":"type-product","3":"status-publish","5":"product_cat-maros-megyei-eletrajzi-lexikon","7":"first","8":"instock","9":"shipping-taxable","10":"product-type-simple"},"_links":{"self":[{"href":"https:\/\/uj.adatbank.ro\/lexikon\/wp-json\/wp\/v2\/product\/6985","targetHints":{"allow":["GET"]}}],"collection":[{"href":"https:\/\/uj.adatbank.ro\/lexikon\/wp-json\/wp\/v2\/product"}],"about":[{"href":"https:\/\/uj.adatbank.ro\/lexikon\/wp-json\/wp\/v2\/types\/product"}],"replies":[{"embeddable":true,"href":"https:\/\/uj.adatbank.ro\/lexikon\/wp-json\/wp\/v2\/comments?post=6985"}],"wp:attachment":[{"href":"https:\/\/uj.adatbank.ro\/lexikon\/wp-json\/wp\/v2\/media?parent=6985"}],"wp:term":[{"taxonomy":"product_brand","embeddable":true,"href":"https:\/\/uj.adatbank.ro\/lexikon\/wp-json\/wp\/v2\/product_brand?post=6985"},{"taxonomy":"product_cat","embeddable":true,"href":"https:\/\/uj.adatbank.ro\/lexikon\/wp-json\/wp\/v2\/product_cat?post=6985"},{"taxonomy":"product_tag","embeddable":true,"href":"https:\/\/uj.adatbank.ro\/lexikon\/wp-json\/wp\/v2\/product_tag?post=6985"}],"curies":[{"name":"wp","href":"https:\/\/api.w.org\/{rel}","templated":true}]}}

DONÁTH György, nagyajtai, primor

<p>Nagyajta, 1792., † Mv., 1848. nov. 19.: guberniumi irnok, testőr, honvédtiszt. – D. György miklósvárszéki királybíró és gr. K. Kálnoky Margit fia. – Irnok (1813-ig), testőr (1814–18), tiszt különböző egységeknél (1818–48), a szabadságharcban alezredes a 2. székely gyalogezredben, az agyagfalvi székely népgyűlés Háromszék vezérévé választotta. Kir. hivatalos az erdélyi 1848. évi utolsó rendi ogy.-en (Kv., 1848. máj. 29. -júl. 18.). <br /><strong>Irod.:</strong> Egyed Á.: Erdély 1848. ogy.; Erdővidék; MTN</br></p>

<p>Nagyajta, 1792., † Mv., 1848. nov. 19.: guberniumi irnok, testőr, honvédtiszt. – D. György miklósvárszéki királybíró és gr. K. Kálnoky Margit fia. – Irnok (1813-ig), testőr (1814–18), tiszt különböző egységeknél (1818–48), a szabadságharcban alezredes a 2. székely gyalogezredben, az agyagfalvi székely népgyűlés Háromszék vezérévé választotta. Kir. hivatalos az erdélyi 1848. évi utolsó rendi ogy.-en (Kv., [&hellip;]</p>
