{"id":7002,"date":"2025-06-28T18:11:50","date_gmt":"2025-06-28T16:11:50","guid":{"rendered":"https:\/\/uj.adatbank.ro\/lexikon\/termek\/dorhoi-ioan\/"},"modified":"2025-06-28T18:11:50","modified_gmt":"2025-06-28T16:11:50","slug":"dorhoi-ioan","status":"publish","type":"product","link":"https:\/\/uj.adatbank.ro\/lexikon\/termek\/dorhoi-ioan\/","title":{"rendered":"DORHOI Ioan"},"content":{"rendered":"<p>Budatelke, 1914., \u2020\u00a0Uzdiszentp\u00e9ter, 1994.: tan\u00e1r. \u2013 Bal\u00e1zsfalv\u00e1n tan\u00edt\u00f3k\u00e9pz\u0151t, Kv.-on a BBTE t\u00f6rt\u00e9nelem szak\u00e1t v\u00e9gezte el. Uzdiszentp\u00e9teren tan\u00edtott t\u00f6rt\u00e9nelmet \u00e9s iskolaigazgat\u00f3 volt (1952\u201374). Bekapcsol\u00f3dott a falu t\u00e1rsadalmi-gazdas\u00e1gi \u00e9let\u00e9be: n\u00e9ptan\u00e1csi k\u00e9pvisel\u0151, m\u0171vel\u0151d\u00e9si \u00e9s sport tan\u00e1cs tev\u00e9keny tagja. Igazgat\u00f3s\u00e1ga ideje alatt \u00e9p\u00fclt a szentp\u00e9teri \u00faj iskola (1972\u201374). Tartal\u00e9kos hadnagyk\u00e9nt r\u00e9szt vett a II. vh. harcaiban Moldv\u00e1ban, Mo. \u00e9s Csehszlov\u00e1kia felszabad\u00edt\u00e1s\u00e1ban. T\u00f6bb alkalommal kit\u00fcntett\u00e9k. <br \/><strong>Irod.:<\/strong> S\u00e2npetru de C\u00e2mpie<\/br><\/p>\n","protected":false},"excerpt":{"rendered":"<p>Budatelke, 1914., \u2020\u00a0Uzdiszentp\u00e9ter, 1994.: tan\u00e1r. \u2013 Bal\u00e1zsfalv\u00e1n tan\u00edt\u00f3k\u00e9pz\u0151t, Kv.-on a BBTE t\u00f6rt\u00e9nelem szak\u00e1t v\u00e9gezte el. Uzdiszentp\u00e9teren tan\u00edtott t\u00f6rt\u00e9nelmet \u00e9s iskolaigazgat\u00f3 volt (1952\u201374). Bekapcsol\u00f3dott a falu t\u00e1rsadalmi-gazdas\u00e1gi \u00e9let\u00e9be: n\u00e9ptan\u00e1csi k\u00e9pvisel\u0151, m\u0171vel\u0151d\u00e9si \u00e9s sport tan\u00e1cs tev\u00e9keny tagja. Igazgat\u00f3s\u00e1ga ideje alatt \u00e9p\u00fclt a szentp\u00e9teri \u00faj iskola (1972\u201374). Tartal\u00e9kos hadnagyk\u00e9nt r\u00e9szt vett a II. vh. harcaiban Moldv\u00e1ban, Mo. \u00e9s [&hellip;]<\/p>\n","protected":false},"featured_media":0,"comment_status":"open","ping_status":"closed","template":"","meta":[],"product_brand":[],"product_cat":[137],"product_tag":[],"class_list":{"0":"post-7002","1":"product","2":"type-product","3":"status-publish","5":"product_cat-maros-megyei-eletrajzi-lexikon","7":"first","8":"instock","9":"shipping-taxable","10":"product-type-simple"},"_links":{"self":[{"href":"https:\/\/uj.adatbank.ro\/lexikon\/wp-json\/wp\/v2\/product\/7002","targetHints":{"allow":["GET"]}}],"collection":[{"href":"https:\/\/uj.adatbank.ro\/lexikon\/wp-json\/wp\/v2\/product"}],"about":[{"href":"https:\/\/uj.adatbank.ro\/lexikon\/wp-json\/wp\/v2\/types\/product"}],"replies":[{"embeddable":true,"href":"https:\/\/uj.adatbank.ro\/lexikon\/wp-json\/wp\/v2\/comments?post=7002"}],"wp:attachment":[{"href":"https:\/\/uj.adatbank.ro\/lexikon\/wp-json\/wp\/v2\/media?parent=7002"}],"wp:term":[{"taxonomy":"product_brand","embeddable":true,"href":"https:\/\/uj.adatbank.ro\/lexikon\/wp-json\/wp\/v2\/product_brand?post=7002"},{"taxonomy":"product_cat","embeddable":true,"href":"https:\/\/uj.adatbank.ro\/lexikon\/wp-json\/wp\/v2\/product_cat?post=7002"},{"taxonomy":"product_tag","embeddable":true,"href":"https:\/\/uj.adatbank.ro\/lexikon\/wp-json\/wp\/v2\/product_tag?post=7002"}],"curies":[{"name":"wp","href":"https:\/\/api.w.org\/{rel}","templated":true}]}}