{"id":7006,"date":"2025-06-28T18:11:57","date_gmt":"2025-06-28T16:11:57","guid":{"rendered":"https:\/\/uj.adatbank.ro\/lexikon\/termek\/dosa-abraham-makfalvi\/"},"modified":"2025-06-28T18:11:57","modified_gmt":"2025-06-28T16:11:57","slug":"dosa-abraham-makfalvi","status":"publish","type":"product","link":"https:\/\/uj.adatbank.ro\/lexikon\/termek\/dosa-abraham-makfalvi\/","title":{"rendered":"D\u00d3SA \u00c1brah\u00e1m, makfalvi"},"content":{"rendered":"<p>? \u2020\u00a0? : Marossz\u00e9k alkir\u00e1lybir\u00f3ja (1718). \u2013 D. Tam\u00e1s alkir\u00e1lyb\u00edr\u00f3 \u00e9s cs\u00edkszentkir\u00e1lyi Bors Erzs\u00e9bet fia. \u2013 \u00c1kosfalvi Szil\u00e1gyi J\u00e1nos alkir\u00e1lyb\u00edr\u00f3val \u00e9s koll.-i algondnokkal arra t\u00f6rekedtek, hogy a mv.-i Ref. Koll. \u00e9p\u00fclete elk\u00e9sz\u00fclj\u00f6n (1718). K\u0151rlev\u00e9lben sz\u00f3l\u00edtotta fel a k\u00f6rny\u00e9kbeli k\u00f6zs\u00e9geket \u00e9p\u00fcletfa hord\u00e1sra. K\u00e9s\u0151bb vall\u00e1si \u0151r\u00fclet fogta el. <br \/><strong>Irod.:<\/strong> Benk\u0151; F\u00fcl\u00f6p Ir\u00e9n: \u00ab. Georgius Dosa Siculus de Makfalwa in sede Maros existente. \u00ab (N\u00fa., 1997. \u00e1pr. 26.); Kr\u00f3n. F\u00fcz. (1940. 10. sz.); Nagy Iv\u00e1n, P\u00e1lmay; \u00daIL<\/br><\/p>\n","protected":false},"excerpt":{"rendered":"<p>? \u2020\u00a0? : Marossz\u00e9k alkir\u00e1lybir\u00f3ja (1718). \u2013 D. Tam\u00e1s alkir\u00e1lyb\u00edr\u00f3 \u00e9s cs\u00edkszentkir\u00e1lyi Bors Erzs\u00e9bet fia. \u2013 \u00c1kosfalvi Szil\u00e1gyi J\u00e1nos alkir\u00e1lyb\u00edr\u00f3val \u00e9s koll.-i algondnokkal arra t\u00f6rekedtek, hogy a mv.-i Ref. Koll. \u00e9p\u00fclete elk\u00e9sz\u00fclj\u00f6n (1718). K\u0151rlev\u00e9lben sz\u00f3l\u00edtotta fel a k\u00f6rny\u00e9kbeli k\u00f6zs\u00e9geket \u00e9p\u00fcletfa hord\u00e1sra. K\u00e9s\u0151bb vall\u00e1si \u0151r\u00fclet fogta el. Irod.: Benk\u0151; F\u00fcl\u00f6p Ir\u00e9n: \u00ab. Georgius Dosa Siculus de [&hellip;]<\/p>\n","protected":false},"featured_media":0,"comment_status":"open","ping_status":"closed","template":"","meta":[],"product_brand":[],"product_cat":[137],"product_tag":[],"class_list":{"0":"post-7006","1":"product","2":"type-product","3":"status-publish","5":"product_cat-maros-megyei-eletrajzi-lexikon","7":"first","8":"instock","9":"shipping-taxable","10":"product-type-simple"},"_links":{"self":[{"href":"https:\/\/uj.adatbank.ro\/lexikon\/wp-json\/wp\/v2\/product\/7006","targetHints":{"allow":["GET"]}}],"collection":[{"href":"https:\/\/uj.adatbank.ro\/lexikon\/wp-json\/wp\/v2\/product"}],"about":[{"href":"https:\/\/uj.adatbank.ro\/lexikon\/wp-json\/wp\/v2\/types\/product"}],"replies":[{"embeddable":true,"href":"https:\/\/uj.adatbank.ro\/lexikon\/wp-json\/wp\/v2\/comments?post=7006"}],"wp:attachment":[{"href":"https:\/\/uj.adatbank.ro\/lexikon\/wp-json\/wp\/v2\/media?parent=7006"}],"wp:term":[{"taxonomy":"product_brand","embeddable":true,"href":"https:\/\/uj.adatbank.ro\/lexikon\/wp-json\/wp\/v2\/product_brand?post=7006"},{"taxonomy":"product_cat","embeddable":true,"href":"https:\/\/uj.adatbank.ro\/lexikon\/wp-json\/wp\/v2\/product_cat?post=7006"},{"taxonomy":"product_tag","embeddable":true,"href":"https:\/\/uj.adatbank.ro\/lexikon\/wp-json\/wp\/v2\/product_tag?post=7006"}],"curies":[{"name":"wp","href":"https:\/\/api.w.org\/{rel}","templated":true}]}}

DÓSA Ábrahám, makfalvi

<p>? † ? : Marosszék alkirálybirója (1718). – D. Tamás alkirálybíró és csíkszentkirályi Bors Erzsébet fia. – Ákosfalvi Szilágyi János alkirálybíróval és koll.-i algondnokkal arra törekedtek, hogy a mv.-i Ref. Koll. épülete elkészüljön (1718). Kőrlevélben szólította fel a környékbeli községeket épületfa hordásra. Később vallási őrület fogta el. <br /><strong>Irod.:</strong> Benkő; Fülöp Irén: «. Georgius Dosa Siculus de Makfalwa in sede Maros existente. « (Nú., 1997. ápr. 26.); Krón. Füz. (1940. 10. sz.); Nagy Iván, Pálmay; ÚIL</br></p>

<p>? † ? : Marosszék alkirálybirója (1718). – D. Tamás alkirálybíró és csíkszentkirályi Bors Erzsébet fia. – Ákosfalvi Szilágyi János alkirálybíróval és koll.-i algondnokkal arra törekedtek, hogy a mv.-i Ref. Koll. épülete elkészüljön (1718). Kőrlevélben szólította fel a környékbeli községeket épületfa hordásra. Később vallási őrület fogta el. Irod.: Benkő; Fülöp Irén: «. Georgius Dosa Siculus de [&hellip;]</p>
