{"id":7025,"date":"2025-06-28T18:12:33","date_gmt":"2025-06-28T16:12:33","guid":{"rendered":"https:\/\/uj.adatbank.ro\/lexikon\/termek\/dosa-gergely-dozsa-gergely-makfalvi\/"},"modified":"2025-06-28T18:12:33","modified_gmt":"2025-06-28T16:12:33","slug":"dosa-gergely-dozsa-gergely-makfalvi","status":"publish","type":"product","link":"https:\/\/uj.adatbank.ro\/lexikon\/termek\/dosa-gergely-dozsa-gergely-makfalvi\/","title":{"rendered":"D\u00d3SA Gergely, D\u00f3zsa Gergely, makfalvi"},"content":{"rendered":"<p>Lukafalva, 1761., \u2020 Mv., 1826. febr. 11.: jog\u00e1sz, jogtan\u00e1r. S\u00edrja a mv.-i ref. temet\u0151ben. \u2013 \u00c1d\u00e1m fia. Feles\u00e9ge: Basa R\u00e1khel (\u2020 Mv., 1841. dec. 11.). Veje V\u00e1lyi K\u00e1roly postamester. \u2013 A mv.-i Ref. Koll.-ban tanult (1781\u2013), ahol kit\u00fcnt szorgalm\u00e1val \u00e9s tud\u00e1s\u00e1val, ez\u00e9rt gr. Bethlen S\u00e1ndor fiainak nevel\u0151je lett. Befejezte a fels\u0151bb tanulm\u00e1nyokat \u00e9s amikor Mv.-en jogi tansz\u00e9ket terveztek fel\u00e1ll\u00edtani (1790) \u0151t szemelt\u00e9k ki tan\u00e1rnak. Seg\u00e9lyt gy\u0171jt\u00f6ttek sz\u00e1m\u00e1ra majd G\u00f6tting\u00e1ba a Georgia Augusta egyetemre k\u00fcldt\u00e9k jogot tanulni. Hazat\u00e9r\u00e9se ut\u00e1n beiktatt\u00e1k \u00faj hivatal\u00e1ba (1794. \u00e1pr. 20. \u2013 1826), rektor is volt (1800-?). A V\u00e1rtemplom toronygombirat\u00e1ban (1822), mint rektort \u00e9s jog\u00e1sz prof. -t eml\u00edtett\u00e9k. Szaktud\u00e1s\u00e1t Eur\u00f3pa egyik legjobb egyetem\u00e9n szerezte, ahol gondot ford\u00edtottak a korszer\u0171 hivatalnokk\u00e9pz\u00e9sre \u00e9s az \u00e1ltal\u00e1nos m\u0171velts\u00e9gre is. Jogi k\u00e9pzetts\u00e9g\u00e9nek k\u00f6sz\u00f6nhet\u0151en kapcsolatot tartott az erd\u00e9lyi kancell\u00e1rral, a gubern\u00e1torral, a k\u00f6zigazgat\u00e1s, igazs\u00e1gszolg\u00e1ltat\u00e1s \u00e9s az egyh\u00e1z valamennyi vezet\u0151j\u00e9vel. Megnyerte az unokatestv\u00e9reivel \u00e9vekig tart\u00f3 nagy pert. A jogi tudom\u00e1nyok tan\u00edt\u00e1s\u00e1ban \u00fatt\u00f6r\u0151 munk\u00e1t v\u00e9gzett, \u00e9s amit megkezdett gyermekei, unok\u00e1i folytatt\u00e1k. Nev\u00e9hez f\u0171z\u0151dik a koll. \u00fajj\u00e1\u00e9p\u00edt\u00e9se \u00e9s \u00faj pedag\u00f3giai ir\u00e1nyba val\u00f3 terel\u00e9se. \u00daj nemesi levelet szerzett az uralkod\u00f3t\u00f3l. Portr\u00e9j\u00e1t, Bo\u00e9r M\u00e1rton m\u0171v\u00e9t, a Kv.-i M\u0171v\u00e9szeti M\u00fazeum \u0151rzi. <br \/><strong>Irod.:<\/strong> Benk\u0151 Samu; Csekme; Fogarasi; F\u00fcl\u00f6p Ir\u00e9n: \u00ab. Georgius Dosa Siculus de Makfalwa in sede Maros existente. \u00ab (N\u00fa., 1997. \u00e1pr. 26.); Gy\u00e1szjelent\u0151; Id\u0151t\u00e1r 1; Keszeg; Koncz; Kov\u00e1sznai; Kozma; Kr\u00f3n. F\u00fcz. (1939. 7. sz.); Maros megye; Molter 2.; Mv.-i ref. temet\u0151; Nemes; Par\u00e1dy; P\u00e1l-Antal 2009; P\u00e1lmay J\u00f3zsef; Rugonfalvi Kiss; S\u00e1ndor Imre: A makfalvi \u00e9s uzapaniti D\u00f3zsa csal\u00e1d (Geneal\u00f3giai F\u00fczetek, 3. sz., 1903); Thury<\/br><\/p>\n","protected":false},"excerpt":{"rendered":"<p>Lukafalva, 1761., \u2020 Mv., 1826. febr. 11.: jog\u00e1sz, jogtan\u00e1r. S\u00edrja a mv.-i ref. temet\u0151ben. \u2013 \u00c1d\u00e1m fia. Feles\u00e9ge: Basa R\u00e1khel (\u2020 Mv., 1841. dec. 11.). Veje V\u00e1lyi K\u00e1roly postamester. \u2013 A mv.-i Ref. Koll.-ban tanult (1781\u2013), ahol kit\u00fcnt szorgalm\u00e1val \u00e9s tud\u00e1s\u00e1val, ez\u00e9rt gr. Bethlen S\u00e1ndor fiainak nevel\u0151je lett. Befejezte a fels\u0151bb tanulm\u00e1nyokat \u00e9s amikor Mv.-en [&hellip;]<\/p>\n","protected":false},"featured_media":0,"comment_status":"open","ping_status":"closed","template":"","meta":[],"product_brand":[],"product_cat":[137],"product_tag":[],"class_list":{"0":"post-7025","1":"product","2":"type-product","3":"status-publish","5":"product_cat-maros-megyei-eletrajzi-lexikon","7":"first","8":"instock","9":"shipping-taxable","10":"product-type-simple"},"_links":{"self":[{"href":"https:\/\/uj.adatbank.ro\/lexikon\/wp-json\/wp\/v2\/product\/7025","targetHints":{"allow":["GET"]}}],"collection":[{"href":"https:\/\/uj.adatbank.ro\/lexikon\/wp-json\/wp\/v2\/product"}],"about":[{"href":"https:\/\/uj.adatbank.ro\/lexikon\/wp-json\/wp\/v2\/types\/product"}],"replies":[{"embeddable":true,"href":"https:\/\/uj.adatbank.ro\/lexikon\/wp-json\/wp\/v2\/comments?post=7025"}],"wp:attachment":[{"href":"https:\/\/uj.adatbank.ro\/lexikon\/wp-json\/wp\/v2\/media?parent=7025"}],"wp:term":[{"taxonomy":"product_brand","embeddable":true,"href":"https:\/\/uj.adatbank.ro\/lexikon\/wp-json\/wp\/v2\/product_brand?post=7025"},{"taxonomy":"product_cat","embeddable":true,"href":"https:\/\/uj.adatbank.ro\/lexikon\/wp-json\/wp\/v2\/product_cat?post=7025"},{"taxonomy":"product_tag","embeddable":true,"href":"https:\/\/uj.adatbank.ro\/lexikon\/wp-json\/wp\/v2\/product_tag?post=7025"}],"curies":[{"name":"wp","href":"https:\/\/api.w.org\/{rel}","templated":true}]}}

DÓSA Gergely, Dózsa Gergely, makfalvi

<p>Lukafalva, 1761., † Mv., 1826. febr. 11.: jogász, jogtanár. Sírja a mv.-i ref. temetőben. – Ádám fia. Felesége: Basa Rákhel († Mv., 1841. dec. 11.). Veje Vályi Károly postamester. – A mv.-i Ref. Koll.-ban tanult (1781–), ahol kitünt szorgalmával és tudásával, ezért gr. Bethlen Sándor fiainak nevelője lett. Befejezte a felsőbb tanulmányokat és amikor Mv.-en jogi tanszéket terveztek felállítani (1790) őt szemelték ki tanárnak. Segélyt gyűjtöttek számára majd Göttingába a Georgia Augusta egyetemre küldték jogot tanulni. Hazatérése után beiktatták új hivatalába (1794. ápr. 20. – 1826), rektor is volt (1800-?). A Vártemplom toronygombiratában (1822), mint rektort és jogász prof. -t említették. Szaktudását Európa egyik legjobb egyetemén szerezte, ahol gondot fordítottak a korszerű hivatalnokképzésre és az általános műveltségre is. Jogi képzettségének köszönhetően kapcsolatot tartott az erdélyi kancellárral, a gubernátorral, a közigazgatás, igazságszolgáltatás és az egyház valamennyi vezetőjével. Megnyerte az unokatestvéreivel évekig tartó nagy pert. A jogi tudományok tanításában úttörő munkát végzett, és amit megkezdett gyermekei, unokái folytatták. Nevéhez fűződik a koll. újjáépítése és új pedagógiai irányba való terelése. Új nemesi levelet szerzett az uralkodótól. Portréját, Boér Márton művét, a Kv.-i Művészeti Múzeum őrzi. <br /><strong>Irod.:</strong> Benkő Samu; Csekme; Fogarasi; Fülöp Irén: «. Georgius Dosa Siculus de Makfalwa in sede Maros existente. « (Nú., 1997. ápr. 26.); Gyászjelentő; Időtár 1; Keszeg; Koncz; Kovásznai; Kozma; Krón. Füz. (1939. 7. sz.); Maros megye; Molter 2.; Mv.-i ref. temető; Nemes; Parády; Pál-Antal 2009; Pálmay József; Rugonfalvi Kiss; Sándor Imre: A makfalvi és uzapaniti Dózsa család (Genealógiai Füzetek, 3. sz., 1903); Thury</br></p>

<p>Lukafalva, 1761., † Mv., 1826. febr. 11.: jogász, jogtanár. Sírja a mv.-i ref. temetőben. – Ádám fia. Felesége: Basa Rákhel († Mv., 1841. dec. 11.). Veje Vályi Károly postamester. – A mv.-i Ref. Koll.-ban tanult (1781–), ahol kitünt szorgalmával és tudásával, ezért gr. Bethlen Sándor fiainak nevelője lett. Befejezte a felsőbb tanulmányokat és amikor Mv.-en [&hellip;]</p>
