{"id":7028,"date":"2025-06-28T18:12:38","date_gmt":"2025-06-28T16:12:38","guid":{"rendered":"https:\/\/uj.adatbank.ro\/lexikon\/termek\/dosa-geza-%c2%a7-makfalvi\/"},"modified":"2025-06-28T18:12:38","modified_gmt":"2025-06-28T16:12:38","slug":"dosa-geza-%c2%a7-makfalvi","status":"publish","type":"product","link":"https:\/\/uj.adatbank.ro\/lexikon\/termek\/dosa-geza-%c2%a7-makfalvi\/","title":{"rendered":"D\u00d3SA G\u00e9za, \u00a7 makfalvi"},"content":{"rendered":"<p>? \u2020\u00a01867. nov.: birtokos. \u2013 D. Farkas (1782\u20131864) fia. Testv\u00e9rei: Lenke \u00e9s Emma. \u2013 Mez\u0151s\u00e1msondon sz\u00e9p udvarh\u00e1zuk volt, az utols\u00f3 tulajdonosa a birtoknak (18. sz.?) K\u00e9s\u0151bb Jenei birtok\u00e1ba ker\u00fclt, kit\u0151l Zongor \u00e9s Basa G\u00e9za k\u00f6z\u00f6sen megv\u00e1s\u00e1rolt\u00e1k a birtokot. Az udvarh\u00e1z \u00e9s a m\u00f6g\u00f6tte lev\u0151 gy\u00fcm\u00f6lcs\u00f6s a Basa tulajdon\u00e1ban maradt. Az udvarh\u00e1zat jelenleg orvosi rendel\u0151nek haszn\u00e1lj\u00e1k. Gy\u00e1szbesz\u00e9det mondott felette Sz\u00e1sz B\u00e9la (1867. nov. 27.). <br \/><strong>Irod.:<\/strong> Gy\u00e1szjelent\u0151; Halotti besz\u00e9dek; Mez\u0151s\u00e1msond<\/br><\/p>\n","protected":false},"excerpt":{"rendered":"<p>? \u2020\u00a01867. nov.: birtokos. \u2013 D. Farkas (1782\u20131864) fia. Testv\u00e9rei: Lenke \u00e9s Emma. \u2013 Mez\u0151s\u00e1msondon sz\u00e9p udvarh\u00e1zuk volt, az utols\u00f3 tulajdonosa a birtoknak (18. sz.?) K\u00e9s\u0151bb Jenei birtok\u00e1ba ker\u00fclt, kit\u0151l Zongor \u00e9s Basa G\u00e9za k\u00f6z\u00f6sen megv\u00e1s\u00e1rolt\u00e1k a birtokot. Az udvarh\u00e1z \u00e9s a m\u00f6g\u00f6tte lev\u0151 gy\u00fcm\u00f6lcs\u00f6s a Basa tulajdon\u00e1ban maradt. Az udvarh\u00e1zat jelenleg orvosi rendel\u0151nek haszn\u00e1lj\u00e1k. [&hellip;]<\/p>\n","protected":false},"featured_media":0,"comment_status":"open","ping_status":"closed","template":"","meta":[],"product_brand":[],"product_cat":[137],"product_tag":[],"class_list":{"0":"post-7028","1":"product","2":"type-product","3":"status-publish","5":"product_cat-maros-megyei-eletrajzi-lexikon","7":"first","8":"instock","9":"shipping-taxable","10":"product-type-simple"},"_links":{"self":[{"href":"https:\/\/uj.adatbank.ro\/lexikon\/wp-json\/wp\/v2\/product\/7028","targetHints":{"allow":["GET"]}}],"collection":[{"href":"https:\/\/uj.adatbank.ro\/lexikon\/wp-json\/wp\/v2\/product"}],"about":[{"href":"https:\/\/uj.adatbank.ro\/lexikon\/wp-json\/wp\/v2\/types\/product"}],"replies":[{"embeddable":true,"href":"https:\/\/uj.adatbank.ro\/lexikon\/wp-json\/wp\/v2\/comments?post=7028"}],"wp:attachment":[{"href":"https:\/\/uj.adatbank.ro\/lexikon\/wp-json\/wp\/v2\/media?parent=7028"}],"wp:term":[{"taxonomy":"product_brand","embeddable":true,"href":"https:\/\/uj.adatbank.ro\/lexikon\/wp-json\/wp\/v2\/product_brand?post=7028"},{"taxonomy":"product_cat","embeddable":true,"href":"https:\/\/uj.adatbank.ro\/lexikon\/wp-json\/wp\/v2\/product_cat?post=7028"},{"taxonomy":"product_tag","embeddable":true,"href":"https:\/\/uj.adatbank.ro\/lexikon\/wp-json\/wp\/v2\/product_tag?post=7028"}],"curies":[{"name":"wp","href":"https:\/\/api.w.org\/{rel}","templated":true}]}}

DÓSA Géza, § makfalvi

<p>? † 1867. nov.: birtokos. – D. Farkas (1782–1864) fia. Testvérei: Lenke és Emma. – Mezősámsondon szép udvarházuk volt, az utolsó tulajdonosa a birtoknak (18. sz.?) Később Jenei birtokába került, kitől Zongor és Basa Géza közösen megvásárolták a birtokot. Az udvarház és a mögötte levő gyümölcsös a Basa tulajdonában maradt. Az udvarházat jelenleg orvosi rendelőnek használják. Gyászbeszédet mondott felette Szász Béla (1867. nov. 27.). <br /><strong>Irod.:</strong> Gyászjelentő; Halotti beszédek; Mezősámsond</br></p>

<p>? † 1867. nov.: birtokos. – D. Farkas (1782–1864) fia. Testvérei: Lenke és Emma. – Mezősámsondon szép udvarházuk volt, az utolsó tulajdonosa a birtoknak (18. sz.?) Később Jenei birtokába került, kitől Zongor és Basa Géza közösen megvásárolták a birtokot. Az udvarház és a mögötte levő gyümölcsös a Basa tulajdonában maradt. Az udvarházat jelenleg orvosi rendelőnek használják. [&hellip;]</p>
