{"id":7029,"date":"2025-06-28T18:12:40","date_gmt":"2025-06-28T16:12:40","guid":{"rendered":"https:\/\/uj.adatbank.ro\/lexikon\/termek\/dosa-gyorgy\/"},"modified":"2025-06-28T18:12:40","modified_gmt":"2025-06-28T16:12:40","slug":"dosa-gyorgy","status":"publish","type":"product","link":"https:\/\/uj.adatbank.ro\/lexikon\/termek\/dosa-gyorgy\/","title":{"rendered":"D\u00d3SA Gy\u00f6rgy"},"content":{"rendered":"<p>1816.?, \u2020 Mv., 1886. j\u00fal. 27.: \u00fcgyv\u00e9d, \u00e1llatorvos, f\u0151jegyz\u0151. \u2013 Apja: D. Farkas (1782.?, &#8211;\u00a0Mv., 1864). Feles\u00e9ge: Gyarmathy V. Roz\u00e1lia. Gyermekeik: G\u00e9za, Lenke (1855 \u2013 Nagylak, 1896. aug. 2., Mv.-en temett\u00e9k) \u00e9s Emma. \u2013 Amikor a fia sz\u00fcletett Nagyenyeden \u00fcgyv\u00e9d volt. Mint honv\u00e9d hadb\u00edr\u00f3 szolg\u00e1lta v\u00e9gig az 1848\/49. szabads\u00e1gharcot, majd \u00e1ln\u00e9ven szappangy\u00e1rat nyitott Kv.-on, ezt a foglalkoz\u00e1st is felcser\u00e9lte. Mv.-re k\u00f6lt\u00f6z\u00f6tt \u00e9s Marossz\u00e9k megyei \u00e1llatorvossa (1867\u2013) volt hal\u00e1l\u00e1ig. <br \/><strong>Irod.:<\/strong> Gy\u00e1szjelent\u0151; M. k\u00e9pz\u0151m\u0171v\u00e9szet albuma (Bp.)<\/br><\/p>\n","protected":false},"excerpt":{"rendered":"<p>1816.?, \u2020 Mv., 1886. j\u00fal. 27.: \u00fcgyv\u00e9d, \u00e1llatorvos, f\u0151jegyz\u0151. \u2013 Apja: D. Farkas (1782.?, &#8211;\u00a0Mv., 1864). Feles\u00e9ge: Gyarmathy V. Roz\u00e1lia. Gyermekeik: G\u00e9za, Lenke (1855 \u2013 Nagylak, 1896. aug. 2., Mv.-en temett\u00e9k) \u00e9s Emma. \u2013 Amikor a fia sz\u00fcletett Nagyenyeden \u00fcgyv\u00e9d volt. Mint honv\u00e9d hadb\u00edr\u00f3 szolg\u00e1lta v\u00e9gig az 1848\/49. szabads\u00e1gharcot, majd \u00e1ln\u00e9ven szappangy\u00e1rat nyitott Kv.-on, ezt [&hellip;]<\/p>\n","protected":false},"featured_media":0,"comment_status":"open","ping_status":"closed","template":"","meta":[],"product_brand":[],"product_cat":[137],"product_tag":[],"class_list":{"0":"post-7029","1":"product","2":"type-product","3":"status-publish","5":"product_cat-maros-megyei-eletrajzi-lexikon","7":"first","8":"instock","9":"shipping-taxable","10":"product-type-simple"},"_links":{"self":[{"href":"https:\/\/uj.adatbank.ro\/lexikon\/wp-json\/wp\/v2\/product\/7029","targetHints":{"allow":["GET"]}}],"collection":[{"href":"https:\/\/uj.adatbank.ro\/lexikon\/wp-json\/wp\/v2\/product"}],"about":[{"href":"https:\/\/uj.adatbank.ro\/lexikon\/wp-json\/wp\/v2\/types\/product"}],"replies":[{"embeddable":true,"href":"https:\/\/uj.adatbank.ro\/lexikon\/wp-json\/wp\/v2\/comments?post=7029"}],"wp:attachment":[{"href":"https:\/\/uj.adatbank.ro\/lexikon\/wp-json\/wp\/v2\/media?parent=7029"}],"wp:term":[{"taxonomy":"product_brand","embeddable":true,"href":"https:\/\/uj.adatbank.ro\/lexikon\/wp-json\/wp\/v2\/product_brand?post=7029"},{"taxonomy":"product_cat","embeddable":true,"href":"https:\/\/uj.adatbank.ro\/lexikon\/wp-json\/wp\/v2\/product_cat?post=7029"},{"taxonomy":"product_tag","embeddable":true,"href":"https:\/\/uj.adatbank.ro\/lexikon\/wp-json\/wp\/v2\/product_tag?post=7029"}],"curies":[{"name":"wp","href":"https:\/\/api.w.org\/{rel}","templated":true}]}}

DÓSA György

<p>1816.?, † Mv., 1886. júl. 27.: ügyvéd, állatorvos, főjegyző. – Apja: D. Farkas (1782.?, &#8211; Mv., 1864). Felesége: Gyarmathy V. Rozália. Gyermekeik: Géza, Lenke (1855 – Nagylak, 1896. aug. 2., Mv.-en temették) és Emma. – Amikor a fia született Nagyenyeden ügyvéd volt. Mint honvéd hadbíró szolgálta végig az 1848/49. szabadságharcot, majd álnéven szappangyárat nyitott Kv.-on, ezt a foglalkozást is felcserélte. Mv.-re költözött és Marosszék megyei állatorvossa (1867–) volt haláláig. <br /><strong>Irod.:</strong> Gyászjelentő; M. képzőművészet albuma (Bp.)</br></p>

<p>1816.?, † Mv., 1886. júl. 27.: ügyvéd, állatorvos, főjegyző. – Apja: D. Farkas (1782.?, &#8211; Mv., 1864). Felesége: Gyarmathy V. Rozália. Gyermekeik: Géza, Lenke (1855 – Nagylak, 1896. aug. 2., Mv.-en temették) és Emma. – Amikor a fia született Nagyenyeden ügyvéd volt. Mint honvéd hadbíró szolgálta végig az 1848/49. szabadságharcot, majd álnéven szappangyárat nyitott Kv.-on, ezt [&hellip;]</p>
