{"id":7030,"date":"2025-06-28T18:12:42","date_gmt":"2025-06-28T16:12:42","guid":{"rendered":"https:\/\/uj.adatbank.ro\/lexikon\/termek\/dosa-imre\/"},"modified":"2025-06-28T18:12:42","modified_gmt":"2025-06-28T16:12:42","slug":"dosa-imre","status":"publish","type":"product","link":"https:\/\/uj.adatbank.ro\/lexikon\/termek\/dosa-imre\/","title":{"rendered":"D\u00d3SA Imre"},"content":{"rendered":"<p>Szov\u00e1ta, 1938. szept. 1., \u2020 Szov\u00e1ta, 1987. dec. 28.: munk\u00e1s. \u2013 A m. forradalom megseg\u00edt\u00e9s\u00e9re szervezett csoport tagja volt. Letart\u00f3ztatt\u00e1k (1956. okt. 28\u201329.) \u00e9s a n\u00e9pi demokratikus rendszer elleni mesterked\u00e9s \u00e9s tiltott fegyvertart\u00e1s v\u00e1dj\u00e1val \u00e1ll\u00edtott\u00e1k b\u00edr\u00f3s\u00e1g el\u00e9. A kv.-i Katonai B\u00edr\u00f3s\u00e1g 10 \u00e9vre \u00edt\u00e9lte. Szamos\u00fajv\u00e1ron \u00fclt, onnan szabadult (1963. jan. 29.). Fundatan volt k\u00e9nyszerlakhelyen. Hazat\u00e9rte ut\u00e1n mez\u0151gazdas\u00e1gi g\u00e9p\u00e9szk\u00e9nt, majd az Erd\u00e9szeti Hivataln\u00e1l dolgozott. <br \/><strong>Irod.:<\/strong> 1956 Erd\u00e9lyben; Id\u0151t\u00e1r 4.<\/br><\/p>\n","protected":false},"excerpt":{"rendered":"<p>Szov\u00e1ta, 1938. szept. 1., \u2020 Szov\u00e1ta, 1987. dec. 28.: munk\u00e1s. \u2013 A m. forradalom megseg\u00edt\u00e9s\u00e9re szervezett csoport tagja volt. Letart\u00f3ztatt\u00e1k (1956. okt. 28\u201329.) \u00e9s a n\u00e9pi demokratikus rendszer elleni mesterked\u00e9s \u00e9s tiltott fegyvertart\u00e1s v\u00e1dj\u00e1val \u00e1ll\u00edtott\u00e1k b\u00edr\u00f3s\u00e1g el\u00e9. A kv.-i Katonai B\u00edr\u00f3s\u00e1g 10 \u00e9vre \u00edt\u00e9lte. Szamos\u00fajv\u00e1ron \u00fclt, onnan szabadult (1963. jan. 29.). Fundatan volt k\u00e9nyszerlakhelyen. Hazat\u00e9rte [&hellip;]<\/p>\n","protected":false},"featured_media":0,"comment_status":"open","ping_status":"closed","template":"","meta":[],"product_brand":[],"product_cat":[137],"product_tag":[],"class_list":{"0":"post-7030","1":"product","2":"type-product","3":"status-publish","5":"product_cat-maros-megyei-eletrajzi-lexikon","7":"first","8":"instock","9":"shipping-taxable","10":"product-type-simple"},"_links":{"self":[{"href":"https:\/\/uj.adatbank.ro\/lexikon\/wp-json\/wp\/v2\/product\/7030","targetHints":{"allow":["GET"]}}],"collection":[{"href":"https:\/\/uj.adatbank.ro\/lexikon\/wp-json\/wp\/v2\/product"}],"about":[{"href":"https:\/\/uj.adatbank.ro\/lexikon\/wp-json\/wp\/v2\/types\/product"}],"replies":[{"embeddable":true,"href":"https:\/\/uj.adatbank.ro\/lexikon\/wp-json\/wp\/v2\/comments?post=7030"}],"wp:attachment":[{"href":"https:\/\/uj.adatbank.ro\/lexikon\/wp-json\/wp\/v2\/media?parent=7030"}],"wp:term":[{"taxonomy":"product_brand","embeddable":true,"href":"https:\/\/uj.adatbank.ro\/lexikon\/wp-json\/wp\/v2\/product_brand?post=7030"},{"taxonomy":"product_cat","embeddable":true,"href":"https:\/\/uj.adatbank.ro\/lexikon\/wp-json\/wp\/v2\/product_cat?post=7030"},{"taxonomy":"product_tag","embeddable":true,"href":"https:\/\/uj.adatbank.ro\/lexikon\/wp-json\/wp\/v2\/product_tag?post=7030"}],"curies":[{"name":"wp","href":"https:\/\/api.w.org\/{rel}","templated":true}]}}

DÓSA Imre

<p>Szováta, 1938. szept. 1., † Szováta, 1987. dec. 28.: munkás. – A m. forradalom megsegítésére szervezett csoport tagja volt. Letartóztatták (1956. okt. 28–29.) és a népi demokratikus rendszer elleni mesterkedés és tiltott fegyvertartás vádjával állították bíróság elé. A kv.-i Katonai Bíróság 10 évre ítélte. Szamosújváron ült, onnan szabadult (1963. jan. 29.). Fundatan volt kényszerlakhelyen. Hazatérte után mezőgazdasági gépészként, majd az Erdészeti Hivatalnál dolgozott. <br /><strong>Irod.:</strong> 1956 Erdélyben; Időtár 4.</br></p>

<p>Szováta, 1938. szept. 1., † Szováta, 1987. dec. 28.: munkás. – A m. forradalom megsegítésére szervezett csoport tagja volt. Letartóztatták (1956. okt. 28–29.) és a népi demokratikus rendszer elleni mesterkedés és tiltott fegyvertartás vádjával állították bíróság elé. A kv.-i Katonai Bíróság 10 évre ítélte. Szamosújváron ült, onnan szabadult (1963. jan. 29.). Fundatan volt kényszerlakhelyen. Hazatérte [&hellip;]</p>
