{"id":7031,"date":"2025-06-28T18:12:44","date_gmt":"2025-06-28T16:12:44","guid":{"rendered":"https:\/\/uj.adatbank.ro\/lexikon\/termek\/dosa-istvan\/"},"modified":"2025-06-28T18:12:44","modified_gmt":"2025-06-28T16:12:44","slug":"dosa-istvan","status":"publish","type":"product","link":"https:\/\/uj.adatbank.ro\/lexikon\/termek\/dosa-istvan\/","title":{"rendered":"D\u00d3SA Istv\u00e1n"},"content":{"rendered":"<p>Udvarfalva, 1951. dec. 1., \u2020\u00a0Mv., 2002. jan. 30.: tan\u00e1r. \u2013 Elemi iskol\u00e1t Udvarfalv\u00e1n, k\u00f6z\u00e9piskol\u00e1t a Bolyai L\u00edc.-ban v\u00e9gzett, tanulm\u00e1nyait a mv.-i Testnevel\u00e9si F\u0151iskol\u00e1n folytatta. A magyarkir\u00e1lyfalvi iskol\u00e1ba nevezt\u00e9k ki. M\u00e1riaradn\u00e1n katona \u00e9s tiszti iskol\u00e1t v\u00e9gzett. Sz\u00e1szr\u00e9genben tan\u00edtott (1987\u201389), majd a mv.-i sportiskol\u00e1ban (2000\u2013), a 8-as sz\u00e1m\u00fa iskol\u00e1ban az atl\u00e9tika szaktan\u00e1ra, di\u00e1kjai orsz\u00e1gos versenyeken nyertek. Orsz\u00e1gos eml\u00e9kversenyt rendeznek \u00e9vente Mircea Buhlea, Sz\u00e1sz Albert, D\u00f3sa Istv\u00e1n, Turcu Ioan volt sporttan\u00e1rok, atl\u00e9tikaedz\u0151k eml\u00e9k\u00e9re, a n\u00e9vad\u00f3kr\u00f3l elnevezett eml\u00e9kkup\u00e1kat is \u00e1tadj\u00e1k a nyerteseknek, pl. s\u00falyl\u00f6k\u00e9sben D\u00f3sa Istv\u00e1n-eml\u00e9kkup\u00e1val d\u00edjaztak (2005). <br \/><strong>Irod.:<\/strong> csal\u00e1di inf.; N\u00e9p\u00faj\u00e1g (2005. szept. 26.)<\/br><\/p>\n","protected":false},"excerpt":{"rendered":"<p>Udvarfalva, 1951. dec. 1., \u2020\u00a0Mv., 2002. jan. 30.: tan\u00e1r. \u2013 Elemi iskol\u00e1t Udvarfalv\u00e1n, k\u00f6z\u00e9piskol\u00e1t a Bolyai L\u00edc.-ban v\u00e9gzett, tanulm\u00e1nyait a mv.-i Testnevel\u00e9si F\u0151iskol\u00e1n folytatta. A magyarkir\u00e1lyfalvi iskol\u00e1ba nevezt\u00e9k ki. M\u00e1riaradn\u00e1n katona \u00e9s tiszti iskol\u00e1t v\u00e9gzett. Sz\u00e1szr\u00e9genben tan\u00edtott (1987\u201389), majd a mv.-i sportiskol\u00e1ban (2000\u2013), a 8-as sz\u00e1m\u00fa iskol\u00e1ban az atl\u00e9tika szaktan\u00e1ra, di\u00e1kjai orsz\u00e1gos versenyeken nyertek. Orsz\u00e1gos [&hellip;]<\/p>\n","protected":false},"featured_media":0,"comment_status":"open","ping_status":"closed","template":"","meta":[],"product_brand":[],"product_cat":[137],"product_tag":[],"class_list":{"0":"post-7031","1":"product","2":"type-product","3":"status-publish","5":"product_cat-maros-megyei-eletrajzi-lexikon","7":"first","8":"instock","9":"shipping-taxable","10":"product-type-simple"},"_links":{"self":[{"href":"https:\/\/uj.adatbank.ro\/lexikon\/wp-json\/wp\/v2\/product\/7031","targetHints":{"allow":["GET"]}}],"collection":[{"href":"https:\/\/uj.adatbank.ro\/lexikon\/wp-json\/wp\/v2\/product"}],"about":[{"href":"https:\/\/uj.adatbank.ro\/lexikon\/wp-json\/wp\/v2\/types\/product"}],"replies":[{"embeddable":true,"href":"https:\/\/uj.adatbank.ro\/lexikon\/wp-json\/wp\/v2\/comments?post=7031"}],"wp:attachment":[{"href":"https:\/\/uj.adatbank.ro\/lexikon\/wp-json\/wp\/v2\/media?parent=7031"}],"wp:term":[{"taxonomy":"product_brand","embeddable":true,"href":"https:\/\/uj.adatbank.ro\/lexikon\/wp-json\/wp\/v2\/product_brand?post=7031"},{"taxonomy":"product_cat","embeddable":true,"href":"https:\/\/uj.adatbank.ro\/lexikon\/wp-json\/wp\/v2\/product_cat?post=7031"},{"taxonomy":"product_tag","embeddable":true,"href":"https:\/\/uj.adatbank.ro\/lexikon\/wp-json\/wp\/v2\/product_tag?post=7031"}],"curies":[{"name":"wp","href":"https:\/\/api.w.org\/{rel}","templated":true}]}}

DÓSA István

<p>Udvarfalva, 1951. dec. 1., † Mv., 2002. jan. 30.: tanár. – Elemi iskolát Udvarfalván, középiskolát a Bolyai Líc.-ban végzett, tanulmányait a mv.-i Testnevelési Főiskolán folytatta. A magyarkirályfalvi iskolába nevezték ki. Máriaradnán katona és tiszti iskolát végzett. Szászrégenben tanított (1987–89), majd a mv.-i sportiskolában (2000–), a 8-as számú iskolában az atlétika szaktanára, diákjai országos versenyeken nyertek. Országos emlékversenyt rendeznek évente Mircea Buhlea, Szász Albert, Dósa István, Turcu Ioan volt sporttanárok, atlétikaedzők emlékére, a névadókról elnevezett emlékkupákat is átadják a nyerteseknek, pl. súlylökésben Dósa István-emlékkupával díjaztak (2005). <br /><strong>Irod.:</strong> családi inf.; Népújág (2005. szept. 26.)</br></p>

<p>Udvarfalva, 1951. dec. 1., † Mv., 2002. jan. 30.: tanár. – Elemi iskolát Udvarfalván, középiskolát a Bolyai Líc.-ban végzett, tanulmányait a mv.-i Testnevelési Főiskolán folytatta. A magyarkirályfalvi iskolába nevezték ki. Máriaradnán katona és tiszti iskolát végzett. Szászrégenben tanított (1987–89), majd a mv.-i sportiskolában (2000–), a 8-as számú iskolában az atlétika szaktanára, diákjai országos versenyeken nyertek. Országos [&hellip;]</p>
