{"id":7032,"date":"2025-06-28T18:12:45","date_gmt":"2025-06-28T16:12:45","guid":{"rendered":"https:\/\/uj.adatbank.ro\/lexikon\/termek\/dosa-istvan-makfalvi-primor\/"},"modified":"2025-06-28T18:12:45","modified_gmt":"2025-06-28T16:12:45","slug":"dosa-istvan-makfalvi-primor","status":"publish","type":"product","link":"https:\/\/uj.adatbank.ro\/lexikon\/termek\/dosa-istvan-makfalvi-primor\/","title":{"rendered":"D\u00d3SA Istv\u00e1n, makfalvi primor"},"content":{"rendered":"<p>1885, \u2020\u00a01944. m\u00e1rc. 19. : f\u0151szolgab\u00edr\u00f3. \u2013 \u0150sr\u00e9gi sz\u00e9kely nemesi csal\u00e1db\u00f3l ered a csal\u00e1d nemess\u00e9ge 1635-t\u0151l sz\u00e1rmazik. Feles\u00e9ge: F\u00e1y Elvira (Fels\u0151vis\u00f3, 1889. m\u00e1rc. 31. -Szov\u00e1ta, 1979. nov. 29.) gy\u00f3gyszer\u00e9sz. Fi\u00fak: Andr\u00e1s (1916- Szov\u00e1ta, 2002. szept. 4.: gy\u00f3gyszer\u00e9sz.). \u2013 Tanulm\u00e1nyait Mv.-en, Sopronban \u00e9s a bp.-i Ludovika Akad. -\u00e1n, a jogot Debrecenben v\u00e9gezte. A k\u00f6zigazgat\u00e1s szolg\u00e1lat\u00e1ba l\u00e9pett, mint szolgab\u00edr\u00f3 (1910\u2013), f\u0151isp\u00e1ni titk\u00e1r majd a Marosh\u00e9v\u00edzi Szolgab\u00edr\u00f3i Kirendelts\u00e9g vezet\u0151je (1913\u201316), a r\u00e9geni als\u00f3j\u00e1r\u00e1s f\u0151szolgab\u00edr\u00e1ja (1916\u201319), nyugd\u00edj n\u00e9lk\u00fcl elbocs\u00e1tott\u00e1k. A MP megszervez\u0151je \u00e9s eln\u00f6ke, a sz\u00e1szr\u00e9geni tagozat eln\u00f6ke volt. A v\u00e1laszt\u00e1sok alkalmav\u00e1l (1927) a csend\u0151r\u00f6k elhurcolt\u00e1k \u00e9s megvert\u00e9k, letart\u00f3ztatt\u00e1k \u00e9s hossz\u00fa ideig \u00e1lland\u00f3 megfigyel\u00e9s alatt tartott\u00e1k. <br \/><strong>Irod.:<\/strong> Guly\u00e1s; P\u00e1lmay; Sz\u00e9kelyf\u00f6ld \u00ed. k.<\/br><\/p>\n","protected":false},"excerpt":{"rendered":"<p>1885, \u2020\u00a01944. m\u00e1rc. 19. : f\u0151szolgab\u00edr\u00f3. \u2013 \u0150sr\u00e9gi sz\u00e9kely nemesi csal\u00e1db\u00f3l ered a csal\u00e1d nemess\u00e9ge 1635-t\u0151l sz\u00e1rmazik. Feles\u00e9ge: F\u00e1y Elvira (Fels\u0151vis\u00f3, 1889. m\u00e1rc. 31. -Szov\u00e1ta, 1979. nov. 29.) gy\u00f3gyszer\u00e9sz. Fi\u00fak: Andr\u00e1s (1916- Szov\u00e1ta, 2002. szept. 4.: gy\u00f3gyszer\u00e9sz.). \u2013 Tanulm\u00e1nyait Mv.-en, Sopronban \u00e9s a bp.-i Ludovika Akad. -\u00e1n, a jogot Debrecenben v\u00e9gezte. A k\u00f6zigazgat\u00e1s szolg\u00e1lat\u00e1ba l\u00e9pett, [&hellip;]<\/p>\n","protected":false},"featured_media":0,"comment_status":"open","ping_status":"closed","template":"","meta":[],"product_brand":[],"product_cat":[137],"product_tag":[],"class_list":{"0":"post-7032","1":"product","2":"type-product","3":"status-publish","5":"product_cat-maros-megyei-eletrajzi-lexikon","7":"first","8":"instock","9":"shipping-taxable","10":"product-type-simple"},"_links":{"self":[{"href":"https:\/\/uj.adatbank.ro\/lexikon\/wp-json\/wp\/v2\/product\/7032","targetHints":{"allow":["GET"]}}],"collection":[{"href":"https:\/\/uj.adatbank.ro\/lexikon\/wp-json\/wp\/v2\/product"}],"about":[{"href":"https:\/\/uj.adatbank.ro\/lexikon\/wp-json\/wp\/v2\/types\/product"}],"replies":[{"embeddable":true,"href":"https:\/\/uj.adatbank.ro\/lexikon\/wp-json\/wp\/v2\/comments?post=7032"}],"wp:attachment":[{"href":"https:\/\/uj.adatbank.ro\/lexikon\/wp-json\/wp\/v2\/media?parent=7032"}],"wp:term":[{"taxonomy":"product_brand","embeddable":true,"href":"https:\/\/uj.adatbank.ro\/lexikon\/wp-json\/wp\/v2\/product_brand?post=7032"},{"taxonomy":"product_cat","embeddable":true,"href":"https:\/\/uj.adatbank.ro\/lexikon\/wp-json\/wp\/v2\/product_cat?post=7032"},{"taxonomy":"product_tag","embeddable":true,"href":"https:\/\/uj.adatbank.ro\/lexikon\/wp-json\/wp\/v2\/product_tag?post=7032"}],"curies":[{"name":"wp","href":"https:\/\/api.w.org\/{rel}","templated":true}]}}

DÓSA István, makfalvi primor

<p>1885, † 1944. márc. 19. : főszolgabíró. – Ősrégi székely nemesi családból ered a család nemessége 1635-től származik. Felesége: Fáy Elvira (Felsővisó, 1889. márc. 31. -Szováta, 1979. nov. 29.) gyógyszerész. Fiúk: András (1916- Szováta, 2002. szept. 4.: gyógyszerész.). – Tanulmányait Mv.-en, Sopronban és a bp.-i Ludovika Akad. -án, a jogot Debrecenben végezte. A közigazgatás szolgálatába lépett, mint szolgabíró (1910–), főispáni titkár majd a Maroshévízi Szolgabírói Kirendeltség vezetője (1913–16), a régeni alsójárás főszolgabírája (1916–19), nyugdíj nélkül elbocsátották. A MP megszervezője és elnöke, a szászrégeni tagozat elnöke volt. A választások alkalmavál (1927) a csendőrök elhurcolták és megverték, letartóztatták és hosszú ideig állandó megfigyelés alatt tartották. <br /><strong>Irod.:</strong> Gulyás; Pálmay; Székelyföld í. k.</br></p>

<p>1885, † 1944. márc. 19. : főszolgabíró. – Ősrégi székely nemesi családból ered a család nemessége 1635-től származik. Felesége: Fáy Elvira (Felsővisó, 1889. márc. 31. -Szováta, 1979. nov. 29.) gyógyszerész. Fiúk: András (1916- Szováta, 2002. szept. 4.: gyógyszerész.). – Tanulmányait Mv.-en, Sopronban és a bp.-i Ludovika Akad. -án, a jogot Debrecenben végezte. A közigazgatás szolgálatába lépett, [&hellip;]</p>
