{"id":7040,"date":"2025-06-28T18:13:01","date_gmt":"2025-06-28T16:13:01","guid":{"rendered":"https:\/\/uj.adatbank.ro\/lexikon\/termek\/dosa-lajos\/"},"modified":"2025-06-28T18:13:01","modified_gmt":"2025-06-28T16:13:01","slug":"dosa-lajos","status":"publish","type":"product","link":"https:\/\/uj.adatbank.ro\/lexikon\/termek\/dosa-lajos\/","title":{"rendered":"D\u00d3SA Lajos"},"content":{"rendered":"<p>Mv., 1807., \u2020 Mv., 1880. m\u00e1rc. 12.: \u00fcgyv\u00e9d, prefektus, birtokos. \u2013 D. Gergely fia. Feles\u00e9ge: s\u00f3falvi Ill\u00e9s Anna (1813 \u2013 Mez\u0151-K\u00e1j\u00e1n, 1879. jan. 3.). Gyermekeik: Elek, feles\u00e9ge Cs\u00edki Emma; G\u00e1bor, feles\u00e9ge Bog\u00e1thi Etelka; Nina\/Anna lly\u00e9s S\u00e1ndorn\u00e9; S\u00e1ndor; Ilka G\u00e1l Elekn\u00e9; L\u00e1szl\u00f3; Albert. Feles\u00e9g\u00e9nek els\u0151 f\u00e9rj\u00e9t\u0151l fia: Nov\u00e1k Ede, kinek feles\u00e9ge Cs\u00e1sz\u00e1r R\u00f3za. \u2013 A mv. i Ref. Koll. k\u00f6nyvt\u00e1rosa volt (1829. aug. 20. \u2013 1830. aug. 24). \u2013 <strong>F. m.:<\/strong> <strong>t\u00e1rssz.:<\/strong> Sz\u00edve ki\u00f6ml\u00e9se a\u2019 Maros V\u00e1s\u00e1rhelyi Ref. Koll\u00e9gyomb\u00e9li ifi\u00fas\u00e1g\u00e1nak egy kedves attya hal\u00e1l\u00e1n [Gr. Kem\u00e9ny Mikl\u00f3s]. (Mv., 1829). <br \/><strong>Irod.:<\/strong> Gy\u00e1szjelent\u0151; Koncz 1879; P\u00e1lmay; P\u00e1lmay J\u00f3zsef<\/br><\/p>\n","protected":false},"excerpt":{"rendered":"<p>Mv., 1807., \u2020 Mv., 1880. m\u00e1rc. 12.: \u00fcgyv\u00e9d, prefektus, birtokos. \u2013 D. Gergely fia. Feles\u00e9ge: s\u00f3falvi Ill\u00e9s Anna (1813 \u2013 Mez\u0151-K\u00e1j\u00e1n, 1879. jan. 3.). Gyermekeik: Elek, feles\u00e9ge Cs\u00edki Emma; G\u00e1bor, feles\u00e9ge Bog\u00e1thi Etelka; Nina\/Anna lly\u00e9s S\u00e1ndorn\u00e9; S\u00e1ndor; Ilka G\u00e1l Elekn\u00e9; L\u00e1szl\u00f3; Albert. Feles\u00e9g\u00e9nek els\u0151 f\u00e9rj\u00e9t\u0151l fia: Nov\u00e1k Ede, kinek feles\u00e9ge Cs\u00e1sz\u00e1r R\u00f3za. \u2013 A mv. [&hellip;]<\/p>\n","protected":false},"featured_media":0,"comment_status":"open","ping_status":"closed","template":"","meta":[],"product_brand":[],"product_cat":[137],"product_tag":[],"class_list":{"0":"post-7040","1":"product","2":"type-product","3":"status-publish","5":"product_cat-maros-megyei-eletrajzi-lexikon","7":"first","8":"instock","9":"shipping-taxable","10":"product-type-simple"},"_links":{"self":[{"href":"https:\/\/uj.adatbank.ro\/lexikon\/wp-json\/wp\/v2\/product\/7040","targetHints":{"allow":["GET"]}}],"collection":[{"href":"https:\/\/uj.adatbank.ro\/lexikon\/wp-json\/wp\/v2\/product"}],"about":[{"href":"https:\/\/uj.adatbank.ro\/lexikon\/wp-json\/wp\/v2\/types\/product"}],"replies":[{"embeddable":true,"href":"https:\/\/uj.adatbank.ro\/lexikon\/wp-json\/wp\/v2\/comments?post=7040"}],"wp:attachment":[{"href":"https:\/\/uj.adatbank.ro\/lexikon\/wp-json\/wp\/v2\/media?parent=7040"}],"wp:term":[{"taxonomy":"product_brand","embeddable":true,"href":"https:\/\/uj.adatbank.ro\/lexikon\/wp-json\/wp\/v2\/product_brand?post=7040"},{"taxonomy":"product_cat","embeddable":true,"href":"https:\/\/uj.adatbank.ro\/lexikon\/wp-json\/wp\/v2\/product_cat?post=7040"},{"taxonomy":"product_tag","embeddable":true,"href":"https:\/\/uj.adatbank.ro\/lexikon\/wp-json\/wp\/v2\/product_tag?post=7040"}],"curies":[{"name":"wp","href":"https:\/\/api.w.org\/{rel}","templated":true}]}}

DÓSA Lajos

<p>Mv., 1807., † Mv., 1880. márc. 12.: ügyvéd, prefektus, birtokos. – D. Gergely fia. Felesége: sófalvi Illés Anna (1813 – Mező-Káján, 1879. jan. 3.). Gyermekeik: Elek, felesége Csíki Emma; Gábor, felesége Bogáthi Etelka; Nina/Anna llyés Sándorné; Sándor; Ilka Gál Elekné; László; Albert. Feleségének első férjétől fia: Novák Ede, kinek felesége Császár Róza. – A mv. i Ref. Koll. könyvtárosa volt (1829. aug. 20. – 1830. aug. 24). – <strong>F. m.:</strong> <strong>társsz.:</strong> Szíve kiömlése a’ Maros Vásárhelyi Ref. Kollégyombéli ifiúságának egy kedves attya halálán [Gr. Kemény Miklós]. (Mv., 1829). <br /><strong>Irod.:</strong> Gyászjelentő; Koncz 1879; Pálmay; Pálmay József</br></p>

<p>Mv., 1807., † Mv., 1880. márc. 12.: ügyvéd, prefektus, birtokos. – D. Gergely fia. Felesége: sófalvi Illés Anna (1813 – Mező-Káján, 1879. jan. 3.). Gyermekeik: Elek, felesége Csíki Emma; Gábor, felesége Bogáthi Etelka; Nina/Anna llyés Sándorné; Sándor; Ilka Gál Elekné; László; Albert. Feleségének első férjétől fia: Novák Ede, kinek felesége Császár Róza. – A mv. [&hellip;]</p>
