{"id":7043,"date":"2025-06-28T18:13:06","date_gmt":"2025-06-28T16:13:06","guid":{"rendered":"https:\/\/uj.adatbank.ro\/lexikon\/termek\/dosa-laszlo-makfalvi\/"},"modified":"2025-06-28T18:13:06","modified_gmt":"2025-06-28T16:13:06","slug":"dosa-laszlo-makfalvi","status":"publish","type":"product","link":"https:\/\/uj.adatbank.ro\/lexikon\/termek\/dosa-laszlo-makfalvi\/","title":{"rendered":"D\u00d3SA L\u00e1szl\u00f3, makfalvi"},"content":{"rendered":"<p>1855., \u2020\u00a01917: f\u0151m\u00e9rn\u00f6k, m\u0171szaki tan\u00e1csos. \u2013 Feles\u00e9ge: 1. Nagy Gizella (1858- Mv., 1885. aug. 7.). Gyermekeik: Mariska, Lajos; 2.?? \u2013 A kir. \u00e9p\u00edt\u00e9szeti hivatal f\u0151n\u00f6ke. Tervei alapj\u00e1n k\u00e9sz\u00fclt a f\u0151t\u00e9ri M\u00e9sz\u00e1ros csarnok \u00e9s M\u00e9sz\u00e1ros Ipart\u00e1rsulat sz\u00e9kh\u00e1za (1888). Ref. egyh\u00e1zi tan\u00e1csos (1890\u2013). A v\u00e1ros legnagyobb ad\u00f3fizet\u0151i k\u00f6z\u00e9 tartozott (1913). P\u00f3k\u00e1ban volt birtoka. A mv.-i Kaszin\u00f3 tagja. <br \/><strong>Irod.:<\/strong> Gy\u00e1szjelent\u0151; Id\u0151t\u00e1r 2; P\u00e1lmay; P\u00f3ka<\/br><\/p>\n","protected":false},"excerpt":{"rendered":"<p>1855., \u2020\u00a01917: f\u0151m\u00e9rn\u00f6k, m\u0171szaki tan\u00e1csos. \u2013 Feles\u00e9ge: 1. Nagy Gizella (1858- Mv., 1885. aug. 7.). Gyermekeik: Mariska, Lajos; 2.?? \u2013 A kir. \u00e9p\u00edt\u00e9szeti hivatal f\u0151n\u00f6ke. Tervei alapj\u00e1n k\u00e9sz\u00fclt a f\u0151t\u00e9ri M\u00e9sz\u00e1ros csarnok \u00e9s M\u00e9sz\u00e1ros Ipart\u00e1rsulat sz\u00e9kh\u00e1za (1888). Ref. egyh\u00e1zi tan\u00e1csos (1890\u2013). A v\u00e1ros legnagyobb ad\u00f3fizet\u0151i k\u00f6z\u00e9 tartozott (1913). P\u00f3k\u00e1ban volt birtoka. A mv.-i Kaszin\u00f3 tagja. [&hellip;]<\/p>\n","protected":false},"featured_media":0,"comment_status":"open","ping_status":"closed","template":"","meta":[],"product_brand":[],"product_cat":[137],"product_tag":[],"class_list":{"0":"post-7043","1":"product","2":"type-product","3":"status-publish","5":"product_cat-maros-megyei-eletrajzi-lexikon","7":"first","8":"instock","9":"shipping-taxable","10":"product-type-simple"},"_links":{"self":[{"href":"https:\/\/uj.adatbank.ro\/lexikon\/wp-json\/wp\/v2\/product\/7043","targetHints":{"allow":["GET"]}}],"collection":[{"href":"https:\/\/uj.adatbank.ro\/lexikon\/wp-json\/wp\/v2\/product"}],"about":[{"href":"https:\/\/uj.adatbank.ro\/lexikon\/wp-json\/wp\/v2\/types\/product"}],"replies":[{"embeddable":true,"href":"https:\/\/uj.adatbank.ro\/lexikon\/wp-json\/wp\/v2\/comments?post=7043"}],"wp:attachment":[{"href":"https:\/\/uj.adatbank.ro\/lexikon\/wp-json\/wp\/v2\/media?parent=7043"}],"wp:term":[{"taxonomy":"product_brand","embeddable":true,"href":"https:\/\/uj.adatbank.ro\/lexikon\/wp-json\/wp\/v2\/product_brand?post=7043"},{"taxonomy":"product_cat","embeddable":true,"href":"https:\/\/uj.adatbank.ro\/lexikon\/wp-json\/wp\/v2\/product_cat?post=7043"},{"taxonomy":"product_tag","embeddable":true,"href":"https:\/\/uj.adatbank.ro\/lexikon\/wp-json\/wp\/v2\/product_tag?post=7043"}],"curies":[{"name":"wp","href":"https:\/\/api.w.org\/{rel}","templated":true}]}}

DÓSA László, makfalvi

<p>1855., † 1917: főmérnök, műszaki tanácsos. – Felesége: 1. Nagy Gizella (1858- Mv., 1885. aug. 7.). Gyermekeik: Mariska, Lajos; 2.?? – A kir. építészeti hivatal főnöke. Tervei alapján készült a főtéri Mészáros csarnok és Mészáros Ipartársulat székháza (1888). Ref. egyházi tanácsos (1890–). A város legnagyobb adófizetői közé tartozott (1913). Pókában volt birtoka. A mv.-i Kaszinó tagja. <br /><strong>Irod.:</strong> Gyászjelentő; Időtár 2; Pálmay; Póka</br></p>

<p>1855., † 1917: főmérnök, műszaki tanácsos. – Felesége: 1. Nagy Gizella (1858- Mv., 1885. aug. 7.). Gyermekeik: Mariska, Lajos; 2.?? – A kir. építészeti hivatal főnöke. Tervei alapján készült a főtéri Mészáros csarnok és Mészáros Ipartársulat székháza (1888). Ref. egyházi tanácsos (1890–). A város legnagyobb adófizetői közé tartozott (1913). Pókában volt birtoka. A mv.-i Kaszinó tagja. [&hellip;]</p>
